CREATE TABLE `currencies` (
  `id` bigint(20) UNSIGNED NOT NULL,
  `country_id` bigint(20) UNSIGNED NOT NULL,
  `name` varchar(255) NOT NULL,
  `code` varchar(255) NOT NULL,
  `precision` tinyint(4) NOT NULL DEFAULT 2,
  `symbol` varchar(255) NOT NULL,
  `symbol_native` varchar(255) NOT NULL,
  `symbol_first` tinyint(4) NOT NULL DEFAULT 1,
  `decimal_mark` varchar(1) NOT NULL DEFAULT '.',
  `thousands_separator` varchar(1) NOT NULL DEFAULT ','
) ENGINE=InnoDB DEFAULT CHARSET=utf8 COLLATE=utf8_spanish2_ci;

--
-- Volcado de datos para la tabla `currencies`
--

INSERT INTO `currencies` (`id`, `country_id`, `name`, `code`, `precision`, `symbol`, `symbol_native`, `symbol_first`, `decimal_mark`, `thousands_separator`) VALUES
(1, 1, 'Afghan Afghani', 'AFN', 0, 'Af', '؋', 1, '.', ','),
(2, 2, 'Euro', 'EUR', 2, '€', '€', 1, '.', ','),
(3, 3, 'Albanian Lek', 'ALL', 0, 'ALL', 'Lek', 1, '.', ','),
(4, 4, 'Algerian Dinar', 'DZD', 2, 'DA', 'د.ج.', 1, '.', ','),
(5, 5, 'US Dollar', 'USD', 2, '$', '$', 1, '.', ','),
(6, 6, 'Euro', 'EUR', 2, '€', '€', 1, '.', ','),
(7, 7, 'AOA', 'AOA', 2, 'Kz', 'Kz', 1, '.', ','),
(8, 8, 'XCD', 'XCD', 2, '$', '$', 1, '.', ','),
(9, 9, 'AAD', 'AAD', 2, '$', '$', 1, '.', ','),
(10, 10, 'XCD', 'XCD', 2, '$', '$', 1, '.', ','),
(11, 11, 'Argentine Peso', 'ARS', 2, 'AR$', '$', 1, '.', ','),
(12, 12, 'Armenian Dram', 'AMD', 0, 'AMD', 'դր.', 1, '.', ','),
(13, 13, 'AWG', 'AWG', 2, 'ƒ', 'ƒ', 1, '.', ','),
(14, 14, 'Australian Dollar', 'AUD', 2, 'AU$', '$', 1, '.', ','),
(15, 15, 'Euro', 'EUR', 2, '€', '€', 1, '.', ','),
(16, 16, 'Azerbaijani Manat', 'AZN', 2, 'man.', 'ман.', 1, '.', ','),
(17, 17, 'Bahraini Dinar', 'BHD', 3, 'BD', 'د.ب.', 1, '.', ','),
(18, 18, 'Bangladeshi Taka', 'BDT', 2, 'Tk', '৳', 1, '.', ','),
(19, 19, 'BBD', 'BBD', 2, 'Bds$', 'Bds$', 1, '.', ','),
(20, 20, 'Belarusian Ruble', 'BYN', 2, 'Br', 'руб.', 1, '.', ','),
(21, 21, 'Euro', 'EUR', 2, '€', '€', 1, '.', ','),
(22, 22, 'Belize Dollar', 'BZD', 2, 'BZ$', '$', 1, '.', ','),
(23, 23, 'CFA Franc BCEAO', 'XOF', 0, 'CFA', 'CFA', 1, '.', ','),
(24, 24, 'BMD', 'BMD', 2, '$', '$', 1, '.', ','),
(25, 25, 'BTN', 'BTN', 2, 'Nu.', 'Nu.', 1, '.', ','),
(26, 26, 'Bolivian Boliviano', 'BOB', 2, 'Bs', 'Bs', 1, '.', ','),
(27, 27, 'US Dollar', 'USD', 2, '$', '$', 1, '.', ','),
(28, 28, 'Bosnia-Herzegovina Convertible Mark', 'BAM', 2, 'KM', 'KM', 1, '.', ','),
(29, 29, 'Botswanan Pula', 'BWP', 2, 'BWP', 'P', 1, '.', ','),
(30, 30, 'Norwegian Krone', 'NOK', 2, 'Nkr', 'kr', 1, '.', ','),
(31, 31, 'Brazilian Real', 'BRL', 2, 'R$', 'R$', 1, '.', ','),
(32, 32, 'US Dollar', 'USD', 2, '$', '$', 1, '.', ','),
(33, 33, 'Brunei Dollar', 'BND', 2, 'BN$', '$', 1, '.', ','),
(34, 34, 'Bulgarian Lev', 'BGN', 2, 'BGN', 'лв.', 1, '.', ','),
(35, 35, 'CFA Franc BCEAO', 'XOF', 0, 'CFA', 'CFA', 1, '.', ','),
(36, 36, 'Burundian Franc', 'BIF', 0, 'FBu', 'FBu', 1, '.', ','),
(37, 37, 'Cambodian Riel', 'KHR', 2, 'KHR', '៛', 1, '.', ','),
(38, 38, 'CFA Franc BEAC', 'XAF', 0, 'FCFA', 'FCFA', 1, '.', ','),
(39, 39, 'Canadian Dollar', 'CAD', 2, 'CA$', '$', 1, '.', ','),
(40, 40, 'Cape Verdean Escudo', 'CVE', 2, 'CV$', 'CV$', 1, '.', ','),
(41, 41, 'KYD', 'KYD', 2, '$', '$', 1, '.', ','),
(42, 42, 'CFA Franc BEAC', 'XAF', 0, 'FCFA', 'FCFA', 1, '.', ','),
(43, 43, 'CFA Franc BEAC', 'XAF', 0, 'FCFA', 'FCFA', 1, '.', ','),
(44, 44, 'Chilean Peso', 'CLP', 0, 'CL$', '$', 1, '.', ','),
(45, 45, 'Chinese Yuan', 'CNY', 2, 'CN¥', 'CN¥', 1, '.', ','),
(46, 46, 'Australian Dollar', 'AUD', 2, 'AU$', '$', 1, '.', ','),
(47, 47, 'Australian Dollar', 'AUD', 2, 'AU$', '$', 1, '.', ','),
(48, 48, 'Colombian Peso', 'COP', 0, 'CO$', '$', 1, '.', ','),
(49, 49, 'Comorian Franc', 'KMF', 0, 'CF', 'FC', 1, '.', ','),
(50, 50, 'CFA Franc BEAC', 'XAF', 0, 'FCFA', 'FCFA', 1, '.', ','),
(51, 51, 'New Zealand Dollar', 'NZD', 2, 'NZ$', '$', 1, '.', ','),
(52, 52, 'Costa Rican Colón', 'CRC', 0, '₡', '₡', 1, '.', ','),
(53, 53, 'CFA Franc BCEAO', 'XOF', 0, 'CFA', 'CFA', 1, '.', ','),
(54, 54, 'Euro', 'EUR', 2, '€', '€', 1, '.', ','),
(55, 55, 'CUP', 'CUP', 2, '$', '$', 1, '.', ','),
(56, 56, 'ANG', 'ANG', 2, 'ƒ', 'ƒ', 1, '.', ','),
(57, 57, 'Euro', 'EUR', 2, '€', '€', 1, '.', ','),
(58, 58, 'Czech Republic Koruna', 'CZK', 2, 'Kč', 'Kč', 1, '.', ','),
(59, 59, 'Congolese Franc', 'CDF', 2, 'CDF', 'FrCD', 1, '.', ','),
(60, 60, 'Danish Krone', 'DKK', 2, 'Dkr', 'kr', 1, '.', ','),
(61, 61, 'Djiboutian Franc', 'DJF', 0, 'Fdj', 'Fdj', 1, '.', ','),
(62, 62, 'XCD', 'XCD', 2, '$', '$', 1, '.', ','),
(63, 63, 'Dominican Peso', 'DOP', 2, 'RD$', 'RD$', 1, '.', ','),
(64, 64, 'US Dollar', 'USD', 2, '$', '$', 1, '.', ','),
(65, 65, 'US Dollar', 'USD', 2, '$', '$', 1, '.', ','),
(66, 66, 'Egyptian Pound', 'EGP', 2, 'EGP', 'ج.م.', 1, '.', ','),
(67, 67, 'US Dollar', 'USD', 2, '$', '$', 1, '.', ','),
(68, 68, 'CFA Franc BEAC', 'XAF', 0, 'FCFA', 'FCFA', 1, '.', ','),
(69, 69, 'Eritrean Nakfa', 'ERN', 2, 'Nfk', 'Nfk', 1, '.', ','),
(70, 70, 'Euro', 'EUR', 2, '€', '€', 1, '.', ','),
(71, 71, 'Ethiopian Birr', 'ETB', 2, 'Br', 'Br', 1, '.', ','),
(72, 72, 'FKP', 'FKP', 2, '£', '£', 1, '.', ','),
(73, 73, 'Danish Krone', 'DKK', 2, 'Dkr', 'kr', 1, '.', ','),
(74, 74, 'FJD', 'FJD', 2, 'FJ$', 'FJ$', 1, '.', ','),
(75, 75, 'Euro', 'EUR', 2, '€', '€', 1, '.', ','),
(76, 76, 'Euro', 'EUR', 2, '€', '€', 1, '.', ','),
(77, 77, 'Euro', 'EUR', 2, '€', '€', 1, '.', ','),
(78, 78, 'XPF', 'XPF', 2, '₣', '₣', 1, '.', ','),
(79, 79, 'Euro', 'EUR', 2, '€', '€', 1, '.', ','),
(80, 80, 'CFA Franc BEAC', 'XAF', 0, 'FCFA', 'FCFA', 1, '.', ','),
(81, 81, 'GMD', 'GMD', 2, 'D', 'D', 1, '.', ','),
(82, 82, 'Georgian Lari', 'GEL', 2, 'GEL', 'GEL', 1, '.', ','),
(83, 83, 'Euro', 'EUR', 2, '€', '€', 1, '.', ','),
(84, 84, 'Ghanaian Cedi', 'GHS', 2, 'GH₵', 'GH₵', 1, '.', ','),
(85, 85, 'GIP', 'GIP', 2, '£', '£', 1, '.', ','),
(86, 86, 'Euro', 'EUR', 2, '€', '€', 1, '.', ','),
(87, 87, 'Danish Krone', 'DKK', 2, 'Dkr', 'kr', 1, '.', ','),
(88, 88, 'XCD', 'XCD', 2, '$', '$', 1, '.', ','),
(89, 89, 'Euro', 'EUR', 2, '€', '€', 1, '.', ','),
(90, 90, 'US Dollar', 'USD', 2, '$', '$', 1, '.', ','),
(91, 91, 'Guatemalan Quetzal', 'GTQ', 2, 'GTQ', 'Q', 1, '.', ','),
(92, 92, 'British Pound Sterling', 'GBP', 2, '£', '£', 1, '.', ','),
(93, 93, 'Guinean Franc', 'GNF', 0, 'FG', 'FG', 1, '.', ','),
(94, 94, 'CFA Franc BCEAO', 'XOF', 0, 'CFA', 'CFA', 1, '.', ','),
(95, 95, 'GYD', 'GYD', 2, '$', '$', 1, '.', ','),
(96, 96, 'HTG', 'HTG', 2, 'G', 'G', 1, '.', ','),
(97, 97, 'Australian Dollar', 'AUD', 2, 'AU$', '$', 1, '.', ','),
(98, 98, 'Honduran Lempira', 'HNL', 2, 'HNL', 'L', 1, '.', ','),
(99, 99, 'Hong Kong Dollar', 'HKD', 2, 'HK$', '$', 1, '.', ','),
(100, 100, 'Hungarian Forint', 'HUF', 0, 'Ft', 'Ft', 1, '.', ','),
(101, 101, 'Icelandic Króna', 'ISK', 0, 'Ikr', 'kr', 1, '.', ','),
(102, 102, 'Indian Rupee', 'INR', 2, 'Rs', 'টকা', 1, '.', ','),
(103, 103, 'Indonesian Rupiah', 'IDR', 0, 'Rp', 'Rp', 1, '.', ','),
(104, 104, 'Iranian Rial', 'IRR', 0, 'IRR', '﷼', 1, '.', ','),
(105, 105, 'Iraqi Dinar', 'IQD', 0, 'IQD', 'د.ع.', 1, '.', ','),
(106, 106, 'Euro', 'EUR', 2, '€', '€', 1, '.', ','),
(107, 107, 'Israeli New Sheqel', 'ILS', 2, '₪', '₪', 1, '.', ','),
(108, 108, 'Euro', 'EUR', 2, '€', '€', 1, '.', ','),
(109, 109, 'Jamaican Dollar', 'JMD', 2, 'J$', '$', 1, '.', ','),
(110, 110, 'Japanese Yen', 'JPY', 0, '¥', '￥', 1, '.', ','),
(111, 111, 'British Pound Sterling', 'GBP', 2, '£', '£', 1, '.', ','),
(112, 112, 'Jordanian Dinar', 'JOD', 3, 'JD', 'د.أ.', 1, '.', ','),
(113, 113, 'Kazakhstani Tenge', 'KZT', 2, 'KZT', 'тңг.', 1, '.', ','),
(114, 114, 'Kenyan Shilling', 'KES', 2, 'Ksh', 'Ksh', 1, '.', ','),
(115, 115, 'Australian Dollar', 'AUD', 2, 'AU$', '$', 1, '.', ','),
(116, 116, 'Euro', 'EUR', 2, '€', '€', 1, '.', ','),
(117, 117, 'Kuwaiti Dinar', 'KWD', 3, 'KD', 'د.ك.', 1, '.', ','),
(118, 118, 'KGS', 'KGS', 2, 'лв', 'лв', 1, '.', ','),
(119, 119, 'LAK', 'LAK', 2, '₭', '₭', 1, '.', ','),
(120, 120, 'Euro', 'EUR', 2, '€', '€', 1, '.', ','),
(121, 121, 'Lebanese Pound', 'LBP', 0, 'L.L.', 'ل.ل.', 1, '.', ','),
(122, 122, 'LSL', 'LSL', 2, 'L', 'L', 1, '.', ','),
(123, 123, 'LRD', 'LRD', 2, '$', '$', 1, '.', ','),
(124, 124, 'Libyan Dinar', 'LYD', 3, 'LD', 'د.ل.', 1, '.', ','),
(125, 125, 'Swiss Franc', 'CHF', 2, 'CHF', 'CHF', 1, '.', ','),
(126, 126, 'Euro', 'EUR', 2, '€', '€', 1, '.', ','),
(127, 127, 'Euro', 'EUR', 2, '€', '€', 1, '.', ','),
(128, 128, 'Macanese Pataca', 'MOP', 2, 'MOP$', 'MOP$', 1, '.', ','),
(129, 129, 'Macedonian Denar', 'MKD', 2, 'MKD', 'MKD', 1, '.', ','),
(130, 130, 'Malagasy Ariary', 'MGA', 0, 'MGA', 'MGA', 1, '.', ','),
(131, 131, 'MWK', 'MWK', 2, 'MK', 'MK', 1, '.', ','),
(132, 132, 'Malaysian Ringgit', 'MYR', 2, 'RM', 'RM', 1, '.', ','),
(133, 133, 'MVR', 'MVR', 2, 'Rf', 'Rf', 1, '.', ','),
(134, 134, 'CFA Franc BCEAO', 'XOF', 0, 'CFA', 'CFA', 1, '.', ','),
(135, 135, 'Euro', 'EUR', 2, '€', '€', 1, '.', ','),
(136, 136, 'British Pound Sterling', 'GBP', 2, '£', '£', 1, '.', ','),
(137, 137, 'US Dollar', 'USD', 2, '$', '$', 1, '.', ','),
(138, 138, 'Euro', 'EUR', 2, '€', '€', 1, '.', ','),
(139, 139, 'MRO', 'MRO', 2, 'MRU', 'MRU', 1, '.', ','),
(140, 140, 'Mauritian Rupee', 'MUR', 0, 'MURs', 'MURs', 1, '.', ','),
(141, 141, 'Euro', 'EUR', 2, '€', '€', 1, '.', ','),
(142, 142, 'Mexican Peso', 'MXN', 2, 'MX$', '$', 1, '.', ','),
(143, 143, 'US Dollar', 'USD', 2, '$', '$', 1, '.', ','),
(144, 144, 'Moldovan Leu', 'MDL', 2, 'MDL', 'MDL', 1, '.', ','),
(145, 145, 'Euro', 'EUR', 2, '€', '€', 1, '.', ','),
(146, 146, 'MNT', 'MNT', 2, '₮', '₮', 1, '.', ','),
(147, 147, 'Euro', 'EUR', 2, '€', '€', 1, '.', ','),
(148, 148, 'XCD', 'XCD', 2, '$', '$', 1, '.', ','),
(149, 149, 'Moroccan Dirham', 'MAD', 2, 'MAD', 'د.م.', 1, '.', ','),
(150, 150, 'Mozambican Metical', 'MZN', 2, 'MTn', 'MTn', 1, '.', ','),
(151, 151, 'Myanma Kyat', 'MMK', 0, 'MMK', 'K', 1, '.', ','),
(152, 152, 'Namibian Dollar', 'NAD', 2, 'N$', 'N$', 1, '.', ','),
(153, 153, 'Australian Dollar', 'AUD', 2, 'AU$', '$', 1, '.', ','),
(154, 154, 'Nepalese Rupee', 'NPR', 2, 'NPRs', 'नेरू', 1, '.', ','),
(155, 155, 'Euro', 'EUR', 2, '€', '€', 1, '.', ','),
(156, 156, 'XPF', 'XPF', 2, '₣', '₣', 1, '.', ','),
(157, 157, 'New Zealand Dollar', 'NZD', 2, 'NZ$', '$', 1, '.', ','),
(158, 158, 'Nicaraguan Córdoba', 'NIO', 2, 'C$', 'C$', 1, '.', ','),
(159, 159, 'CFA Franc BCEAO', 'XOF', 0, 'CFA', 'CFA', 1, '.', ','),
(160, 160, 'Nigerian Naira', 'NGN', 2, '₦', '₦', 1, '.', ','),
(161, 161, 'New Zealand Dollar', 'NZD', 2, 'NZ$', '$', 1, '.', ','),
(162, 162, 'Australian Dollar', 'AUD', 2, 'AU$', '$', 1, '.', ','),
(163, 163, 'KPW', 'KPW', 2, '₩', '₩', 1, '.', ','),
(164, 164, 'US Dollar', 'USD', 2, '$', '$', 1, '.', ','),
(165, 165, 'Norwegian Krone', 'NOK', 2, 'Nkr', 'kr', 1, '.', ','),
(166, 166, 'Omani Rial', 'OMR', 3, 'OMR', 'ر.ع.', 1, '.', ','),
(167, 167, 'Pakistani Rupee', 'PKR', 0, 'PKRs', '₨', 1, '.', ','),
(168, 168, 'US Dollar', 'USD', 2, '$', '$', 1, '.', ','),
(169, 169, 'Israeli New Sheqel', 'ILS', 2, '₪', '₪', 1, '.', ','),
(170, 170, 'Panamanian Balboa', 'PAB', 2, 'B/.', 'B/.', 1, '.', ','),
(171, 171, 'PGK', 'PGK', 2, 'K', 'K', 1, '.', ','),
(172, 172, 'Paraguayan Guarani', 'PYG', 0, '₲', '₲', 1, '.', ','),
(173, 173, 'Peruvian Nuevo Sol', 'PEN', 2, 'S/.', 'S/.', 1, '.', ','),
(174, 174, 'Philippine Peso', 'PHP', 2, '₱', '₱', 1, '.', ','),
(175, 175, 'New Zealand Dollar', 'NZD', 2, 'NZ$', '$', 1, '.', ','),
(176, 176, 'Polish Zloty', 'PLN', 2, 'zł', 'zł', 1, '.', ','),
(177, 177, 'Euro', 'EUR', 2, '€', '€', 1, '.', ','),
(178, 178, 'US Dollar', 'USD', 2, '$', '$', 1, '.', ','),
(179, 179, 'Qatari Rial', 'QAR', 2, 'QR', 'ر.ق.', 1, '.', ','),
(180, 180, 'Euro', 'EUR', 2, '€', '€', 1, '.', ','),
(181, 181, 'Romanian Leu', 'RON', 2, 'RON', 'RON', 1, '.', ','),
(182, 182, 'Russian Ruble', 'RUB', 2, 'RUB', '₽.', 1, '.', ','),
(183, 183, 'Rwandan Franc', 'RWF', 0, 'RWF', 'FR', 1, '.', ','),
(184, 184, 'SHP', 'SHP', 2, '£', '£', 1, '.', ','),
(185, 185, 'XCD', 'XCD', 2, '$', '$', 1, '.', ','),
(186, 186, 'XCD', 'XCD', 2, '$', '$', 1, '.', ','),
(187, 187, 'Euro', 'EUR', 2, '€', '€', 1, '.', ','),
(188, 188, 'XCD', 'XCD', 2, '$', '$', 1, '.', ','),
(189, 189, 'Euro', 'EUR', 2, '€', '€', 1, '.', ','),
(190, 190, 'Euro', 'EUR', 2, '€', '€', 1, '.', ','),
(191, 191, 'WST', 'WST', 2, 'SAT', 'SAT', 1, '.', ','),
(192, 192, 'Euro', 'EUR', 2, '€', '€', 1, '.', ','),
(193, 193, 'STD', 'STD', 2, 'Db', 'Db', 1, '.', ','),
(194, 194, 'Saudi Riyal', 'SAR', 2, 'SR', 'ر.س.', 1, '.', ','),
(195, 195, 'CFA Franc BCEAO', 'XOF', 0, 'CFA', 'CFA', 1, '.', ','),
(196, 196, 'Serbian Dinar', 'RSD', 0, 'din.', 'дин.', 1, '.', ','),
(197, 197, 'SCR', 'SCR', 2, 'SRe', 'SRe', 1, '.', ','),
(198, 198, 'SLL', 'SLL', 2, 'Le', 'Le', 1, '.', ','),
(199, 199, 'Singapore Dollar', 'SGD', 2, 'S$', '$', 1, '.', ','),
(200, 200, 'ANG', 'ANG', 2, 'ƒ', 'ƒ', 1, '.', ','),
(201, 201, 'Euro', 'EUR', 2, '€', '€', 1, '.', ','),
(202, 202, 'Euro', 'EUR', 2, '€', '€', 1, '.', ','),
(203, 203, 'SBD', 'SBD', 2, 'Si$', 'Si$', 1, '.', ','),
(204, 204, 'Somali Shilling', 'SOS', 0, 'Ssh', 'Ssh', 1, '.', ','),
(205, 205, 'South African Rand', 'ZAR', 2, 'R', 'R', 1, '.', ','),
(206, 206, 'British Pound Sterling', 'GBP', 2, '£', '£', 1, '.', ','),
(207, 207, 'South Korean Won', 'KRW', 0, '₩', '₩', 1, '.', ','),
(208, 208, 'SSP', 'SSP', 2, '£', '£', 1, '.', ','),
(209, 209, 'Euro', 'EUR', 2, '€', '€', 1, '.', ','),
(210, 210, 'Sri Lankan Rupee', 'LKR', 2, 'SLRs', 'SL Re', 1, '.', ','),
(211, 211, 'Sudanese Pound', 'SDG', 2, 'SDG', 'SDG', 1, '.', ','),
(212, 212, 'SRD', 'SRD', 2, '$', '$', 1, '.', ','),
(213, 213, 'Norwegian Krone', 'NOK', 2, 'Nkr', 'kr', 1, '.', ','),
(214, 214, 'SZL', 'SZL', 2, 'E', 'E', 1, '.', ','),
(215, 215, 'Swedish Krona', 'SEK', 2, 'Skr', 'kr', 1, '.', ','),
(216, 216, 'Swiss Franc', 'CHF', 2, 'CHF', 'CHF', 1, '.', ','),
(217, 217, 'Syrian Pound', 'SYP', 0, 'SY£', 'ل.س.', 1, '.', ','),
(218, 218, 'New Taiwan Dollar', 'TWD', 2, 'NT$', 'NT$', 1, '.', ','),
(219, 219, 'TJS', 'TJS', 2, 'SM', 'SM', 1, '.', ','),
(220, 220, 'Tanzanian Shilling', 'TZS', 0, 'TSh', 'TSh', 1, '.', ','),
(221, 221, 'Thai Baht', 'THB', 2, '฿', '฿', 1, '.', ','),
(222, 222, 'BSD', 'BSD', 2, 'B$', 'B$', 1, '.', ','),
(223, 223, 'CFA Franc BCEAO', 'XOF', 0, 'CFA', 'CFA', 1, '.', ','),
(224, 224, 'New Zealand Dollar', 'NZD', 2, 'NZ$', '$', 1, '.', ','),
(225, 225, 'Tongan Paʻanga', 'TOP', 2, 'T$', 'T$', 1, '.', ','),
(226, 226, 'Trinidad and Tobago Dollar', 'TTD', 2, 'TT$', '$', 1, '.', ','),
(227, 227, 'Tunisian Dinar', 'TND', 3, 'DT', 'د.ت.', 1, '.', ','),
(228, 228, 'Turkish Lira', 'TRY', 2, 'TL', '₺', 1, '.', ','),
(229, 229, 'TMT', 'TMT', 2, 'T', 'T', 1, '.', ','),
(230, 230, 'US Dollar', 'USD', 2, '$', '$', 1, '.', ','),
(231, 231, 'Australian Dollar', 'AUD', 2, 'AU$', '$', 1, '.', ','),
(232, 232, 'Ugandan Shilling', 'UGX', 0, 'USh', 'USh', 1, '.', ','),
(233, 233, 'Ukrainian Hryvnia', 'UAH', 2, '₴', '₴', 1, '.', ','),
(234, 234, 'United Arab Emirates Dirham', 'AED', 2, 'AED', 'د.إ.', 1, '.', ','),
(235, 235, 'British Pound Sterling', 'GBP', 2, '£', '£', 1, '.', ','),
(236, 236, 'US Dollar', 'USD', 2, '$', '$', 1, '.', ','),
(237, 237, 'US Dollar', 'USD', 2, '$', '$', 1, '.', ','),
(238, 238, 'Uruguayan Peso', 'UYU', 2, '$U', '$', 1, '.', ','),
(239, 239, 'Uzbekistan Som', 'UZS', 0, 'UZS', 'UZS', 1, '.', ','),
(240, 240, 'VUV', 'VUV', 2, 'VT', 'VT', 1, '.', ','),
(241, 241, 'Euro', 'EUR', 2, '€', '€', 1, '.', ','),
(242, 242, 'Venezuelan Bolívar', 'VEF', 2, 'Bs.F.', 'Bs.F.', 1, '.', ','),
(243, 243, 'Vietnamese Dong', 'VND', 0, '₫', '₫', 1, '.', ','),
(244, 244, 'US Dollar', 'USD', 2, '$', '$', 1, '.', ','),
(245, 245, 'US Dollar', 'USD', 2, '$', '$', 1, '.', ','),
(246, 246, 'XPF', 'XPF', 2, '₣', '₣', 1, '.', ','),
(247, 247, 'Moroccan Dirham', 'MAD', 2, 'MAD', 'د.م.', 1, '.', ','),
(248, 248, 'Yemeni Rial', 'YER', 0, 'YR', 'ر.ي.', 1, '.', ','),
(249, 249, 'ZMW', 'ZMW', 2, 'ZK', 'ZK', 1, '.', ','),
(250, 250, 'Zimbabwean Dollar', 'ZWL', 0, 'ZWL$', 'ZWL$', 1, '.', ',');

-- --------------------------------------------------------

--
-- Estructura de tabla para la tabla `elemendevolucions`
--

CREATE TABLE `elemendevolucions` (
  `id` bigint(20) UNSIGNED NOT NULL,
  `elemento_id` bigint(20) UNSIGNED NOT NULL,
  `trabajador_id` bigint(20) UNSIGNED NOT NULL,
  `cantidad` bigint(20) NOT NULL,
  `recibido_por` bigint(20) UNSIGNED NOT NULL,
  `folio` bigint(20) UNSIGNED NOT NULL,
  `fecha` date NOT NULL,
  `condicion` varchar(120) NOT NULL,
  `baja_por` varchar(60) DEFAULT NULL,
  `fecha_baja` date DEFAULT NULL,
  `estado` int(11) NOT NULL DEFAULT 1,
  `created_at` timestamp NULL DEFAULT NULL,
  `updated_at` timestamp NULL DEFAULT NULL
) ENGINE=InnoDB DEFAULT CHARSET=utf8 COLLATE=utf8_spanish2_ci;

-- --------------------------------------------------------

--
-- Estructura de tabla para la tabla `elementos`
--

CREATE TABLE `elementos` (
  `id` bigint(20) UNSIGNED NOT NULL,
  `nombre` varchar(80) NOT NULL,
  `catelemento_id` bigint(20) UNSIGNED NOT NULL,
  `codigo` varchar(12) NOT NULL,
  `barcode` varchar(20) DEFAULT NULL,
  `unidad` varchar(30) NOT NULL,
  `stock_inicial` int(11) NOT NULL,
  `stock_actual` int(11) NOT NULL,
  `stock_critico` int(11) NOT NULL,
  `ultimo_costo` bigint(20) NOT NULL,
  `ultimo_ingreso` date NOT NULL,
  `nuevas` int(11) NOT NULL DEFAULT 0,
  `usadas` int(11) NOT NULL DEFAULT 0,
  `disponible` int(11) NOT NULL DEFAULT 0,
  `prestada` int(11) NOT NULL DEFAULT 0,
  `dañada` int(11) NOT NULL DEFAULT 0,
  `en_reparacion` int(11) NOT NULL DEFAULT 0,
  `de_baja` int(11) NOT NULL DEFAULT 0,
  `vendida` int(11) NOT NULL DEFAULT 0,
  `ingresado_por` bigint(20) UNSIGNED NOT NULL,
  `baja_por` varchar(60) DEFAULT NULL,
  `condicion` varchar(20) DEFAULT NULL,
  `estado` int(11) NOT NULL DEFAULT 1,
  `created_at` timestamp NULL DEFAULT NULL,
  `updated_at` timestamp NULL DEFAULT NULL
) ENGINE=InnoDB DEFAULT CHARSET=utf8 COLLATE=utf8_spanish2_ci;

--
-- Volcado de datos para la tabla `elementos`
--

INSERT INTO `elementos` (`id`, `nombre`, `catelemento_id`, `codigo`, `barcode`, `unidad`, `stock_inicial`, `stock_actual`, `stock_critico`, `ultimo_costo`, `ultimo_ingreso`, `nuevas`, `usadas`, `disponible`, `prestada`, `dañada`, `en_reparacion`, `de_baja`, `vendida`, `ingresado_por`, `baja_por`, `condicion`, `estado`, `created_at`, `updated_at`) VALUES
(1, 'explicabo', 1, '040-080-712', '6151607103886', 'pares', 13, 19, 15, 2289, '2025-04-27', 3, 3, 6, 5, 6, 4, 2, 3, 1, NULL, 'nuevo', 1, '2025-04-30 21:02:28', '2025-04-30 21:02:28'),
(2, 'veniam', 5, '040-070-1052', '2526446716599', 'tinetas', 19, 19, 15, 8820, '2025-04-25', 5, 5, 2, 5, 3, 3, 5, 6, 1, NULL, 'usado con fallas', 1, '2025-04-30 21:02:28', '2025-04-30 21:02:28'),
(3, 'ipsum', 8, '040-040-144', '4619446685649', 'M2', 24, 22, 12, 6209, '2025-04-25', 3, 4, 1, 3, 3, 6, 1, 1, 1, NULL, 'usado sin detalles', 1, '2025-04-30 21:02:28', '2025-04-30 21:02:28'),
(4, 'necessitatibus', 3, '040-030-326', '0848766876039', 'cajas', 24, 47, 15, 5963, '2025-04-27', 4, 3, 6, 5, 5, 6, 4, 6, 1, NULL, 'usado con detalles', 1, '2025-04-30 21:02:28', '2025-04-30 21:02:28'),
(5, 'aut', 6, '040-020-1349', '0145597862997', 'mm', 18, 40, 18, 2056, '2025-04-25', 6, 8, 4, 2, 6, 2, 6, 3, 1, NULL, 'usado sin detalles', 1, '2025-04-30 21:02:28', '2025-04-30 21:02:28'),
(6, 'ratione', 5, '040-040-2133', '9688502497552', 'rollos', 11, 24, 18, 6904, '2025-04-29', 4, 2, 2, 4, 5, 5, 2, 6, 1, NULL, 'usado con detalles', 1, '2025-04-30 21:02:28', '2025-04-30 21:02:28'),
(7, 'aliquam', 5, '040-010-2228', '4356181716329', 'tarros', 28, 35, 11, 9988, '2025-04-28', 7, 4, 4, 2, 5, 3, 1, 3, 1, NULL, 'nuevo', 1, '2025-04-30 21:02:28', '2025-04-30 21:02:28'),
(8, 'saepe', 5, '040-080-1723', '6597171048992', 'dispensadores', 21, 20, 16, 9139, '2025-04-25', 6, 4, 5, 3, 6, 5, 5, 1, 1, NULL, 'usado con fallas', 1, '2025-04-30 21:02:28', '2025-04-30 21:02:28'),
(9, 'perferendis', 3, '040-020-218', '6628205431760', 'Kg', 5, 33, 15, 4714, '2025-04-25', 3, 4, 3, 2, 6, 4, 3, 5, 1, NULL, 'nuevo', 1, '2025-04-30 21:02:28', '2025-04-30 21:02:28'),
(10, 'repudiandae', 1, '040-030-1837', '4782346097420', 'cajas', 24, 31, 20, 6490, '2025-04-29', 2, 7, 4, 1, 3, 2, 5, 6, 1, NULL, 'usado con fallas', 1, '2025-04-30 21:02:28', '2025-04-30 21:02:28'),
(11, 'molestiae', 4, '040-010-2052', '9384394436524', 'tiras', 28, 42, 12, 3961, '2025-04-24', 3, 3, 4, 6, 3, 5, 5, 6, 1, NULL, 'usado sin detalles', 1, '2025-04-30 21:02:28', '2025-04-30 21:02:28'),
(12, 'veniam', 4, '040-020-1894', '3819949241026', 'cuarto de galones', 22, 37, 16, 9634, '2025-04-25', 3, 6, 4, 3, 5, 3, 2, 5, 1, NULL, 'usado con fallas', 1, '2025-04-30 21:02:28', '2025-04-30 21:02:28'),
(13, 'delectus', 8, '040-070-2415', '9188702390795', 'cajas', 22, 32, 15, 3245, '2025-04-27', 3, 7, 2, 5, 4, 6, 2, 2, 1, NULL, 'usado con fallas', 1, '2025-04-30 21:02:28', '2025-04-30 21:02:28'),
(14, 'doloremque', 7, '040-030-1471', '9268091635391', 'bolsas', 24, 48, 11, 9617, '2025-04-29', 4, 7, 6, 5, 2, 2, 4, 3, 1, NULL, 'usado con detalles', 1, '2025-04-30 21:02:29', '2025-04-30 21:02:29'),
(15, 'quod', 1, '040-050-852', '4242479117650', 'Lt', 11, 44, 20, 3466, '2025-04-29', 7, 3, 5, 4, 6, 3, 1, 4, 1, NULL, 'usado sin detalles', 1, '2025-04-30 21:02:29', '2025-04-30 21:02:29'),
(16, 'quo', 6, '040-050-113', '4159388046622', 'rollos', 16, 44, 13, 7261, '2025-04-30', 3, 8, 6, 3, 5, 4, 5, 2, 1, NULL, 'nuevo', 1, '2025-04-30 21:02:29', '2025-04-30 21:02:29'),
(17, 'temporibus', 1, '040-090-371', '9798368729534', 'paquetes', 30, 33, 17, 7037, '2025-04-25', 2, 4, 6, 1, 4, 4, 1, 1, 1, NULL, 'usado con detalles', 1, '2025-04-30 21:02:29', '2025-04-30 21:02:29'),
(18, 'sed', 10, '040-030-1983', '3857603929316', 'pares', 15, 24, 20, 2325, '2025-04-28', 6, 8, 4, 1, 4, 4, 6, 2, 1, NULL, 'usado con fallas', 1, '2025-04-30 21:02:29', '2025-04-30 21:02:29'),
(19, 'cum', 10, '040-070-1788', '4663724455011', 'mm', 22, 38, 11, 7558, '2025-04-30', 7, 3, 4, 2, 4, 2, 1, 2, 1, NULL, 'usado con fallas', 1, '2025-04-30 21:02:29', '2025-04-30 21:02:29'),
(20, 'et', 6, '040-030-2237', '0480028106753', 'rollos', 17, 48, 12, 3779, '2025-04-25', 7, 3, 5, 5, 4, 3, 1, 1, 1, NULL, 'usado con detalles', 1, '2025-04-30 21:02:29', '2025-04-30 21:02:29'),
(21, 'accusamus', 1, '040-030-1175', '2540102660064', 'Lt', 29, 17, 11, 8483, '2025-04-29', 5, 7, 5, 2, 5, 5, 3, 4, 1, NULL, 'usado sin detalles', 1, '2025-04-30 21:02:29', '2025-04-30 21:02:29'),
(22, 'et', 8, '040-020-116', '0319441654841', 'M3', 20, 38, 18, 7560, '2025-04-27', 4, 4, 5, 5, 6, 2, 2, 5, 1, NULL, 'usado con fallas', 1, '2025-04-30 21:02:29', '2025-04-30 21:02:29'),
(23, 'veniam', 7, '040-030-2488', '8931524719494', 'M', 24, 41, 19, 8158, '2025-04-26', 6, 8, 6, 1, 4, 4, 3, 6, 1, NULL, 'usado sin detalles', 1, '2025-04-30 21:02:29', '2025-04-30 21:02:29'),
(24, 'et', 1, '040-010-2309', '6494589995705', 'gr', 8, 38, 20, 4051, '2025-04-26', 6, 4, 2, 6, 1, 4, 3, 6, 1, NULL, 'usado con fallas', 1, '2025-04-30 21:02:29', '2025-04-30 21:02:29'),
(25, 'at', 7, '040-040-1491', '1775255121785', 'galones', 23, 24, 13, 5958, '2025-04-27', 3, 3, 3, 4, 5, 6, 6, 3, 1, NULL, 'nuevo', 1, '2025-04-30 21:02:29', '2025-04-30 21:02:29'),
(26, 'molestiae', 8, '040-090-761', '2197025546007', 'galones', 25, 24, 18, 6014, '2025-04-25', 6, 3, 3, 1, 1, 3, 2, 1, 1, NULL, 'nuevo', 1, '2025-04-30 21:02:29', '2025-04-30 21:02:29'),
(27, 'magni', 3, '040-020-1294', '8348457533880', 'Lt', 30, 16, 16, 7760, '2025-04-24', 5, 6, 1, 3, 4, 3, 1, 3, 1, NULL, 'usado sin detalles', 1, '2025-04-30 21:02:29', '2025-04-30 21:02:29'),
(28, 'sed', 8, '040-080-2407', '2056786721897', 'sacos', 17, 48, 13, 5643, '2025-04-29', 5, 3, 5, 2, 4, 3, 5, 1, 1, NULL, 'usado con fallas', 1, '2025-04-30 21:02:29', '2025-04-30 21:02:29'),
(29, 'est', 2, '040-080-433', '8200454140174', 'sacos', 16, 43, 19, 1864, '2025-04-30', 6, 2, 2, 2, 5, 3, 5, 6, 1, NULL, 'nuevo', 1, '2025-04-30 21:02:29', '2025-04-30 21:02:29'),
(30, 'aut', 8, '040-080-2404', '4146115089427', 'sacos', 19, 40, 16, 8660, '2025-04-26', 2, 6, 1, 3, 3, 5, 4, 5, 1, NULL, 'usado con detalles', 1, '2025-04-30 21:02:29', '2025-04-30 21:02:29'),
(31, 'reprehenderit', 9, '040-100-939', '7089281668591', 'M2', 9, 44, 16, 4026, '2025-04-27', 3, 3, 1, 3, 1, 4, 2, 3, 1, NULL, 'usado con fallas', 1, '2025-04-30 21:02:29', '2025-04-30 21:02:29'),
(32, 'labore', 4, '040-080-1542', '7949918437313', 'tarros', 12, 31, 15, 4815, '2025-04-25', 5, 8, 3, 5, 2, 1, 6, 6, 1, NULL, 'usado sin detalles', 1, '2025-04-30 21:02:29', '2025-04-30 21:02:29'),
(33, 'voluptatibus', 9, '040-040-420', '4093007225305', 'cuarto de galones', 16, 45, 12, 6273, '2025-04-25', 6, 4, 1, 5, 5, 2, 5, 4, 1, NULL, 'usado sin detalles', 1, '2025-04-30 21:02:29', '2025-04-30 21:02:29'),
(34, 'odit', 8, '040-020-1490', '4611708293647', 'cajas', 25, 41, 11, 1656, '2025-04-29', 5, 5, 3, 3, 2, 5, 3, 4, 1, NULL, 'usado con detalles', 1, '2025-04-30 21:02:29', '2025-04-30 21:02:29'),
(35, 'molestiae', 7, '040-030-1549', '5193596214007', 'tinetas', 5, 33, 16, 6961, '2025-04-27', 8, 4, 3, 6, 1, 2, 6, 6, 1, NULL, 'usado con detalles', 1, '2025-04-30 21:02:29', '2025-04-30 21:02:29'),
(36, 'autem', 10, '040-040-1384', '4434620867792', 'cuarto de galones', 9, 27, 18, 9645, '2025-04-29', 4, 5, 3, 6, 1, 5, 4, 5, 1, NULL, 'nuevo', 1, '2025-04-30 21:02:29', '2025-04-30 21:02:29'),
(37, 'quibusdam', 6, '040-050-905', '3570046537367', 'tiras', 8, 17, 20, 1147, '2025-04-25', 6, 3, 3, 4, 5, 6, 1, 4, 1, NULL, 'usado sin detalles', 1, '2025-04-30 21:02:29', '2025-04-30 21:02:29'),
(38, 'ut', 6, '040-090-316', '0211158358893', 'tiras', 15, 29, 16, 5885, '2025-04-25', 7, 3, 5, 2, 4, 4, 1, 6, 1, NULL, 'usado sin detalles', 1, '2025-04-30 21:02:29', '2025-04-30 21:02:29'),
(39, 'eum', 7, '040-070-2492', '3272072449569', 'gr', 22, 15, 15, 2685, '2025-04-28', 7, 3, 5, 1, 2, 2, 2, 1, 1, NULL, 'nuevo', 1, '2025-04-30 21:02:29', '2025-04-30 21:02:29'),
(40, 'qui', 1, '040-090-1545', '3307331335892', 'paquetes', 24, 41, 20, 9815, '2025-04-23', 6, 8, 6, 2, 3, 6, 4, 6, 1, NULL, 'usado sin detalles', 1, '2025-04-30 21:02:29', '2025-04-30 21:02:29'),
(41, 'animi', 2, '040-010-77', '0173167011483', 'sacos', 12, 26, 18, 4976, '2025-04-29', 8, 2, 4, 3, 4, 2, 3, 5, 1, NULL, 'usado con detalles', 1, '2025-04-30 21:02:29', '2025-04-30 21:02:29'),
(42, 'facere', 6, '040-050-1077', '3024367182916', 'paquetes', 16, 24, 17, 4652, '2025-04-24', 3, 5, 4, 3, 4, 6, 3, 3, 1, NULL, 'usado con fallas', 1, '2025-04-30 21:02:29', '2025-04-30 21:02:29'),
(43, 'aut', 7, '040-020-1262', '3675224555017', 'gr', 5, 44, 13, 9891, '2025-04-28', 5, 6, 1, 1, 3, 5, 5, 4, 1, NULL, 'usado sin detalles', 1, '2025-04-30 21:02:29', '2025-04-30 21:02:29'),
(44, 'cumque', 8, '040-030-1657', '0015074812831', 'rollos', 15, 41, 19, 2988, '2025-04-27', 4, 5, 1, 2, 6, 4, 2, 5, 1, NULL, 'usado con detalles', 1, '2025-04-30 21:02:29', '2025-04-30 21:02:29'),
(45, 'hic', 4, '040-080-1969', '9244752427178', 'cuarto de galones', 21, 28, 18, 9778, '2025-04-29', 7, 6, 2, 4, 5, 1, 2, 6, 1, NULL, 'usado sin detalles', 1, '2025-04-30 21:02:29', '2025-04-30 21:02:29'),
(46, 'voluptatem', 4, '040-030-2333', '6609934112816', 'pares', 24, 40, 18, 5949, '2025-04-29', 3, 8, 5, 6, 4, 5, 2, 1, 1, NULL, 'usado con fallas', 1, '2025-04-30 21:02:29', '2025-04-30 21:02:29'),
(47, 'earum', 3, '040-060-666', '4571567448537', 'dispensadores', 23, 27, 14, 2209, '2025-04-25', 2, 8, 6, 1, 3, 5, 5, 4, 1, NULL, 'nuevo', 1, '2025-04-30 21:02:30', '2025-04-30 21:02:30'),
(48, 'optio', 8, '040-100-900', '3507651708639', 'cm', 30, 29, 10, 2799, '2025-04-27', 2, 4, 3, 1, 2, 5, 1, 3, 1, NULL, 'usado con detalles', 1, '2025-04-30 21:02:30', '2025-04-30 21:02:30'),
(49, 'ad', 8, '040-030-833', '9255321322015', 'tinetas', 18, 34, 13, 4604, '2025-04-25', 3, 7, 6, 6, 2, 3, 2, 1, 1, NULL, 'usado con detalles', 1, '2025-04-30 21:02:30', '2025-04-30 21:02:30'),
(50, 'sed', 5, '040-070-2055', '5012689828849', 'cuarto de galones', 15, 28, 19, 5462, '2025-04-29', 4, 2, 3, 3, 1, 3, 4, 6, 1, NULL, 'usado sin detalles', 1, '2025-04-30 21:02:30', '2025-04-30 21:02:30'),
(51, 'dicta', 8, '040-100-93', '0059830970540', 'mm', 22, 32, 15, 1737, '2025-04-25', 8, 8, 4, 4, 3, 1, 5, 6, 1, NULL, 'usado con detalles', 1, '2025-04-30 21:02:30', '2025-04-30 21:02:30'),
(52, 'et', 2, '040-100-2294', '0912425898578', 'pares', 27, 41, 16, 9207, '2025-04-28', 8, 6, 3, 6, 6, 5, 3, 1, 1, NULL, 'nuevo', 1, '2025-04-30 21:02:30', '2025-04-30 21:02:30'),
(53, 'deserunt', 10, '040-060-975', '8175473195897', 'cajas', 18, 32, 10, 7257, '2025-04-23', 7, 6, 4, 1, 4, 1, 4, 4, 1, NULL, 'usado con fallas', 1, '2025-04-30 21:02:30', '2025-04-30 21:02:30'),
(54, 'dolor', 8, '040-080-1637', '4998396731355', 'dispensadores', 17, 38, 20, 2381, '2025-04-28', 6, 2, 4, 4, 5, 4, 5, 3, 1, NULL, 'nuevo', 1, '2025-04-30 21:02:30', '2025-04-30 21:02:30'),
(55, 'a', 10, '040-040-1641', '2214325710713', 'media tinetas', 6, 42, 20, 7316, '2025-04-25', 3, 6, 3, 2, 2, 5, 4, 1, 1, NULL, 'usado sin detalles', 1, '2025-04-30 21:02:30', '2025-04-30 21:02:30'),
(56, 'exercitationem', 5, '040-030-2460', '2281694015862', 'mm', 10, 37, 15, 6989, '2025-04-27', 4, 2, 4, 4, 4, 4, 1, 3, 1, NULL, 'usado con fallas', 1, '2025-04-30 21:02:30', '2025-04-30 21:02:30'),
(57, 'deleniti', 1, '040-020-655', '9925283939308', 'tiras', 28, 38, 19, 1188, '2025-04-28', 7, 7, 4, 6, 2, 5, 2, 1, 1, NULL, 'usado sin detalles', 1, '2025-04-30 21:02:30', '2025-04-30 21:02:30'),
(58, 'asperiores', 10, '040-080-745', '5192368420394', 'tiras', 29, 36, 10, 9765, '2025-04-27', 8, 4, 1, 4, 1, 4, 5, 4, 1, NULL, 'nuevo', 1, '2025-04-30 21:02:30', '2025-04-30 21:02:30'),
(59, 'adipisci', 9, '040-010-1526', '9824946424239', 'cajas', 26, 19, 10, 4840, '2025-04-25', 2, 8, 2, 6, 5, 3, 2, 3, 1, NULL, 'usado con fallas', 1, '2025-04-30 21:02:30', '2025-04-30 21:02:30'),
(60, 'quisquam', 10, '040-020-2449', '3651389909926', 'paquetes', 10, 21, 11, 3572, '2025-04-27', 5, 8, 6, 4, 3, 4, 6, 2, 1, NULL, 'usado con detalles', 1, '2025-04-30 21:02:30', '2025-04-30 21:02:30'),
(61, 'voluptatem', 1, '040-010-2426', '2627130744758', 'gr', 16, 34, 13, 5096, '2025-04-27', 2, 2, 3, 6, 3, 4, 3, 4, 1, NULL, 'usado sin detalles', 1, '2025-04-30 21:02:30', '2025-04-30 21:02:30'),
(62, 'reprehenderit', 2, '040-090-1899', '1678310962593', 'rollos', 9, 50, 13, 8476, '2025-04-25', 4, 3, 5, 3, 4, 6, 3, 3, 1, NULL, 'usado con detalles', 1, '2025-04-30 21:02:30', '2025-04-30 21:02:30'),
(63, 'nostrum', 6, '040-090-1600', '7307566491550', 'unidades', 21, 48, 18, 9350, '2025-04-29', 2, 5, 1, 1, 4, 3, 4, 4, 1, NULL, 'usado sin detalles', 1, '2025-04-30 21:02:30', '2025-04-30 21:02:30'),
(64, 'ullam', 4, '040-100-1359', '4695511098866', 'M', 18, 50, 11, 9322, '2025-04-29', 7, 6, 6, 1, 6, 3, 4, 4, 1, NULL, 'usado con detalles', 1, '2025-04-30 21:02:30', '2025-04-30 21:02:30'),
(65, 'porro', 10, '040-090-1520', '9791866877387', 'cm', 28, 22, 16, 8030, '2025-04-24', 5, 8, 4, 3, 3, 1, 1, 6, 1, NULL, 'usado con fallas', 1, '2025-04-30 21:02:30', '2025-04-30 21:02:30'),
(66, 'sunt', 4, '040-070-1756', '5304823863114', 'M3', 18, 38, 14, 9694, '2025-04-23', 5, 2, 4, 6, 5, 4, 5, 2, 1, NULL, 'nuevo', 1, '2025-04-30 21:02:30', '2025-04-30 21:02:30'),
(67, 'blanditiis', 6, '040-080-1425', '2191159369709', 'M', 24, 26, 10, 5977, '2025-04-26', 6, 5, 3, 5, 3, 3, 5, 1, 1, NULL, 'nuevo', 1, '2025-04-30 21:02:30', '2025-04-30 21:02:30'),
(68, 'qui', 5, '040-020-2041', '0005133040053', 'rollos', 18, 41, 20, 1765, '2025-04-28', 8, 3, 6, 5, 3, 2, 3, 1, 1, NULL, 'nuevo', 1, '2025-04-30 21:02:30', '2025-04-30 21:02:30'),
(69, 'vero', 5, '040-100-680', '4913443316927', 'rollos', 7, 31, 20, 4968, '2025-04-24', 8, 7, 2, 4, 3, 2, 3, 5, 1, NULL, 'nuevo', 1, '2025-04-30 21:02:30', '2025-04-30 21:02:30'),
(70, 'omnis', 3, '040-060-1049', '3811480845381', 'tiras', 6, 34, 16, 7282, '2025-04-25', 6, 7, 4, 6, 4, 2, 1, 2, 1, NULL, 'usado sin detalles', 1, '2025-04-30 21:02:30', '2025-04-30 21:02:30'),
(71, 'ut', 9, '040-060-2311', '1596608160264', 'M3', 13, 18, 13, 8065, '2025-04-25', 2, 8, 2, 1, 1, 2, 5, 4, 1, NULL, 'usado con detalles', 1, '2025-04-30 21:02:30', '2025-04-30 21:02:30'),
(72, 'nihil', 5, '040-010-993', '7422846278161', 'cuarto de galones', 13, 29, 18, 3300, '2025-04-24', 4, 5, 2, 1, 5, 1, 2, 3, 1, NULL, 'usado sin detalles', 1, '2025-04-30 21:02:30', '2025-04-30 21:02:30'),
(73, 'quidem', 7, '040-010-1841', '9829182295865', 'unidades', 27, 34, 10, 3641, '2025-04-28', 3, 3, 5, 4, 2, 3, 2, 1, 1, NULL, 'nuevo', 1, '2025-04-30 21:02:30', '2025-04-30 21:02:30'),
(74, 'dolorem', 9, '040-070-2200', '1379680217107', 'galones', 16, 27, 16, 7096, '2025-04-27', 4, 7, 4, 6, 5, 2, 2, 5, 1, NULL, 'usado sin detalles', 1, '2025-04-30 21:02:30', '2025-04-30 21:02:30'),
(75, 'aut', 1, '040-020-771', '9374579828893', 'tarros', 14, 26, 14, 4826, '2025-04-29', 7, 5, 6, 6, 3, 1, 1, 2, 1, NULL, 'usado con fallas', 1, '2025-04-30 21:02:30', '2025-04-30 21:02:30'),
(76, 'error', 5, '040-100-2400', '3461777768680', 'gr', 25, 16, 13, 7615, '2025-04-27', 8, 7, 3, 5, 6, 3, 5, 4, 1, NULL, 'usado sin detalles', 1, '2025-04-30 21:02:30', '2025-04-30 21:02:30'),
(77, 'sit', 5, '040-040-1750', '1508535719415', 'bolsas', 24, 19, 10, 4126, '2025-04-27', 5, 6, 6, 1, 1, 2, 6, 1, 1, NULL, 'usado con detalles', 1, '2025-04-30 21:02:30', '2025-04-30 21:02:30'),
(78, 'itaque', 3, '040-080-1679', '4474751421166', 'gr', 21, 45, 14, 6472, '2025-04-29', 8, 5, 1, 3, 4, 5, 1, 5, 1, NULL, 'usado con detalles', 1, '2025-04-30 21:02:30', '2025-04-30 21:02:30'),
(79, 'sit', 3, '040-040-842', '7449857235211', 'M2', 17, 45, 12, 2617, '2025-04-29', 3, 4, 6, 6, 5, 4, 4, 1, 1, NULL, 'nuevo', 1, '2025-04-30 21:02:30', '2025-04-30 21:02:30'),
(80, 'quaerat', 2, '040-080-2245', '7857296242804', 'galones', 5, 15, 11, 7712, '2025-04-27', 7, 8, 6, 5, 2, 3, 1, 1, 1, NULL, 'usado sin detalles', 1, '2025-04-30 21:02:30', '2025-04-30 21:02:30'),
(81, 'quia', 9, '040-030-707', '6695613512503', 'bolsas', 9, 35, 19, 1492, '2025-04-27', 8, 4, 5, 5, 1, 6, 2, 2, 1, NULL, 'usado con fallas', 1, '2025-04-30 21:02:30', '2025-04-30 21:02:30'),
(82, 'molestiae', 9, '040-100-759', '1740063015069', 'mm', 12, 50, 17, 2419, '2025-04-27', 5, 7, 3, 6, 6, 2, 2, 6, 1, NULL, 'nuevo', 1, '2025-04-30 21:02:30', '2025-04-30 21:02:30'),
(83, 'mollitia', 6, '040-090-1792', '8594752187987', 'media tinetas', 14, 19, 19, 9172, '2025-04-24', 3, 8, 6, 4, 1, 1, 5, 2, 1, NULL, 'usado con detalles', 1, '2025-04-30 21:02:30', '2025-04-30 21:02:30'),
(84, 'ut', 8, '040-040-643', '1099899838152', 'cuarto de galones', 17, 16, 10, 3952, '2025-04-24', 3, 2, 3, 4, 1, 3, 4, 5, 1, NULL, 'usado con fallas', 1, '2025-04-30 21:02:30', '2025-04-30 21:02:30'),
(85, 'quaerat', 1, '040-100-1578', '5057749247741', 'M2', 19, 28, 12, 6948, '2025-04-29', 6, 5, 1, 6, 3, 1, 5, 6, 1, NULL, 'usado sin detalles', 1, '2025-04-30 21:02:30', '2025-04-30 21:02:30'),
(86, 'quia', 8, '040-050-1165', '2600324426296', 'tarros', 14, 38, 10, 7520, '2025-04-23', 6, 7, 3, 3, 4, 5, 5, 2, 1, NULL, 'usado sin detalles', 1, '2025-04-30 21:02:30', '2025-04-30 21:02:30'),
(87, 'labore', 5, '040-030-2499', '1757592509273', 'cajas', 6, 46, 20, 3640, '2025-04-30', 5, 2, 4, 5, 4, 1, 5, 5, 1, NULL, 'usado sin detalles', 1, '2025-04-30 21:02:31', '2025-04-30 21:02:31'),
(88, 'magni', 9, '040-080-924', '6304989567856', 'mm', 11, 22, 18, 1119, '2025-04-26', 7, 5, 3, 4, 4, 5, 3, 5, 1, NULL, 'usado sin detalles', 1, '2025-04-30 21:02:31', '2025-04-30 21:02:31'),
(89, 'voluptate', 8, '040-060-933', '8665560728096', 'dispensadores', 13, 25, 19, 3840, '2025-04-29', 4, 2, 6, 5, 2, 2, 4, 5, 1, NULL, 'usado con detalles', 1, '2025-04-30 21:02:31', '2025-04-30 21:02:31'),
(90, 'qui', 1, '040-010-1367', '5336188510952', 'unidades', 25, 42, 15, 3549, '2025-04-27', 6, 4, 5, 1, 4, 3, 6, 2, 1, NULL, 'usado con detalles', 1, '2025-04-30 21:02:31', '2025-04-30 21:02:31'),
(91, 'beatae', 3, '040-080-1494', '9762527076265', 'rollos', 20, 25, 18, 8969, '2025-04-23', 6, 8, 3, 5, 5, 3, 1, 3, 1, NULL, 'usado sin detalles', 1, '2025-04-30 21:02:31', '2025-04-30 21:02:31'),
(92, 'veritatis', 7, '040-040-825', '0352883720767', 'sacos', 17, 36, 13, 3103, '2025-04-27', 6, 3, 4, 5, 1, 4, 2, 3, 1, NULL, 'usado con detalles', 1, '2025-04-30 21:02:31', '2025-04-30 21:02:31'),
(93, 'amet', 10, '040-070-1942', '6174653870014', 'paquetes', 6, 18, 17, 8167, '2025-04-23', 3, 3, 2, 2, 5, 2, 4, 2, 1, NULL, 'nuevo', 1, '2025-04-30 21:02:31', '2025-04-30 21:02:31'),
(94, 'voluptas', 8, '040-100-1194', '4435834473229', 'galones', 15, 35, 13, 6860, '2025-04-30', 5, 6, 5, 2, 6, 2, 4, 3, 1, NULL, 'usado con detalles', 1, '2025-04-30 21:02:31', '2025-04-30 21:02:31'),
(95, 'repudiandae', 9, '040-010-1516', '1108123796288', 'sacos', 25, 41, 19, 8428, '2025-04-28', 3, 2, 3, 4, 5, 1, 6, 4, 1, NULL, 'nuevo', 1, '2025-04-30 21:02:31', '2025-04-30 21:02:31'),
(96, 'ut', 1, '040-080-1209', '4408848249029', 'galones', 25, 35, 20, 2936, '2025-04-25', 5, 5, 4, 6, 1, 1, 3, 2, 1, NULL, 'usado con detalles', 1, '2025-04-30 21:02:31', '2025-04-30 21:02:31'),
(97, 'molestias', 9, '040-010-619', '6096911070076', 'cajas', 24, 34, 12, 1129, '2025-04-30', 7, 5, 5, 4, 2, 6, 4, 5, 1, NULL, 'usado con fallas', 1, '2025-04-30 21:02:31', '2025-04-30 21:02:31'),
(98, 'tempore', 7, '040-090-1772', '3496589373425', 'galones', 11, 36, 19, 1039, '2025-04-23', 4, 4, 2, 5, 2, 6, 5, 1, 1, NULL, 'nuevo', 1, '2025-04-30 21:02:31', '2025-04-30 21:02:31'),
(99, 'non', 10, '040-090-1621', '8787998154084', 'cajas', 17, 17, 19, 5450, '2025-04-27', 8, 5, 5, 4, 4, 4, 4, 5, 1, NULL, 'usado con detalles', 1, '2025-04-30 21:02:31', '2025-04-30 21:02:31'),
(100, 'voluptas', 8, '040-080-959', '3223669377390', 'galones', 29, 19, 18, 3157, '2025-04-27', 5, 5, 1, 3, 1, 5, 4, 5, 1, NULL, 'usado con detalles', 1, '2025-04-30 21:02:31', '2025-04-30 21:02:31');

-- --------------------------------------------------------

--
-- Estructura de tabla para la tabla `elementregas`
--

CREATE TABLE `elementregas` (
  `id` bigint(20) UNSIGNED NOT NULL,
  `empresa_id` bigint(20) UNSIGNED NOT NULL,
  `trabajador_id` bigint(20) UNSIGNED NOT NULL,
  `proyecto_id` bigint(20) UNSIGNED NOT NULL,
  `costo_total` bigint(20) NOT NULL,
  `autorizado_por` varchar(60) DEFAULT NULL,
  `ingresado_por` bigint(20) UNSIGNED NOT NULL,
  `folio` bigint(20) UNSIGNED NOT NULL,
  `fecha_baja` date DEFAULT NULL,
  `baja_por` varchar(60) DEFAULT NULL,
  `estado` int(11) NOT NULL DEFAULT 1,
  `created_at` timestamp NULL DEFAULT NULL,
  `updated_at` timestamp NULL DEFAULT NULL
) ENGINE=InnoDB DEFAULT CHARSET=utf8 COLLATE=utf8_spanish2_ci;

--
-- Volcado de datos para la tabla `elementregas`
--

INSERT INTO `elementregas` (`id`, `empresa_id`, `trabajador_id`, `proyecto_id`, `costo_total`, `autorizado_por`, `ingresado_por`, `folio`, `fecha_baja`, `baja_por`, `estado`, `created_at`, `updated_at`) VALUES
(1, 1, 27, 2, 43522, 'Arnau Cazares', 1, 17, NULL, NULL, 1, '2025-08-06 20:41:08', '2025-08-06 20:41:08'),
(2, 1, 59, 2, 25746, 'Isaac Partida', 1, 121, NULL, NULL, 1, '2025-08-06 20:41:08', '2025-08-06 20:41:08'),
(3, 1, 22, 3, 38299, 'Valeria Saavedra', 1, 58, NULL, NULL, 1, '2025-08-06 20:41:08', '2025-08-06 20:41:08'),
(4, 1, 60, 3, 30883, 'Elena Jaime', 1, 418, NULL, NULL, 1, '2025-08-06 20:41:08', '2025-08-06 20:41:08'),
(5, 1, 47, 3, 12412, 'Jesús Macias', 1, 266, NULL, NULL, 1, '2025-08-06 20:41:08', '2025-08-06 20:41:08'),
(6, 1, 59, 3, 49823, 'Marina Verduzco', 1, 132, NULL, NULL, 1, '2025-08-06 20:41:08', '2025-08-06 20:41:08'),
(7, 1, 34, 3, 37428, 'Adrián Sandoval', 1, 101, NULL, NULL, 1, '2025-08-06 20:41:08', '2025-08-06 20:41:08'),
(8, 1, 31, 3, 46005, 'Antonio Valdez', 1, 204, NULL, NULL, 1, '2025-08-06 20:41:08', '2025-08-06 20:41:08'),
(9, 1, 9, 3, 12587, 'José Antonio Feliciano', 1, 476, NULL, NULL, 1, '2025-08-06 20:41:08', '2025-08-06 20:41:08'),
(10, 1, 16, 1, 32665, 'Arnau Delgado', 1, 96, NULL, NULL, 1, '2025-08-06 20:41:08', '2025-08-06 20:41:08'),
(11, 1, 26, 2, 28503, 'Rayan Bañuelos', 1, 335, NULL, NULL, 1, '2025-08-06 20:41:08', '2025-08-06 20:41:08'),
(12, 1, 60, 2, 38391, 'Naia Lomeli', 1, 54, NULL, NULL, 1, '2025-08-06 20:41:08', '2025-08-06 20:41:08'),
(13, 1, 8, 3, 10004, 'Erik Páez', 1, 382, NULL, NULL, 1, '2025-08-06 20:41:08', '2025-08-06 20:41:08'),
(14, 1, 2, 1, 31834, 'Joel Bustamante', 1, 125, NULL, NULL, 1, '2025-08-06 20:41:08', '2025-08-06 20:41:08'),
(15, 1, 26, 3, 45275, 'Lara Flores', 1, 160, NULL, NULL, 1, '2025-08-06 20:41:08', '2025-08-06 20:41:08'),
(16, 1, 44, 3, 48999, 'Emilia Pulido', 1, 286, NULL, NULL, 1, '2025-08-06 20:41:08', '2025-08-06 20:41:08'),
(17, 1, 37, 1, 35851, 'Víctor Lira', 1, 5, NULL, NULL, 1, '2025-08-06 20:41:08', '2025-08-06 20:41:08'),
(18, 1, 51, 2, 45846, 'Ona Sedillo', 1, 431, NULL, NULL, 1, '2025-08-06 20:41:08', '2025-08-06 20:41:08'),
(19, 1, 55, 1, 35625, 'Adriana Oliver', 1, 62, NULL, NULL, 1, '2025-08-06 20:41:08', '2025-08-06 20:41:08'),
(20, 1, 3, 2, 44059, 'Antonia Martín', 1, 379, NULL, NULL, 1, '2025-08-06 20:41:08', '2025-08-06 20:41:08'),
(21, 1, 7, 3, 33089, 'María Palacios', 1, 68, NULL, NULL, 1, '2025-08-06 20:41:08', '2025-08-06 20:41:08'),
(22, 1, 45, 2, 45460, 'Adrián Ocampo', 1, 472, NULL, NULL, 1, '2025-08-06 20:41:08', '2025-08-06 20:41:08'),
(23, 1, 29, 1, 35387, 'Francisco Manzanares', 1, 361, NULL, NULL, 1, '2025-08-06 20:41:08', '2025-08-06 20:41:08'),
(24, 1, 30, 2, 46540, 'Eva Santillán', 1, 287, NULL, NULL, 1, '2025-08-06 20:41:08', '2025-08-06 20:41:08'),
(25, 1, 33, 1, 45085, 'Alonso Velázquez', 1, 159, NULL, NULL, 1, '2025-08-06 20:41:08', '2025-08-06 20:41:08'),
(26, 1, 46, 1, 29785, 'Nadia Delatorre', 1, 94, NULL, NULL, 1, '2025-08-06 20:41:08', '2025-08-06 20:41:08'),
(27, 1, 20, 3, 29355, 'Raquel Rosa', 1, 150, NULL, NULL, 1, '2025-08-06 20:41:08', '2025-08-06 20:41:08'),
(28, 1, 45, 3, 25933, 'Amparo Rueda', 1, 211, NULL, NULL, 1, '2025-08-06 20:41:08', '2025-08-06 20:41:08'),
(29, 1, 17, 3, 47207, 'Guillem Briseño', 1, 355, NULL, NULL, 1, '2025-08-06 20:41:08', '2025-08-06 20:41:08'),
(30, 1, 42, 3, 36482, 'Rosa Montaño', 1, 259, NULL, NULL, 1, '2025-08-06 20:41:08', '2025-08-06 20:41:08'),
(31, 1, 10, 3, 15887, 'Sonia Lozada', 1, 201, NULL, NULL, 1, '2025-08-06 20:41:08', '2025-08-06 20:41:08'),
(32, 1, 9, 1, 37002, 'Pol Escribano', 1, 36, NULL, NULL, 1, '2025-08-06 20:41:08', '2025-08-06 20:41:08'),
(33, 1, 43, 1, 35357, 'Clara Ávila', 1, 350, NULL, NULL, 1, '2025-08-06 20:41:08', '2025-08-06 20:41:08'),
(34, 1, 33, 2, 10283, 'Claudia Hurtado', 1, 308, NULL, NULL, 1, '2025-08-06 20:41:08', '2025-08-06 20:41:08'),
(35, 1, 2, 1, 14589, 'Beatriz Orozco', 1, 187, NULL, NULL, 1, '2025-08-06 20:41:08', '2025-08-06 20:41:08'),
(36, 1, 3, 3, 46868, 'Martín Báez', 1, 316, NULL, NULL, 1, '2025-08-06 20:41:08', '2025-08-06 20:41:08'),
(37, 1, 13, 3, 34413, 'Carla Roybal', 1, 307, NULL, NULL, 1, '2025-08-06 20:41:08', '2025-08-06 20:41:08'),
(38, 1, 42, 1, 11093, 'Lucas Malave', 1, 478, NULL, NULL, 1, '2025-08-06 20:41:08', '2025-08-06 20:41:08'),
(39, 1, 8, 2, 23134, 'Noelia Garica', 1, 124, NULL, NULL, 1, '2025-08-06 20:41:08', '2025-08-06 20:41:08'),
(40, 1, 45, 2, 24031, 'Diego Cobo', 1, 190, NULL, NULL, 1, '2025-08-06 20:41:08', '2025-08-06 20:41:08'),
(41, 1, 26, 3, 22938, 'Ana Mena', 1, 295, NULL, NULL, 1, '2025-08-06 20:41:08', '2025-08-06 20:41:08'),
(42, 1, 16, 2, 29955, 'Víctor Pedraza', 1, 171, NULL, NULL, 1, '2025-08-06 20:41:08', '2025-08-06 20:41:08'),
(43, 1, 57, 1, 40682, 'Lola Rentería', 1, 114, NULL, NULL, 1, '2025-08-06 20:41:08', '2025-08-06 20:41:08'),
(44, 1, 42, 1, 39687, 'Ona Baca', 1, 285, NULL, NULL, 1, '2025-08-06 20:41:08', '2025-08-06 20:41:08'),
(45, 1, 4, 1, 10641, 'Lorena Arias', 1, 89, NULL, NULL, 1, '2025-08-06 20:41:08', '2025-08-06 20:41:08'),
(46, 1, 52, 2, 30320, 'Sandra Costa', 1, 444, NULL, NULL, 1, '2025-08-06 20:41:08', '2025-08-06 20:41:08'),
(47, 1, 27, 2, 44666, 'Erik Feliciano', 1, 240, NULL, NULL, 1, '2025-08-06 20:41:08', '2025-08-06 20:41:08'),
(48, 1, 46, 3, 27482, 'Marco Robles', 1, 136, NULL, NULL, 1, '2025-08-06 20:41:08', '2025-08-06 20:41:08'),
(49, 1, 58, 2, 19670, 'Joel Peña', 1, 85, NULL, NULL, 1, '2025-08-06 20:41:08', '2025-08-06 20:41:08'),
(50, 1, 19, 2, 14259, 'Aaron Uribe', 1, 453, NULL, NULL, 1, '2025-08-06 20:41:08', '2025-08-06 20:41:08');

-- --------------------------------------------------------

--
-- Estructura de tabla para la tabla `elementregasitems`
--

CREATE TABLE `elementregasitems` (
  `id` bigint(20) UNSIGNED NOT NULL,
  `elementrega_id` bigint(20) UNSIGNED NOT NULL,
  `elemento_id` bigint(20) UNSIGNED NOT NULL,
  `cantidad` bigint(20) NOT NULL,
  `costo_unitario` bigint(20) NOT NULL,
  `fecha_final` date DEFAULT NULL,
  `condicion` varchar(120) DEFAULT NULL,
  `devuelto` int(11) NOT NULL DEFAULT 0,
  `fecha_baja` date DEFAULT NULL,
  `baja_por` varchar(60) DEFAULT NULL,
  `estado` int(11) NOT NULL DEFAULT 1,
  `created_at` timestamp NULL DEFAULT NULL,
  `updated_at` timestamp NULL DEFAULT NULL
) ENGINE=InnoDB DEFAULT CHARSET=utf8 COLLATE=utf8_spanish2_ci;

--
-- Volcado de datos para la tabla `elementregasitems`
--

INSERT INTO `elementregasitems` (`id`, `elementrega_id`, `elemento_id`, `cantidad`, `costo_unitario`, `fecha_final`, `condicion`, `devuelto`, `fecha_baja`, `baja_por`, `estado`, `created_at`, `updated_at`) VALUES
(1, 12, 28, 10, 26462, '2025-08-20', 'usado sin detalles', 0, NULL, NULL, 1, '2025-08-07 15:26:12', '2025-08-07 15:26:12'),
(2, 50, 18, 11, 11925, '2025-09-25', 'usado con detalles', 5, NULL, NULL, 1, '2025-08-07 15:26:12', '2025-08-07 15:26:12'),
(3, 46, 21, 10, 27112, '2025-08-09', 'usado con detalles', 5, NULL, NULL, 1, '2025-08-07 15:26:12', '2025-08-07 15:26:12'),
(4, 24, 61, 6, 46483, '2025-08-31', 'usado con fallas', 1, NULL, NULL, 1, '2025-08-07 15:26:12', '2025-08-07 15:26:12'),
(5, 8, 68, 8, 16323, '2025-09-29', 'nuevo', 0, NULL, NULL, 1, '2025-08-07 15:26:12', '2025-08-07 15:26:12'),
(6, 9, 92, 11, 9010, '2025-09-20', 'usado sin detalles', 6, NULL, NULL, 1, '2025-08-07 15:26:12', '2025-08-07 15:26:12'),
(7, 50, 27, 4, 34633, '2025-09-24', 'usado sin detalles', 5, NULL, NULL, 1, '2025-08-07 15:26:12', '2025-08-07 15:26:12'),
(8, 41, 45, 5, 34992, '2025-08-01', 'usado sin detalles', 0, NULL, NULL, 1, '2025-08-07 15:26:12', '2025-08-07 15:26:12'),
(9, 48, 85, 4, 46809, '2025-08-01', 'nuevo', 3, NULL, NULL, 1, '2025-08-07 15:26:12', '2025-08-07 15:26:12'),
(10, 44, 35, 10, 19711, '2025-10-06', 'nuevo', 1, NULL, NULL, 1, '2025-08-07 15:26:12', '2025-08-07 15:26:12'),
(11, 41, 98, 9, 18009, '2025-10-01', 'usado sin detalles', 1, NULL, NULL, 1, '2025-08-07 15:26:12', '2025-08-07 15:26:12'),
(12, 37, 74, 5, 45681, '2025-08-23', 'usado con detalles', 6, NULL, NULL, 1, '2025-08-07 15:26:12', '2025-08-07 15:26:12'),
(13, 43, 82, 10, 13533, '2025-09-20', 'usado sin detalles', 4, NULL, NULL, 1, '2025-08-07 15:26:12', '2025-08-07 15:26:12'),
(14, 22, 50, 10, 44408, '2025-09-06', 'nuevo', 4, NULL, NULL, 1, '2025-08-07 15:26:12', '2025-08-07 15:26:12'),
(15, 45, 82, 9, 43864, '2025-09-08', 'usado con fallas', 0, NULL, NULL, 1, '2025-08-07 15:26:12', '2025-08-07 15:26:12'),
(16, 29, 15, 11, 47974, '2025-09-18', 'usado sin detalles', 3, NULL, NULL, 1, '2025-08-07 15:26:12', '2025-08-07 15:26:12'),
(17, 3, 64, 7, 36176, '2025-07-29', 'usado con detalles', 6, NULL, NULL, 1, '2025-08-07 15:26:12', '2025-08-07 15:26:12'),
(18, 39, 25, 4, 35044, '2025-09-30', 'usado con detalles', 0, NULL, NULL, 1, '2025-08-07 15:26:12', '2025-08-07 15:26:12'),
(19, 9, 31, 6, 46250, '2025-09-10', 'usado sin detalles', 5, NULL, NULL, 1, '2025-08-07 15:26:12', '2025-08-07 15:26:12'),
(20, 49, 18, 5, 21187, '2025-08-20', 'nuevo', 2, NULL, NULL, 1, '2025-08-07 15:26:12', '2025-08-07 15:26:12'),
(21, 1, 63, 10, 49226, '2025-07-25', 'usado con fallas', 5, NULL, NULL, 1, '2025-08-07 15:26:12', '2025-08-07 15:26:12'),
(22, 8, 67, 8, 47589, '2025-10-03', 'usado sin detalles', 2, NULL, NULL, 1, '2025-08-07 15:26:12', '2025-08-07 15:26:12'),
(23, 27, 16, 4, 17327, '2025-09-19', 'usado con detalles', 3, NULL, NULL, 1, '2025-08-07 15:26:12', '2025-08-07 15:26:12'),
(24, 4, 4, 7, 26828, '2025-08-13', 'usado sin detalles', 6, NULL, NULL, 1, '2025-08-07 15:26:12', '2025-08-07 15:26:12'),
(25, 37, 82, 4, 34069, '2025-10-07', 'usado sin detalles', 5, NULL, NULL, 1, '2025-08-07 15:26:12', '2025-08-07 15:26:12'),
(26, 5, 58, 9, 20695, '2025-08-24', 'nuevo', 2, NULL, NULL, 1, '2025-08-07 15:26:12', '2025-08-07 15:26:12'),
(27, 12, 9, 5, 41357, '2025-08-23', 'usado con fallas', 3, NULL, NULL, 1, '2025-08-07 15:26:12', '2025-08-07 15:26:12'),
(28, 21, 27, 9, 36286, '2025-09-11', 'usado sin detalles', 4, NULL, NULL, 1, '2025-08-07 15:26:12', '2025-08-07 15:26:12'),
(29, 18, 62, 7, 48208, '2025-09-09', 'nuevo', 3, NULL, NULL, 1, '2025-08-07 15:26:12', '2025-08-07 15:26:12'),
(30, 7, 27, 5, 28095, '2025-09-26', 'usado sin detalles', 3, NULL, NULL, 1, '2025-08-07 15:26:12', '2025-08-07 15:26:12'),
(31, 45, 3, 4, 14078, '2025-09-06', 'usado sin detalles', 4, NULL, NULL, 1, '2025-08-07 15:26:12', '2025-08-07 15:26:12'),
(32, 23, 42, 4, 30480, '2025-09-06', 'usado sin detalles', 1, NULL, NULL, 1, '2025-08-07 15:26:12', '2025-08-07 15:26:12'),
(33, 31, 71, 6, 49068, '2025-08-03', 'usado sin detalles', 1, NULL, NULL, 1, '2025-08-07 15:26:12', '2025-08-07 15:26:12'),
(34, 6, 63, 10, 32868, '2025-08-11', 'usado con detalles', 2, NULL, NULL, 1, '2025-08-07 15:26:12', '2025-08-07 15:26:12'),
(35, 49, 34, 10, 35590, '2025-09-12', 'usado con detalles', 3, NULL, NULL, 1, '2025-08-07 15:26:12', '2025-08-07 15:26:12'),
(36, 19, 42, 10, 18519, '2025-08-20', 'usado con detalles', 4, NULL, NULL, 1, '2025-08-07 15:26:12', '2025-08-07 15:26:12'),
(37, 42, 90, 5, 9033, '2025-09-11', 'nuevo', 1, NULL, NULL, 1, '2025-08-07 15:26:12', '2025-08-07 15:26:12'),
(38, 8, 57, 9, 35341, '2025-08-31', 'usado sin detalles', 6, NULL, NULL, 1, '2025-08-07 15:26:12', '2025-08-07 15:26:12'),
(39, 44, 83, 8, 24903, '2025-09-25', 'nuevo', 4, NULL, NULL, 1, '2025-08-07 15:26:12', '2025-08-07 15:26:12'),
(40, 35, 67, 5, 33659, '2025-08-31', 'usado sin detalles', 4, NULL, NULL, 1, '2025-08-07 15:26:12', '2025-08-07 15:26:12'),
(41, 32, 81, 4, 23361, '2025-08-15', 'nuevo', 4, NULL, NULL, 1, '2025-08-07 15:26:12', '2025-08-07 15:26:12'),
(42, 3, 86, 10, 30806, '2025-09-03', 'usado sin detalles', 6, NULL, NULL, 1, '2025-08-07 15:26:12', '2025-08-07 15:26:12'),
(43, 24, 77, 11, 26047, '2025-10-06', 'nuevo', 1, NULL, NULL, 1, '2025-08-07 15:26:12', '2025-08-07 15:26:12'),
(44, 37, 26, 5, 41356, '2025-09-11', 'nuevo', 5, NULL, NULL, 1, '2025-08-07 15:26:12', '2025-08-07 15:26:12'),
(45, 14, 59, 8, 7474, '2025-08-04', 'nuevo', 5, NULL, NULL, 1, '2025-08-07 15:26:12', '2025-08-07 15:26:12'),
(46, 29, 67, 11, 34328, '2025-08-20', 'usado sin detalles', 4, NULL, NULL, 1, '2025-08-07 15:26:12', '2025-08-07 15:26:12'),
(47, 47, 31, 4, 23167, '2025-09-05', 'usado sin detalles', 0, NULL, NULL, 1, '2025-08-07 15:26:12', '2025-08-07 15:26:12'),
(48, 8, 23, 9, 36857, '2025-10-02', 'usado con detalles', 0, NULL, NULL, 1, '2025-08-07 15:26:12', '2025-08-07 15:26:12'),
(49, 50, 72, 4, 11585, '2025-09-09', 'usado con detalles', 5, NULL, NULL, 1, '2025-08-07 15:26:12', '2025-08-07 15:26:12'),
(50, 34, 38, 4, 24258, '2025-08-13', 'usado con fallas', 4, NULL, NULL, 1, '2025-08-07 15:26:12', '2025-08-07 15:26:12'),
(51, 41, 78, 9, 40029, '2025-08-06', 'usado sin detalles', 0, NULL, NULL, 1, '2025-08-07 15:26:12', '2025-08-07 15:26:12'),
(52, 13, 16, 10, 13388, '2025-09-06', 'usado sin detalles', 2, NULL, NULL, 1, '2025-08-07 15:26:12', '2025-08-07 15:26:12'),
(53, 11, 32, 10, 10342, '2025-08-23', 'usado sin detalles', 4, NULL, NULL, 1, '2025-08-07 15:26:12', '2025-08-07 15:26:12'),
(54, 16, 40, 9, 30970, '2025-09-06', 'usado con detalles', 1, NULL, NULL, 1, '2025-08-07 15:26:12', '2025-08-07 15:26:12'),
(55, 49, 68, 7, 31405, '2025-09-09', 'usado con fallas', 6, NULL, NULL, 1, '2025-08-07 15:26:12', '2025-08-07 15:26:12'),
(56, 2, 24, 4, 7159, '2025-08-04', 'usado con fallas', 5, NULL, NULL, 1, '2025-08-07 15:26:12', '2025-08-07 15:26:12'),
(57, 14, 5, 8, 42724, '2025-09-10', 'usado con fallas', 6, NULL, NULL, 1, '2025-08-07 15:26:12', '2025-08-07 15:26:12'),
(58, 47, 90, 10, 44966, '2025-09-30', 'usado con detalles', 0, NULL, NULL, 1, '2025-08-07 15:26:12', '2025-08-07 15:26:12'),
(59, 24, 43, 7, 39511, '2025-08-29', 'nuevo', 4, NULL, NULL, 1, '2025-08-07 15:26:12', '2025-08-07 15:26:12'),
(60, 37, 10, 8, 37998, '2025-09-30', 'usado con detalles', 0, NULL, NULL, 1, '2025-08-07 15:26:12', '2025-08-07 15:26:12'),
(61, 24, 40, 4, 13823, '2025-09-17', 'usado con detalles', 0, NULL, NULL, 1, '2025-08-07 15:26:12', '2025-08-07 15:26:12'),
(62, 22, 75, 9, 19215, '2025-08-21', 'usado con fallas', 3, NULL, NULL, 1, '2025-08-07 15:26:12', '2025-08-07 15:26:12'),
(63, 19, 85, 9, 39857, '2025-09-24', 'nuevo', 1, NULL, NULL, 1, '2025-08-07 15:26:12', '2025-08-07 15:26:12'),
(64, 49, 87, 8, 9160, '2025-08-29', 'usado con fallas', 0, NULL, NULL, 1, '2025-08-07 15:26:12', '2025-08-07 15:26:12'),
(65, 22, 24, 5, 31303, '2025-10-06', 'usado con fallas', 0, NULL, NULL, 1, '2025-08-07 15:26:12', '2025-08-07 15:26:12'),
(66, 22, 85, 11, 34930, '2025-08-22', 'usado con fallas', 6, NULL, NULL, 1, '2025-08-07 15:26:12', '2025-08-07 15:26:12'),
(67, 41, 19, 9, 46218, '2025-10-06', 'nuevo', 3, NULL, NULL, 1, '2025-08-07 15:26:12', '2025-08-07 15:26:12'),
(68, 22, 59, 11, 24396, '2025-07-29', 'usado con detalles', 0, NULL, NULL, 1, '2025-08-07 15:26:12', '2025-08-07 15:26:12'),
(69, 25, 99, 6, 45085, '2025-08-14', 'usado con fallas', 6, NULL, NULL, 1, '2025-08-07 15:26:12', '2025-08-07 15:26:12'),
(70, 42, 21, 11, 48184, '2025-10-05', 'nuevo', 5, NULL, NULL, 1, '2025-08-07 15:26:12', '2025-08-07 15:26:12'),
(71, 14, 64, 6, 47711, '2025-08-27', 'usado con fallas', 3, NULL, NULL, 1, '2025-08-07 15:26:12', '2025-08-07 15:26:12'),
(72, 39, 1, 5, 30267, '2025-09-15', 'nuevo', 2, NULL, NULL, 1, '2025-08-07 15:26:12', '2025-08-07 15:26:12'),
(73, 45, 1, 6, 45423, '2025-08-03', 'usado sin detalles', 0, NULL, NULL, 1, '2025-08-07 15:26:12', '2025-08-07 15:26:12'),
(74, 47, 65, 5, 23764, '2025-08-15', 'usado sin detalles', 5, NULL, NULL, 1, '2025-08-07 15:26:12', '2025-08-07 15:26:12'),
(75, 50, 46, 5, 48734, '2025-09-09', 'nuevo', 5, NULL, NULL, 1, '2025-08-07 15:26:12', '2025-08-07 15:26:12'),
(76, 17, 65, 11, 29151, '2025-08-20', 'nuevo', 3, NULL, NULL, 1, '2025-08-07 15:26:12', '2025-08-07 15:26:12'),
(77, 11, 85, 9, 20365, '2025-09-30', 'usado con fallas', 6, NULL, NULL, 1, '2025-08-07 15:26:12', '2025-08-07 15:26:12'),
(78, 20, 24, 7, 20725, '2025-08-21', 'nuevo', 0, NULL, NULL, 1, '2025-08-07 15:26:12', '2025-08-07 15:26:12'),
(79, 44, 7, 4, 48800, '2025-09-30', 'usado con detalles', 1, NULL, NULL, 1, '2025-08-07 15:26:12', '2025-08-07 15:26:12'),
(80, 37, 38, 7, 9416, '2025-09-03', 'usado sin detalles', 2, NULL, NULL, 1, '2025-08-07 15:26:12', '2025-08-07 15:26:12'),
(81, 9, 76, 6, 30973, '2025-09-15', 'nuevo', 5, NULL, NULL, 1, '2025-08-07 15:26:12', '2025-08-07 15:26:12'),
(82, 37, 5, 11, 36075, '2025-08-09', 'usado con detalles', 5, NULL, NULL, 1, '2025-08-07 15:26:12', '2025-08-07 15:26:12'),
(83, 42, 18, 7, 24971, '2025-08-12', 'nuevo', 5, NULL, NULL, 1, '2025-08-07 15:26:12', '2025-08-07 15:26:12'),
(84, 22, 63, 4, 33633, '2025-09-13', 'nuevo', 0, NULL, NULL, 1, '2025-08-07 15:26:12', '2025-08-07 15:26:12'),
(85, 48, 99, 9, 28712, '2025-08-19', 'usado sin detalles', 5, NULL, NULL, 1, '2025-08-07 15:26:12', '2025-08-07 15:26:12'),
(86, 25, 7, 4, 8529, '2025-09-27', 'usado con detalles', 3, NULL, NULL, 1, '2025-08-07 15:26:12', '2025-08-07 15:26:12'),
(87, 50, 87, 6, 28350, '2025-07-24', 'usado con detalles', 6, NULL, NULL, 1, '2025-08-07 15:26:12', '2025-08-07 15:26:12'),
(88, 37, 68, 5, 6454, '2025-09-07', 'usado sin detalles', 1, NULL, NULL, 1, '2025-08-07 15:26:12', '2025-08-07 15:26:12'),
(89, 50, 7, 10, 48602, '2025-09-02', 'usado sin detalles', 5, NULL, NULL, 1, '2025-08-07 15:26:12', '2025-08-07 15:26:12'),
(90, 34, 59, 6, 15354, '2025-10-04', 'nuevo', 1, NULL, NULL, 1, '2025-08-07 15:26:12', '2025-08-07 15:26:12'),
(91, 14, 63, 11, 20012, '2025-08-19', 'nuevo', 2, NULL, NULL, 1, '2025-08-07 15:26:12', '2025-08-07 15:26:12'),
(92, 43, 97, 11, 25868, '2025-07-29', 'nuevo', 2, NULL, NULL, 1, '2025-08-07 15:26:12', '2025-08-07 15:26:12'),
(93, 10, 16, 6, 39610, '2025-09-30', 'usado con detalles', 2, NULL, NULL, 1, '2025-08-07 15:26:12', '2025-08-07 15:26:12'),
(94, 15, 41, 7, 33038, '2025-08-23', 'usado con fallas', 5, NULL, NULL, 1, '2025-08-07 15:26:12', '2025-08-07 15:26:12'),
(95, 42, 78, 11, 47304, '2025-08-07', 'usado con detalles', 1, NULL, NULL, 1, '2025-08-07 15:26:12', '2025-08-07 15:26:12'),
(96, 40, 38, 11, 18511, '2025-09-03', 'usado sin detalles', 0, NULL, NULL, 1, '2025-08-07 15:26:12', '2025-08-07 15:26:12'),
(97, 38, 12, 10, 29391, '2025-09-09', 'usado con detalles', 6, NULL, NULL, 1, '2025-08-07 15:26:12', '2025-08-07 15:26:12'),
(98, 18, 21, 4, 12882, '2025-09-15', 'usado sin detalles', 4, NULL, NULL, 1, '2025-08-07 15:26:12', '2025-08-07 15:26:12'),
(99, 46, 49, 9, 41739, '2025-08-28', 'usado con detalles', 2, NULL, NULL, 1, '2025-08-07 15:26:12', '2025-08-07 15:26:12'),
(100, 33, 18, 6, 36790, '2025-08-15', 'usado con fallas', 4, NULL, NULL, 1, '2025-08-07 15:26:12', '2025-08-07 15:26:12'),
(101, 29, 87, 7, 17464, '2025-08-19', 'usado con detalles', 4, NULL, NULL, 1, '2025-08-07 15:26:12', '2025-08-07 15:26:12'),
(102, 25, 25, 7, 33234, '2025-10-04', 'usado sin detalles', 6, NULL, NULL, 1, '2025-08-07 15:26:12', '2025-08-07 15:26:12'),
(103, 43, 59, 6, 22817, '2025-09-17', 'usado con fallas', 2, NULL, NULL, 1, '2025-08-07 15:26:12', '2025-08-07 15:26:12'),
(104, 18, 56, 11, 39649, '2025-09-06', 'nuevo', 1, NULL, NULL, 1, '2025-08-07 15:26:12', '2025-08-07 15:26:12'),
(105, 18, 98, 5, 33186, '2025-07-31', 'usado con fallas', 3, NULL, NULL, 1, '2025-08-07 15:26:12', '2025-08-07 15:26:12'),
(106, 34, 56, 10, 35831, '2025-08-15', 'usado sin detalles', 1, NULL, NULL, 1, '2025-08-07 15:26:12', '2025-08-07 15:26:12'),
(107, 9, 44, 9, 15544, '2025-08-11', 'usado sin detalles', 5, NULL, NULL, 1, '2025-08-07 15:26:12', '2025-08-07 15:26:12'),
(108, 16, 60, 7, 29975, '2025-10-01', 'usado sin detalles', 0, NULL, NULL, 1, '2025-08-07 15:26:12', '2025-08-07 15:26:12'),
(109, 43, 96, 11, 16943, '2025-10-01', 'usado con detalles', 1, NULL, NULL, 1, '2025-08-07 15:26:12', '2025-08-07 15:26:12'),
(110, 25, 72, 11, 20678, '2025-10-03', 'usado con fallas', 6, NULL, NULL, 1, '2025-08-07 15:26:12', '2025-08-07 15:26:12'),
(111, 4, 31, 6, 14117, '2025-10-06', 'nuevo', 1, NULL, NULL, 1, '2025-08-07 15:26:12', '2025-08-07 15:26:12'),
(112, 15, 55, 10, 22979, '2025-08-26', 'usado sin detalles', 6, NULL, NULL, 1, '2025-08-07 15:26:12', '2025-08-07 15:26:12'),
(113, 26, 35, 7, 11751, '2025-09-17', 'nuevo', 2, NULL, NULL, 1, '2025-08-07 15:26:12', '2025-08-07 15:26:12'),
(114, 17, 50, 4, 27859, '2025-09-27', 'usado sin detalles', 3, NULL, NULL, 1, '2025-08-07 15:26:12', '2025-08-07 15:26:12'),
(115, 5, 83, 7, 23548, '2025-10-06', 'usado con fallas', 3, NULL, NULL, 1, '2025-08-07 15:26:12', '2025-08-07 15:26:12'),
(116, 27, 22, 5, 29711, '2025-09-21', 'usado sin detalles', 0, NULL, NULL, 1, '2025-08-07 15:26:12', '2025-08-07 15:26:12'),
(117, 1, 84, 4, 33151, '2025-08-18', 'nuevo', 3, NULL, NULL, 1, '2025-08-07 15:26:12', '2025-08-07 15:26:12'),
(118, 21, 51, 11, 37338, '2025-08-03', 'nuevo', 3, NULL, NULL, 1, '2025-08-07 15:26:12', '2025-08-07 15:26:12'),
(119, 49, 81, 11, 32714, '2025-10-03', 'usado con fallas', 3, NULL, NULL, 1, '2025-08-07 15:26:12', '2025-08-07 15:26:12'),
(120, 12, 2, 9, 22575, '2025-08-13', 'usado con detalles', 4, NULL, NULL, 1, '2025-08-07 15:26:12', '2025-08-07 15:26:12'),
(121, 49, 32, 11, 46606, '2025-08-15', 'usado sin detalles', 5, NULL, NULL, 1, '2025-08-07 15:26:12', '2025-08-07 15:26:12'),
(122, 17, 46, 8, 19876, '2025-10-04', 'usado con detalles', 6, NULL, NULL, 1, '2025-08-07 15:26:12', '2025-08-07 15:26:12'),
(123, 32, 33, 6, 37398, '2025-08-07', 'usado con fallas', 1, NULL, NULL, 1, '2025-08-07 15:26:12', '2025-08-07 15:26:12'),
(124, 24, 51, 9, 36043, '2025-08-16', 'usado con fallas', 1, NULL, NULL, 1, '2025-08-07 15:26:12', '2025-08-07 15:26:12'),
(125, 18, 48, 10, 38499, '2025-09-23', 'usado sin detalles', 4, NULL, NULL, 1, '2025-08-07 15:26:12', '2025-08-07 15:26:12'),
(126, 20, 69, 6, 17866, '2025-08-15', 'usado sin detalles', 5, NULL, NULL, 1, '2025-08-07 15:26:12', '2025-08-07 15:26:12'),
(127, 20, 91, 6, 45085, '2025-09-29', 'usado con fallas', 2, NULL, NULL, 1, '2025-08-07 15:26:12', '2025-08-07 15:26:12'),
(128, 46, 70, 6, 10550, '2025-08-26', 'usado sin detalles', 1, NULL, NULL, 1, '2025-08-07 15:26:12', '2025-08-07 15:26:12'),
(129, 41, 14, 5, 20842, '2025-09-24', 'usado con detalles', 2, NULL, NULL, 1, '2025-08-07 15:26:12', '2025-08-07 15:26:12'),
(130, 16, 32, 9, 45930, '2025-08-05', 'usado con detalles', 4, NULL, NULL, 1, '2025-08-07 15:26:12', '2025-08-07 15:26:12'),
(131, 11, 100, 9, 26717, '2025-08-03', 'usado con fallas', 6, NULL, NULL, 1, '2025-08-07 15:26:12', '2025-08-07 15:26:12'),
(132, 21, 87, 5, 45464, '2025-09-23', 'usado con fallas', 3, NULL, NULL, 1, '2025-08-07 15:26:12', '2025-08-07 15:26:12'),
(133, 50, 69, 6, 45343, '2025-07-31', 'usado sin detalles', 4, NULL, NULL, 1, '2025-08-07 15:26:12', '2025-08-07 15:26:12'),
(134, 11, 9, 11, 47044, '2025-09-18', 'usado con fallas', 1, NULL, NULL, 1, '2025-08-07 15:26:12', '2025-08-07 15:26:12'),
(135, 50, 96, 7, 12429, '2025-09-04', 'usado con detalles', 0, NULL, NULL, 1, '2025-08-07 15:26:12', '2025-08-07 15:26:12'),
(136, 37, 50, 11, 44188, '2025-08-25', 'usado sin detalles', 1, NULL, NULL, 1, '2025-08-07 15:26:12', '2025-08-07 15:26:12'),
(137, 30, 87, 4, 25667, '2025-09-24', 'usado con detalles', 4, NULL, NULL, 1, '2025-08-07 15:26:12', '2025-08-07 15:26:12'),
(138, 30, 30, 4, 13631, '2025-08-17', 'usado con detalles', 0, NULL, NULL, 1, '2025-08-07 15:26:12', '2025-08-07 15:26:12'),
(139, 37, 6, 5, 17963, '2025-07-30', 'usado sin detalles', 5, NULL, NULL, 1, '2025-08-07 15:26:12', '2025-08-07 15:26:12'),
(140, 17, 72, 5, 31963, '2025-08-14', 'usado sin detalles', 0, NULL, NULL, 1, '2025-08-07 15:26:12', '2025-08-07 15:26:12'),
(141, 18, 60, 11, 27973, '2025-10-07', 'usado con detalles', 3, NULL, NULL, 1, '2025-08-07 15:26:12', '2025-08-07 15:26:12'),
(142, 20, 3, 10, 24491, '2025-09-17', 'usado con fallas', 0, NULL, NULL, 1, '2025-08-07 15:26:12', '2025-08-07 15:26:12'),
(143, 24, 34, 6, 10926, '2025-08-19', 'usado con detalles', 2, NULL, NULL, 1, '2025-08-07 15:26:12', '2025-08-07 15:26:12'),
(144, 13, 65, 10, 21085, '2025-09-14', 'usado con detalles', 3, NULL, NULL, 1, '2025-08-07 15:26:12', '2025-08-07 15:26:12'),
(145, 9, 2, 7, 32426, '2025-09-20', 'nuevo', 6, NULL, NULL, 1, '2025-08-07 15:26:12', '2025-08-07 15:26:12'),
(146, 32, 68, 8, 48494, '2025-09-18', 'usado sin detalles', 6, NULL, NULL, 1, '2025-08-07 15:26:12', '2025-08-07 15:26:12'),
(147, 19, 96, 8, 6933, '2025-08-23', 'nuevo', 3, NULL, NULL, 1, '2025-08-07 15:26:12', '2025-08-07 15:26:12'),
(148, 1, 35, 6, 9724, '2025-08-18', 'nuevo', 2, NULL, NULL, 1, '2025-08-07 15:26:12', '2025-08-07 15:26:12'),
(149, 37, 69, 5, 32388, '2025-08-14', 'usado con fallas', 4, NULL, NULL, 1, '2025-08-07 15:26:12', '2025-08-07 15:26:12'),
(150, 49, 76, 4, 24023, '2025-10-05', 'usado sin detalles', 0, NULL, NULL, 1, '2025-08-07 15:26:12', '2025-08-07 15:26:12');

-- --------------------------------------------------------

--
-- Estructura de tabla para la tabla `empresas`
--

CREATE TABLE `empresas` (
  `id` bigint(20) UNSIGNED NOT NULL,
  `nombre` varchar(60) NOT NULL,
  `razon_social` varchar(100) NOT NULL,
  `rut` varchar(15) NOT NULL,
  `direccion` varchar(100) NOT NULL,
  `region` int(11) NOT NULL DEFAULT 733,
  `ciudad` varchar(40) NOT NULL,
  `cod_postal` varchar(15) DEFAULT NULL,
  `telefono` varchar(30) NOT NULL,
  `email` varchar(40) NOT NULL,
  `logo` varchar(150) DEFAULT ' ',
  `sucursal` varchar(30) NOT NULL,
  `nombre_contacto` varchar(40) NOT NULL,
  `estado` int(11) NOT NULL DEFAULT 1,
  `created_at` timestamp NULL DEFAULT NULL,
  `updated_at` timestamp NULL DEFAULT NULL
) ENGINE=InnoDB DEFAULT CHARSET=utf8 COLLATE=utf8_spanish2_ci;

--
-- Volcado de datos para la tabla `empresas`
--

INSERT INTO `empresas` (`id`, `nombre`, `razon_social`, `rut`, `direccion`, `region`, `ciudad`, `cod_postal`, `telefono`, `email`, `logo`, `sucursal`, `nombre_contacto`, `estado`, `created_at`, `updated_at`) VALUES
(1, 'Maestranza SATEC', 'Satec SPA', '71.235.568-8', 'Ongolmo 1997', 733, 'Concepción', '410000', '412224087 - 412224038', 'contacto@satec.cl', 'logos/rP2IpK7MLxCGKZ1XpO7jq4Z1owqdaKSn3BY3OnVH.png', 'Concepcion', 'Victor Molina R.', 1, '2025-04-30 20:08:58', '2025-05-07 19:54:43');

-- --------------------------------------------------------

--
-- Estructura de tabla para la tabla `failed_jobs`
--

CREATE TABLE `failed_jobs` (
  `id` bigint(20) UNSIGNED NOT NULL,
  `uuid` varchar(255) NOT NULL,
  `connection` text NOT NULL,
  `queue` text NOT NULL,
  `payload` longtext NOT NULL,
  `exception` longtext NOT NULL,
  `failed_at` timestamp NOT NULL DEFAULT current_timestamp()
) ENGINE=InnoDB DEFAULT CHARSET=utf8 COLLATE=utf8_spanish2_ci;

-- --------------------------------------------------------

--
-- Estructura de tabla para la tabla `herramientas`
--

CREATE TABLE `herramientas` (
  `id` bigint(20) UNSIGNED NOT NULL,
  `nombre` varchar(80) NOT NULL,
  `catherramienta_id` bigint(20) UNSIGNED NOT NULL,
  `codigo` varchar(12) NOT NULL,
  `barcode` varchar(20) DEFAULT NULL,
  `numserie` varchar(30) DEFAULT NULL,
  `condicion` varchar(120) DEFAULT NULL,
  `unidad` varchar(30) NOT NULL,
  `stock_actual` int(11) NOT NULL,
  `stock_inicial` int(11) NOT NULL,
  `stock_critico` int(11) NOT NULL,
  `nuevas` int(11) NOT NULL DEFAULT 0,
  `usadas` int(11) NOT NULL DEFAULT 0,
  `disponible` int(11) NOT NULL DEFAULT 0,
  `prestada` int(11) NOT NULL DEFAULT 0,
  `danada` int(11) NOT NULL DEFAULT 0,
  `en_reparacion` int(11) NOT NULL DEFAULT 0,
  `de_baja` int(11) NOT NULL DEFAULT 0,
  `vendida` int(11) NOT NULL DEFAULT 0,
  `ultimo_ingreso` date NOT NULL,
  `ultimo_costo` bigint(20) NOT NULL,
  `ingresado_por` bigint(20) UNSIGNED NOT NULL,
  `baja_por` varchar(60) DEFAULT NULL,
  `estado` int(11) NOT NULL DEFAULT 1,
  `created_at` timestamp NULL DEFAULT NULL,
  `updated_at` timestamp NULL DEFAULT NULL
) ENGINE=InnoDB DEFAULT CHARSET=utf8 COLLATE=utf8_spanish2_ci;

--
-- Volcado de datos para la tabla `herramientas`
--

INSERT INTO `herramientas` (`id`, `nombre`, `catherramienta_id`, `codigo`, `barcode`, `numserie`, `condicion`, `unidad`, `stock_actual`, `stock_inicial`, `stock_critico`, `nuevas`, `usadas`, `disponible`, `prestada`, `danada`, `en_reparacion`, `de_baja`, `vendida`, `ultimo_ingreso`, `ultimo_costo`, `ingresado_por`, `baja_por`, `estado`, `created_at`, `updated_at`) VALUES
(1, 'autem', 14, '010-180-2077', '6174778852520', NULL, 'usado con detalles', 'M3', 15, 38, 13, 1, 1, 8, 1, 4, 1, 0, 1, '2025-08-09', 5944, 1, NULL, 1, '2025-08-13 14:46:18', '2025-08-13 14:46:18'),
(2, 'perspiciatis', 22, '010-050-333', '5920641755495', NULL, 'usado con fallas', 'M', 10, 28, 9, 5, 4, 14, 1, 4, 3, 3, 0, '2025-08-10', 4009, 1, NULL, 1, '2025-08-13 14:46:18', '2025-08-13 14:46:18'),
(3, 'aut', 6, '010-120-2108', '4911600066685', NULL, 'usado sin detalles', 'unidades', 16, 37, 9, 5, 5, 13, 4, 1, 3, 2, 0, '2025-08-12', 5477, 1, NULL, 1, '2025-08-13 14:46:18', '2025-08-13 14:46:18'),
(4, 'occaecati', 12, '010-130-2232', '7880973383033', NULL, 'usado con fallas', 'M', 19, 26, 7, 5, 1, 16, 5, 4, 2, 1, 3, '2025-08-08', 5773, 1, NULL, 1, '2025-08-13 14:46:18', '2025-08-13 14:46:18'),
(5, 'impedit', 7, '010-210-1273', '0395156074105', NULL, 'nuevo', 'gr', 11, 36, 9, 5, 3, 12, 1, 3, 1, 2, 1, '2025-08-12', 3530, 1, NULL, 1, '2025-08-13 14:46:18', '2025-08-13 14:46:18'),
(6, 'quia', 16, '010-220-546', '3891662346080', NULL, 'usado con detalles', 'galones', 18, 39, 9, 3, 4, 9, 3, 1, 1, 0, 2, '2025-08-06', 4038, 1, NULL, 1, '2025-08-13 14:46:18', '2025-08-13 14:46:18'),
(7, 'consequatur', 9, '010-010-876', '7510108506418', NULL, 'usado con fallas', 'dispensadores', 13, 30, 11, 3, 3, 2, 6, 0, 0, 6, 1, '2025-08-08', 5002, 1, NULL, 1, '2025-08-13 14:46:18', '2025-08-21 01:13:40'),
(8, 'asperiores', 3, '010-170-1722', '2979654642240', NULL, 'usado con fallas', 'sacos', 17, 21, 9, 2, 4, 12, 3, 5, 0, 3, 3, '2025-08-08', 9452, 1, NULL, 1, '2025-08-13 14:46:18', '2025-08-13 14:46:18'),
(9, 'nesciunt', 4, '010-200-1033', '9080794872183', NULL, 'usado con fallas', 'M3', 14, 21, 11, 3, 4, 8, 2, 2, 0, 1, 2, '2025-08-12', 4431, 1, NULL, 1, '2025-08-13 14:46:18', '2025-08-13 14:46:18'),
(10, 'beatae', 20, '010-040-421', '0538915093867', NULL, 'usado con fallas', 'M3', 14, 29, 7, 2, 3, 14, 1, 1, 3, 3, 0, '2025-08-12', 8208, 1, NULL, 1, '2025-08-13 14:46:18', '2025-08-20 03:29:10'),
(11, 'libero', 20, '010-100-392', '2937061129778', NULL, 'nuevo', 'paquetes', 20, 33, 15, 5, 1, 14, 0, 3, 1, 2, 2, '2025-08-13', 6371, 1, NULL, 1, '2025-08-13 14:46:18', '2025-08-13 14:46:18'),
(12, 'non', 24, '010-090-1693', '6229063038186', NULL, 'usado con detalles', 'paquetes', 14, 21, 10, 3, 4, 12, 0, 0, 0, 2, 3, '2025-08-13', 1596, 1, NULL, 1, '2025-08-13 14:46:18', '2025-08-13 14:46:18'),
(13, 'minus', 21, '010-040-2222', '0654255607400', NULL, 'nuevo', 'cuarto de galones', 11, 33, 14, 2, 4, 9, 4, 5, 1, 1, 2, '2025-08-11', 8753, 1, NULL, 1, '2025-08-13 14:46:18', '2025-08-13 14:46:18'),
(14, 'facere', 2, '010-120-1389', '4660147321671', NULL, 'usado con fallas', 'tarros', 17, 27, 9, 2, 1, 16, 5, 3, 3, 2, 1, '2025-08-09', 7562, 1, NULL, 1, '2025-08-13 14:46:18', '2025-08-13 14:46:18'),
(15, 'similique', 6, '010-190-627', '3548777796292', NULL, 'nuevo', 'cajas', 18, 30, 6, 2, 1, 15, 2, 5, 0, 0, 0, '2025-08-12', 9403, 1, NULL, 1, '2025-08-13 14:46:18', '2025-08-13 14:46:18'),
(16, 'sunt', 8, '010-200-1677', '8117053769777', NULL, 'usado sin detalles', 'Kg', 20, 23, 11, 4, 3, 13, 5, 4, 2, 0, 1, '2025-08-07', 9515, 1, NULL, 1, '2025-08-13 14:46:18', '2025-08-13 14:46:18'),
(17, 'facilis', 19, '010-080-1663', '4543668545552', NULL, 'usado con fallas', 'media tinetas', 15, 23, 12, 1, 5, 9, 5, 4, 0, 3, 1, '2025-08-06', 8988, 1, NULL, 1, '2025-08-13 14:46:18', '2025-08-13 14:46:18'),
(18, 'vero', 5, '010-220-762', '1881879381785', NULL, 'usado sin detalles', 'cm', 13, 32, 7, 3, 3, 14, 2, 4, 0, 2, 0, '2025-08-12', 7666, 1, NULL, 1, '2025-08-13 14:46:18', '2025-08-13 14:46:18'),
(19, 'non', 17, '010-070-2397', '2906611376153', NULL, 'nuevo', 'cm', 12, 27, 15, 1, 5, 9, 1, 1, 3, 2, 3, '2025-08-07', 8971, 1, NULL, 1, '2025-08-13 14:46:18', '2025-08-13 14:46:18'),
(20, 'aliquid', 12, '010-200-1976', '0050466710937', NULL, 'usado con detalles', 'paquetes', 16, 39, 11, 2, 4, 15, 5, 5, 0, 1, 0, '2025-08-12', 5198, 1, NULL, 1, '2025-08-13 14:46:18', '2025-08-13 14:46:18'),
(21, 'omnis', 6, '010-090-1955', '7736684198360', NULL, 'usado con detalles', 'dispensadores', 19, 36, 11, 2, 1, 8, 5, 0, 1, 3, 2, '2025-08-09', 3017, 1, NULL, 1, '2025-08-13 14:46:18', '2025-08-13 14:46:18'),
(22, 'magnam', 6, '010-050-1508', '9573612218992', NULL, 'usado con fallas', 'M2', 16, 26, 15, 2, 3, 8, 3, 5, 0, 3, 3, '2025-08-11', 4328, 1, NULL, 1, '2025-08-13 14:46:18', '2025-08-13 14:46:18'),
(23, 'vel', 19, '010-240-656', '8493415888721', NULL, 'usado con detalles', 'Kg', 14, 36, 8, 5, 4, 16, 0, 4, 0, 3, 2, '2025-08-09', 3035, 1, NULL, 1, '2025-08-13 14:46:18', '2025-08-13 14:46:18'),
(24, 'saepe', 13, '010-130-829', '1404222556328', NULL, 'nuevo', 'cajas', 17, 34, 12, 2, 1, 10, 5, 2, 3, 2, 0, '2025-08-06', 3038, 1, NULL, 1, '2025-08-13 14:46:18', '2025-08-13 14:46:18'),
(25, 'omnis', 24, '010-120-146', '7835906951339', NULL, 'usado con fallas', 'unidades', 15, 22, 9, 5, 2, 9, 1, 3, 3, 3, 0, '2025-08-07', 8216, 1, NULL, 1, '2025-08-13 14:46:18', '2025-08-13 14:46:18'),
(26, 'commodi', 17, '010-110-1130', '8088844902409', NULL, 'nuevo', 'tinetas', 11, 31, 10, 4, 3, 9, 3, 2, 0, 3, 0, '2025-08-11', 5342, 1, NULL, 1, '2025-08-13 14:46:18', '2025-08-13 14:46:18'),
(27, 'sunt', 1, '010-060-2164', '1187955503424', NULL, 'nuevo', 'paquetes', 15, 32, 9, 1, 2, 15, 5, 2, 2, 3, 0, '2025-08-12', 8910, 1, NULL, 1, '2025-08-13 14:46:18', '2025-08-13 14:46:18'),
(28, 'quidem', 5, '010-200-873', '8153000868957', NULL, 'usado con fallas', 'dispensadores', 12, 31, 5, 5, 4, 16, 0, 5, 0, 1, 2, '2025-08-07', 4539, 1, NULL, 1, '2025-08-13 14:46:18', '2025-08-13 14:46:18'),
(29, 'molestiae', 6, '010-220-1939', '6583767526371', NULL, 'usado con fallas', 'tarros', 19, 38, 11, 4, 4, 10, 5, 2, 2, 2, 1, '2025-08-08', 1343, 1, NULL, 1, '2025-08-13 14:46:18', '2025-08-13 14:46:18'),
(30, 'asperiores', 15, '010-070-1113', '5619163685792', NULL, 'usado con fallas', 'cuarto de galones', 11, 23, 12, 1, 4, 8, 1, 3, 1, 3, 2, '2025-08-13', 1761, 1, NULL, 1, '2025-08-13 14:46:18', '2025-08-13 14:46:18'),
(31, 'fugit', 6, '010-040-214', '6794485663471', NULL, 'nuevo', 'unidades', 18, 30, 5, 5, 4, 14, 3, 3, 2, 2, 0, '2025-08-07', 5471, 1, NULL, 1, '2025-08-13 14:46:18', '2025-08-19 04:26:37'),
(32, 'numquam', 19, '010-180-1838', '8708344714400', NULL, 'usado con detalles', 'galones', 16, 21, 12, 4, 5, 10, 0, 5, 3, 0, 1, '2025-08-12', 7844, 1, NULL, 1, '2025-08-13 14:46:18', '2025-08-13 14:46:18'),
(33, 'eaque', 5, '010-140-1964', '2275153901735', NULL, 'usado con fallas', 'M3', 11, 38, 15, 2, 4, 14, 3, 5, 3, 2, 1, '2025-08-13', 9475, 1, NULL, 1, '2025-08-13 14:46:18', '2025-08-13 14:46:18'),
(34, 'doloremque', 20, '010-220-2352', '0911800035737', NULL, 'nuevo', 'cm', 20, 25, 7, 1, 5, 8, 5, 5, 3, 0, 0, '2025-08-08', 8817, 1, NULL, 1, '2025-08-13 14:46:18', '2025-08-13 14:46:18'),
(35, 'et', 22, '010-170-1085', '6252967318535', NULL, 'nuevo', 'tiras', 16, 39, 6, 1, 1, 12, 1, 5, 1, 2, 0, '2025-08-09', 7568, 1, NULL, 1, '2025-08-13 14:46:18', '2025-08-13 14:46:18'),
(36, 'quia', 13, '010-140-1584', '6696980738930', NULL, 'usado con detalles', 'cajas', 13, 39, 5, 3, 3, 9, 3, 0, 3, 0, 0, '2025-08-09', 1143, 1, NULL, 1, '2025-08-13 14:46:18', '2025-08-13 14:46:18'),
(37, 'repellendus', 24, '010-240-1664', '9482601836690', NULL, 'usado sin detalles', 'Kg', 11, 27, 5, 1, 4, 8, 4, 4, 0, 3, 1, '2025-08-08', 3105, 1, NULL, 1, '2025-08-13 14:46:18', '2025-08-13 14:46:18'),
(38, 'repudiandae', 13, '010-030-2247', '1735837550136', NULL, 'usado con detalles', 'M2', 14, 36, 5, 1, 2, 15, 0, 0, 3, 0, 2, '2025-08-12', 7975, 1, NULL, 1, '2025-08-13 14:46:18', '2025-08-13 14:46:18'),
(39, 'eos', 7, '010-100-2120', '0945475988470', NULL, 'usado sin detalles', 'M2', 13, 28, 5, 5, 2, 11, 4, 1, 1, 0, 1, '2025-08-09', 4807, 1, NULL, 1, '2025-08-13 14:46:18', '2025-08-13 14:46:18'),
(40, 'molestias', 19, '010-120-1896', '6156377658635', NULL, 'usado con detalles', 'mm', 18, 39, 14, 2, 2, 11, 4, 1, 2, 2, 0, '2025-08-07', 1080, 1, NULL, 1, '2025-08-13 14:46:18', '2025-08-13 14:46:18'),
(41, 'soluta', 1, '010-160-2309', '2025156284447', NULL, 'nuevo', 'pares', 17, 39, 10, 5, 1, 12, 2, 1, 0, 3, 0, '2025-08-08', 6244, 1, NULL, 1, '2025-08-13 14:46:18', '2025-08-13 14:46:18'),
(42, 'vel', 8, '010-140-744', '7153797687213', NULL, 'usado sin detalles', 'paquetes', 13, 31, 5, 3, 1, 15, 2, 2, 0, 0, 2, '2025-08-09', 6309, 1, NULL, 1, '2025-08-13 14:46:18', '2025-08-13 14:46:18'),
(43, 'amet', 19, '010-080-1397', '9336064431070', NULL, 'usado sin detalles', 'cm', 16, 27, 6, 2, 2, 13, 1, 0, 3, 1, 3, '2025-08-11', 3259, 1, NULL, 1, '2025-08-13 14:46:18', '2025-08-20 02:38:40'),
(44, 'reprehenderit', 19, '010-090-323', '1876180928750', NULL, 'usado sin detalles', 'media tinetas', 19, 25, 12, 3, 2, 14, 2, 0, 0, 2, 3, '2025-08-08', 2368, 1, NULL, 1, '2025-08-13 14:46:18', '2025-08-13 14:46:18'),
(45, 'perspiciatis', 10, '010-160-2242', '2383776172934', NULL, 'nuevo', 'M', 20, 28, 7, 4, 2, 15, 4, 5, 3, 1, 2, '2025-08-10', 5183, 1, NULL, 1, '2025-08-13 14:46:18', '2025-08-13 14:46:18'),
(46, 'voluptatem', 20, '010-130-476', '1611108355832', NULL, 'nuevo', 'mm', 13, 40, 14, 2, 5, 14, 0, 2, 0, 1, 1, '2025-08-10', 8015, 1, NULL, 1, '2025-08-13 14:46:18', '2025-08-13 14:46:18'),
(47, 'aut', 6, '010-020-568', '7907870475934', NULL, 'nuevo', 'bolsas', 17, 30, 13, 2, 5, 12, 5, 2, 3, 5, 1, '2025-08-07', 8382, 1, 'admin', 1, '2025-08-13 14:46:18', '2025-08-21 01:47:20'),
(48, 'molestiae', 19, '010-090-1458', '5671726997322', NULL, 'usado sin detalles', 'tiras', 17, 35, 10, 5, 5, 10, 3, 5, 2, 3, 1, '2025-08-07', 5629, 1, NULL, 1, '2025-08-13 14:46:18', '2025-08-13 14:46:18'),
(49, 'veniam', 16, '010-020-1609', '3078881744037', NULL, 'usado con fallas', 'tinetas', 11, 38, 6, 5, 5, 10, 1, 2, 0, 4, 2, '2025-08-09', 1970, 1, 'admin', 1, '2025-08-13 14:46:18', '2025-08-21 02:07:45'),
(50, 'omnis', 19, '010-130-1668', '5558263738017', NULL, 'usado con fallas', 'cm', 19, 21, 10, 3, 3, 12, 4, 2, 1, 3, 1, '2025-08-12', 1202, 1, NULL, 1, '2025-08-13 14:46:18', '2025-08-13 14:46:18'),
(51, 'saepe', 11, '010-190-1345', '6135989473706', NULL, 'nuevo', 'M', 17, 35, 12, 1, 5, 12, 5, 3, 3, 1, 2, '2025-08-09', 1584, 1, NULL, 1, '2025-08-13 14:46:18', '2025-08-13 14:46:18'),
(52, 'enim', 9, '010-220-703', '3248952343906', NULL, 'usado con detalles', 'paquetes', 15, 35, 10, 3, 3, 8, 1, 5, 1, 0, 1, '2025-08-12', 2374, 1, NULL, 1, '2025-08-13 14:46:18', '2025-08-13 14:46:18'),
(53, 'velit', 7, '010-050-402', '7097839171981', NULL, 'usado con fallas', 'tiras', 12, 21, 13, 1, 3, 14, 1, 5, 2, 3, 0, '2025-08-09', 6306, 1, NULL, 1, '2025-08-13 14:46:18', '2025-08-13 14:46:18'),
(54, 'quis', 21, '010-160-1591', '4053291816665', NULL, 'usado sin detalles', 'Kg', 17, 38, 5, 1, 2, 16, 5, 4, 1, 3, 0, '2025-08-11', 9511, 1, NULL, 1, '2025-08-13 14:46:18', '2025-08-13 14:46:18'),
(55, 'ea', 5, '010-110-687', '2493364285127', NULL, 'usado sin detalles', 'media tinetas', 20, 29, 12, 5, 5, 15, 4, 0, 2, 2, 3, '2025-08-08', 1435, 1, NULL, 1, '2025-08-13 14:46:18', '2025-08-13 14:46:18'),
(56, 'unde', 8, '010-020-1454', '6615664189899', NULL, 'nuevo', 'tinetas', 19, 22, 10, 1, 2, 16, 2, 3, 2, 3, 0, '2025-08-09', 7705, 1, NULL, 1, '2025-08-13 14:46:18', '2025-08-13 14:46:18'),
(57, 'neque', 6, '010-090-604', '7071088573802', NULL, 'usado sin detalles', 'cajas', 14, 21, 13, 3, 4, 8, 2, 1, 1, 1, 2, '2025-08-09', 2633, 1, NULL, 1, '2025-08-13 14:46:18', '2025-08-13 14:46:18'),
(58, 'et', 11, '010-180-2284', '2653809815573', NULL, 'usado con detalles', 'tarros', 10, 21, 5, 5, 2, 11, 5, 4, 0, 2, 0, '2025-08-11', 9370, 1, NULL, 1, '2025-08-13 14:46:18', '2025-08-13 14:46:18'),
(59, 'nobis', 5, '010-100-431', '9112861413040', NULL, 'usado con fallas', 'paquetes', 17, 33, 9, 5, 1, 9, 4, 0, 2, 2, 3, '2025-08-10', 3205, 1, NULL, 1, '2025-08-13 14:46:18', '2025-08-13 14:46:18'),
(60, 'aliquam', 7, '010-200-2148', '4973461361064', NULL, 'nuevo', 'pares', 18, 28, 11, 5, 5, 21, -10, 4, 3, 3, 1, '2025-08-12', 1851, 1, NULL, 1, '2025-08-13 14:46:18', '2025-08-20 03:34:45'),
(61, 'neque', 23, '010-090-215', '3301339065157', NULL, 'usado sin detalles', 'dispensadores', 11, 30, 8, 1, 5, 16, 1, 4, 1, 2, 1, '2025-08-09', 4745, 1, NULL, 1, '2025-08-13 14:46:18', '2025-08-13 14:46:18'),
(62, 'ratione', 7, '010-140-2134', '1887819070832', NULL, 'usado sin detalles', 'mm', 17, 32, 6, 2, 3, 16, 2, 0, 3, 1, 3, '2025-08-08', 8252, 1, NULL, 1, '2025-08-13 14:46:18', '2025-08-13 14:46:18'),
(63, 'illum', 8, '010-210-2132', '3803285961656', NULL, 'usado con fallas', 'Lt', 11, 34, 5, 3, 2, 14, 2, 5, 0, 0, 1, '2025-08-08', 4882, 1, NULL, 1, '2025-08-13 14:46:18', '2025-08-13 14:46:18'),
(64, 'atque', 1, '010-210-1155', '8092822173637', NULL, 'usado sin detalles', 'bolsas', 20, 32, 5, 2, 4, 10, 1, 3, 1, 1, 3, '2025-08-09', 1146, 1, NULL, 1, '2025-08-13 14:46:18', '2025-08-13 14:46:18'),
(65, 'sed', 16, '010-050-486', '0092419344417', NULL, 'usado con fallas', 'gr', 20, 38, 7, 4, 2, 16, 2, 4, 2, 0, 1, '2025-08-12', 8847, 1, NULL, 1, '2025-08-13 14:46:18', '2025-08-13 14:46:18'),
(66, 'dolores', 12, '010-240-987', '5504384189290', NULL, 'usado con fallas', 'cajas', 19, 37, 5, 3, 5, 14, 3, 1, 2, 0, 3, '2025-08-10', 3509, 1, NULL, 1, '2025-08-13 14:46:18', '2025-08-13 14:46:18'),
(67, 'architecto', 24, '010-200-571', '1982148568071', NULL, 'usado sin detalles', 'M3', 10, 26, 12, 5, 5, 14, 2, 5, 2, 2, 1, '2025-08-11', 4650, 1, NULL, 1, '2025-08-13 14:46:18', '2025-08-13 14:46:18'),
(68, 'molestias', 13, '010-210-624', '6168733419606', NULL, 'nuevo', 'dispensadores', 18, 36, 10, 1, 3, 14, 1, 0, 2, 1, 1, '2025-08-09', 5986, 1, NULL, 1, '2025-08-13 14:46:18', '2025-08-13 14:46:18'),
(69, 'ut', 13, '010-240-1271', '9808519481263', NULL, 'usado con fallas', 'tiras', 17, 39, 10, 1, 4, 14, 1, 1, 2, 3, 2, '2025-08-08', 9411, 1, NULL, 1, '2025-08-13 14:46:18', '2025-08-13 14:46:18'),
(70, 'a', 4, '010-180-2094', '1681486407645', NULL, 'usado con detalles', 'M', 20, 23, 15, 4, 1, 13, 1, 1, 1, 0, 1, '2025-08-11', 4065, 1, NULL, 1, '2025-08-13 14:46:18', '2025-08-13 14:46:18'),
(71, 'repellendus', 24, '010-110-1281', '2833706784817', NULL, 'nuevo', 'tarros', 17, 27, 7, 3, 3, 8, 0, 2, 3, 1, 2, '2025-08-12', 9034, 1, NULL, 1, '2025-08-13 14:46:18', '2025-08-13 14:46:18'),
(72, 'distinctio', 8, '010-020-2399', '9229730535168', NULL, 'usado sin detalles', 'tarros', 19, 29, 13, 5, 3, 7, 10, 2, 2, 1, 3, '2025-08-08', 9618, 1, NULL, 1, '2025-08-13 14:46:18', '2025-08-20 00:32:31'),
(73, 'tenetur', 3, '010-200-1402', '8829669322900', NULL, 'usado con detalles', 'tinetas', 18, 33, 14, 1, 2, 8, 1, 1, 1, 2, 3, '2025-08-10', 5686, 1, NULL, 1, '2025-08-13 14:46:18', '2025-08-13 14:46:18'),
(74, 'dolores', 10, '010-200-601', '5646253341443', NULL, 'usado con fallas', 'Kg', 16, 29, 15, 4, 5, 18, 0, 0, 1, 1, 1, '2025-08-08', 4498, 1, NULL, 1, '2025-08-13 14:46:18', '2025-08-20 03:34:09'),
(75, 'sed', 8, '010-090-2139', '9967149780969', NULL, 'nuevo', 'unidades', 19, 22, 7, 5, 4, 12, 2, 0, 2, 2, 1, '2025-08-06', 4649, 1, NULL, 1, '2025-08-13 14:46:18', '2025-08-13 14:46:18'),
(76, 'impedit', 18, '010-030-1162', '8215670239533', NULL, 'usado sin detalles', 'tinetas', 10, 32, 14, 5, 1, 14, 4, 1, 1, 1, 2, '2025-08-12', 3278, 1, NULL, 1, '2025-08-13 14:46:18', '2025-08-19 02:58:42'),
(77, 'recusandae', 17, '010-180-2099', '9906913463974', NULL, 'usado sin detalles', 'tiras', 20, 21, 11, 2, 4, 12, 3, 1, 2, 3, 3, '2025-08-09', 9079, 1, NULL, 1, '2025-08-13 14:46:18', '2025-08-13 14:46:18'),
(78, 'vero', 21, '010-160-575', '6885489369831', NULL, 'usado con detalles', 'gr', 11, 24, 8, 2, 3, 11, 0, 1, 2, 3, 1, '2025-08-07', 4323, 1, NULL, 1, '2025-08-13 14:46:18', '2025-08-13 14:46:18'),
(79, 'quis', 12, '010-090-230', '7912744310518', NULL, 'usado con detalles', 'paquetes', 12, 34, 7, 5, 3, 16, 3, 3, 3, 3, 0, '2025-08-09', 8492, 1, NULL, 1, '2025-08-13 14:46:18', '2025-08-13 14:46:18'),
(80, 'voluptas', 14, '010-190-775', '9083776606721', NULL, 'nuevo', 'tinetas', 13, 26, 5, 4, 2, 12, 0, 0, 3, 2, 2, '2025-08-10', 8084, 1, NULL, 1, '2025-08-13 14:46:18', '2025-08-13 14:46:18'),
(81, 'similique', 15, '010-140-1188', '8938143366221', NULL, 'usado con detalles', 'unidades', 16, 23, 8, 3, 1, 11, 5, 0, 3, 1, 2, '2025-08-08', 3129, 1, NULL, 1, '2025-08-13 14:46:18', '2025-08-13 14:46:18'),
(82, 'sint', 16, '010-030-2484', '3976142772235', NULL, 'nuevo', 'Lt', 17, 31, 8, 5, 3, 15, 1, 4, 1, 3, 2, '2025-08-09', 3233, 1, NULL, 1, '2025-08-13 14:46:18', '2025-08-13 14:46:18'),
(83, 'voluptas', 21, '010-190-277', '9764824947965', NULL, 'nuevo', 'M', 20, 30, 15, 4, 2, 15, 3, 1, 0, 3, 3, '2025-08-10', 5342, 1, NULL, 1, '2025-08-13 14:46:18', '2025-08-13 14:46:18'),
(84, 'sit', 1, '010-200-174', '8105241949148', NULL, 'nuevo', 'gr', 13, 38, 5, 4, 5, 9, 1, 2, 0, 0, 3, '2025-08-08', 2925, 1, NULL, 1, '2025-08-13 14:46:18', '2025-08-13 14:46:18'),
(85, 'itaque', 24, '010-060-57', '4416799000538', NULL, 'nuevo', 'dispensadores', 16, 33, 13, 3, 3, 11, 1, 0, 0, 2, 0, '2025-08-07', 5948, 1, NULL, 1, '2025-08-13 14:46:18', '2025-08-13 14:46:18'),
(86, 'sint', 10, '010-230-2009', '9075298325297', NULL, 'usado con detalles', 'mm', 19, 40, 9, 4, 5, 10, 1, 5, 0, 0, 3, '2025-08-12', 6610, 1, NULL, 1, '2025-08-13 14:46:18', '2025-08-13 14:46:18'),
(87, 'quae', 6, '010-140-116', '6992543780263', NULL, 'nuevo', 'media tinetas', 18, 35, 11, 4, 3, 8, 1, 5, 1, 1, 0, '2025-08-11', 7668, 1, NULL, 1, '2025-08-13 14:46:18', '2025-08-13 14:46:18'),
(88, 'eos', 3, '010-130-895', '0530097539652', NULL, 'usado con detalles', 'cuarto de galones', 12, 31, 6, 5, 5, 16, 1, 1, 0, 3, 0, '2025-08-07', 9998, 1, NULL, 1, '2025-08-13 14:46:18', '2025-08-13 14:46:18'),
(89, 'ab', 19, '010-110-381', '9523121773765', NULL, 'usado sin detalles', 'Lt', 20, 31, 10, 4, 2, 10, 4, 3, 2, 3, 0, '2025-08-10', 8660, 1, NULL, 1, '2025-08-13 14:46:18', '2025-08-13 14:46:18'),
(90, 'qui', 10, '010-060-806', '6487636449702', NULL, 'usado con detalles', 'M', 17, 28, 7, 4, 5, 18, -2, 5, 2, 2, 2, '2025-08-11', 9606, 1, NULL, 1, '2025-08-13 14:46:18', '2025-08-20 02:39:45'),
(91, 'dolores', 13, '010-170-2079', '7036052830008', NULL, 'nuevo', 'mm', 17, 27, 11, 2, 3, 12, 0, 1, 1, 2, 3, '2025-08-06', 6266, 1, NULL, 1, '2025-08-13 14:46:18', '2025-08-13 14:46:18'),
(92, 'alias', 1, '010-200-812', '2238171666864', NULL, 'usado con detalles', 'cajas', 17, 36, 9, 2, 1, 16, 0, 2, 3, 1, 0, '2025-08-11', 7573, 1, NULL, 1, '2025-08-13 14:46:18', '2025-08-13 14:46:18'),
(93, 'nisi', 20, '010-160-1564', '8882876977608', NULL, 'usado sin detalles', 'M', 12, 36, 11, 4, 3, 11, 5, 2, 3, 3, 3, '2025-08-07', 5370, 1, NULL, 1, '2025-08-13 14:46:18', '2025-08-13 14:46:18'),
(94, 'quia', 2, '010-150-2166', '4324245180621', NULL, 'usado con detalles', 'gr', 18, 34, 14, 5, 1, 10, 4, 1, 2, 2, 0, '2025-08-08', 8191, 1, NULL, 1, '2025-08-13 14:46:18', '2025-08-13 14:46:18'),
(95, 'aliquid', 15, '010-030-1391', '1262487806851', NULL, 'nuevo', 'media tinetas', 14, 32, 10, 5, 2, 14, 3, 3, 2, 3, 0, '2025-08-10', 3618, 1, 'admin', 1, '2025-08-13 14:46:18', '2025-08-21 02:29:08'),
(96, 'molestiae', 4, '010-190-1258', '5136504073181', NULL, 'usado con detalles', 'M2', 13, 25, 13, 4, 2, 12, 4, 2, 3, 1, 0, '2025-08-06', 2060, 1, NULL, 1, '2025-08-13 14:46:18', '2025-08-13 14:46:18'),
(97, 'distinctio', 17, '010-240-1842', '2397559985482', NULL, 'nuevo', 'rollos', 12, 34, 9, 2, 3, 15, 1, 5, 1, 1, 2, '2025-08-09', 9159, 1, NULL, 1, '2025-08-13 14:46:18', '2025-08-13 14:46:18'),
(98, 'rem', 18, '010-040-810', '0174241046896', NULL, 'usado con fallas', 'M3', 17, 25, 10, 2, 3, 16, 3, 2, 0, 0, 0, '2025-08-10', 9108, 1, NULL, 1, '2025-08-13 14:46:18', '2025-08-13 14:46:18'),
(99, 'magnam', 16, '010-210-1889', '2239118738200', NULL, 'nuevo', 'Kg', 20, 27, 13, 2, 1, 9, 3, 3, 0, 3, 2, '2025-08-08', 7615, 1, NULL, 1, '2025-08-13 14:46:18', '2025-08-13 14:46:18'),
(100, 'voluptas', 17, '010-170-2051', '3632697933735', NULL, 'nuevo', 'unidades', 16, 26, 12, 1, 2, 12, 4, 3, 0, 1, 0, '2025-08-08', 1637, 1, NULL, 1, '2025-08-13 14:46:18', '2025-08-13 14:46:18');

-- --------------------------------------------------------

--
-- Estructura de tabla para la tabla `htadevolucionitems`
--

CREATE TABLE `htadevolucionitems` (
  `id` bigint(20) UNSIGNED NOT NULL,
  `htadevolucion_id` bigint(20) UNSIGNED NOT NULL,
  `herramienta_id` bigint(20) UNSIGNED NOT NULL,
  `htaentregasitem_id` bigint(20) UNSIGNED NOT NULL,
  `cantidad` bigint(20) NOT NULL,
  `condicion` varchar(120) DEFAULT NULL,
  `fecha_baja` date DEFAULT NULL,
  `baja_por` varchar(60) DEFAULT NULL,
  `estado` int(11) NOT NULL DEFAULT 1,
  `created_at` timestamp NULL DEFAULT NULL,
  `updated_at` timestamp NULL DEFAULT NULL
) ENGINE=InnoDB DEFAULT CHARSET=utf8 COLLATE=utf8_spanish2_ci;

--
-- Volcado de datos para la tabla `htadevolucionitems`
--

INSERT INTO `htadevolucionitems` (`id`, `htadevolucion_id`, `herramienta_id`, `htaentregasitem_id`, `cantidad`, `condicion`, `fecha_baja`, `baja_por`, `estado`, `created_at`, `updated_at`) VALUES
(1, 21, 98, 135, 2, 'usado con detalles', NULL, NULL, 1, '2025-08-13 14:47:01', '2025-08-13 14:47:02'),
(2, 45, 96, 128, 3, 'usado sin detalles', NULL, NULL, 1, '2025-08-13 14:47:01', '2025-08-13 14:47:02'),
(3, 28, 75, 91, 2, 'nuevo', NULL, NULL, 1, '2025-08-13 14:47:01', '2025-08-13 14:47:02'),
(4, 4, 79, 56, 4, 'usado con detalles', NULL, NULL, 1, '2025-08-13 14:47:01', '2025-08-13 14:47:02'),
(5, 4, 1, 6, 2, 'usado con fallas', NULL, NULL, 1, '2025-08-13 14:47:01', '2025-08-13 14:47:02'),
(6, 24, 48, 73, 3, 'usado con fallas', NULL, NULL, 1, '2025-08-13 14:47:01', '2025-08-13 14:47:02'),
(7, 32, 56, 137, 3, 'usado con detalles', NULL, NULL, 1, '2025-08-13 14:47:01', '2025-08-13 14:47:02'),
(8, 26, 95, 3, 1, 'usado sin detalles', NULL, NULL, 1, '2025-08-13 14:47:01', '2025-08-13 14:47:02'),
(9, 46, 90, 26, 4, 'usado con detalles', NULL, NULL, 1, '2025-08-13 14:47:01', '2025-08-13 14:47:02'),
(10, 21, 70, 48, 3, 'usado sin detalles', NULL, NULL, 1, '2025-08-13 14:47:01', '2025-08-13 14:47:02'),
(11, 10, 16, 102, 2, 'usado con detalles', NULL, NULL, 1, '2025-08-13 14:47:01', '2025-08-13 14:47:02'),
(12, 2, 90, 47, 2, 'usado sin detalles', NULL, NULL, 1, '2025-08-13 14:47:01', '2025-08-13 14:47:02'),
(13, 1, 2, 13, 2, 'nuevo', NULL, NULL, 1, '2025-08-13 14:47:01', '2025-08-13 14:47:02'),
(14, 36, 56, 145, 1, 'usado con fallas', NULL, NULL, 1, '2025-08-13 14:47:01', '2025-08-13 14:47:02'),
(15, 14, 88, 3, 1, 'nuevo', NULL, NULL, 1, '2025-08-13 14:47:01', '2025-08-13 14:47:02'),
(16, 45, 53, 42, 2, 'usado con fallas', NULL, NULL, 1, '2025-08-13 14:47:01', '2025-08-13 14:47:02'),
(17, 18, 98, 150, 4, 'nuevo', NULL, NULL, 1, '2025-08-13 14:47:01', '2025-08-13 14:47:02'),
(18, 11, 30, 93, 1, 'usado sin detalles', NULL, NULL, 1, '2025-08-13 14:47:01', '2025-08-13 14:47:02'),
(19, 18, 70, 122, 3, 'usado sin detalles', NULL, NULL, 1, '2025-08-13 14:47:01', '2025-08-13 14:47:02'),
(20, 36, 58, 45, 1, 'nuevo', NULL, NULL, 1, '2025-08-13 14:47:01', '2025-08-13 14:47:02'),
(21, 41, 21, 141, 4, 'usado con fallas', NULL, NULL, 1, '2025-08-13 14:47:01', '2025-08-13 14:47:02'),
(22, 42, 82, 104, 2, 'usado con detalles', NULL, NULL, 1, '2025-08-13 14:47:01', '2025-08-13 14:47:02'),
(23, 14, 89, 127, 3, 'usado con detalles', NULL, NULL, 1, '2025-08-13 14:47:01', '2025-08-13 14:47:02'),
(24, 14, 8, 19, 4, 'nuevo', NULL, NULL, 1, '2025-08-13 14:47:01', '2025-08-13 14:47:02'),
(25, 22, 77, 111, 3, 'usado con fallas', NULL, NULL, 1, '2025-08-13 14:47:01', '2025-08-13 14:47:02'),
(26, 25, 94, 28, 1, 'nuevo', NULL, NULL, 1, '2025-08-13 14:47:01', '2025-08-13 14:47:02'),
(27, 38, 9, 98, 2, 'usado con fallas', NULL, NULL, 1, '2025-08-13 14:47:01', '2025-08-13 14:47:02'),
(28, 40, 99, 47, 2, 'usado sin detalles', NULL, NULL, 1, '2025-08-13 14:47:01', '2025-08-13 14:47:02'),
(29, 42, 3, 73, 3, 'usado con detalles', NULL, NULL, 1, '2025-08-13 14:47:01', '2025-08-13 14:47:02'),
(30, 22, 42, 57, 4, 'usado con fallas', NULL, NULL, 1, '2025-08-13 14:47:01', '2025-08-13 14:47:02'),
(31, 24, 59, 35, 2, 'nuevo', NULL, NULL, 1, '2025-08-13 14:47:01', '2025-08-13 14:47:02'),
(32, 2, 57, 135, 3, 'usado sin detalles', NULL, NULL, 1, '2025-08-13 14:47:01', '2025-08-13 14:47:02'),
(33, 28, 12, 100, 2, 'nuevo', NULL, NULL, 1, '2025-08-13 14:47:01', '2025-08-13 14:47:02'),
(34, 1, 12, 65, 2, 'nuevo', NULL, NULL, 1, '2025-08-13 14:47:01', '2025-08-13 14:47:02'),
(35, 49, 98, 26, 1, 'usado con fallas', NULL, NULL, 1, '2025-08-13 14:47:01', '2025-08-13 14:47:02'),
(36, 14, 81, 24, 4, 'usado sin detalles', NULL, NULL, 1, '2025-08-13 14:47:01', '2025-08-13 14:47:02'),
(37, 21, 42, 10, 2, 'nuevo', NULL, NULL, 1, '2025-08-13 14:47:01', '2025-08-13 14:47:02'),
(38, 23, 49, 64, 4, 'nuevo', NULL, NULL, 1, '2025-08-13 14:47:01', '2025-08-13 14:47:02'),
(39, 39, 47, 32, 1, 'usado con detalles', NULL, NULL, 1, '2025-08-13 14:47:01', '2025-08-13 14:47:02'),
(40, 46, 11, 21, 2, 'usado sin detalles', NULL, NULL, 1, '2025-08-13 14:47:01', '2025-08-13 14:47:02'),
(41, 15, 89, 56, 4, 'nuevo', NULL, NULL, 1, '2025-08-13 14:47:01', '2025-08-13 14:47:02'),
(42, 11, 75, 85, 2, 'nuevo', NULL, NULL, 1, '2025-08-13 14:47:01', '2025-08-13 14:47:02'),
(43, 46, 3, 111, 4, 'usado con fallas', NULL, NULL, 1, '2025-08-13 14:47:01', '2025-08-13 14:47:02'),
(44, 46, 72, 86, 3, 'usado sin detalles', NULL, NULL, 1, '2025-08-13 14:47:01', '2025-08-13 14:47:02'),
(45, 12, 70, 96, 3, 'nuevo', NULL, NULL, 1, '2025-08-13 14:47:01', '2025-08-13 14:47:02'),
(46, 4, 74, 31, 4, 'usado con fallas', NULL, NULL, 1, '2025-08-13 14:47:01', '2025-08-13 14:47:02'),
(47, 11, 80, 63, 4, 'usado con fallas', NULL, NULL, 1, '2025-08-13 14:47:01', '2025-08-13 14:47:02'),
(48, 21, 99, 110, 1, 'nuevo', NULL, NULL, 1, '2025-08-13 14:47:01', '2025-08-13 14:47:02'),
(49, 20, 54, 85, 4, 'usado sin detalles', NULL, NULL, 1, '2025-08-13 14:47:01', '2025-08-13 14:47:02'),
(50, 32, 47, 4, 4, 'usado con fallas', NULL, NULL, 1, '2025-08-13 14:47:01', '2025-08-13 14:47:02'),
(51, 14, 78, 41, 3, 'nuevo', NULL, NULL, 1, '2025-08-13 14:47:01', '2025-08-13 14:47:02'),
(52, 11, 68, 94, 2, 'usado sin detalles', NULL, NULL, 1, '2025-08-13 14:47:01', '2025-08-13 14:47:02'),
(53, 11, 92, 115, 2, 'usado con fallas', NULL, NULL, 1, '2025-08-13 14:47:01', '2025-08-13 14:47:02'),
(54, 50, 87, 127, 1, 'nuevo', NULL, NULL, 1, '2025-08-13 14:47:01', '2025-08-13 14:47:02'),
(55, 29, 56, 120, 4, 'usado con detalles', NULL, NULL, 1, '2025-08-13 14:47:01', '2025-08-13 14:47:02'),
(56, 39, 32, 135, 3, 'usado con detalles', NULL, NULL, 1, '2025-08-13 14:47:01', '2025-08-13 14:47:02'),
(57, 15, 12, 81, 2, 'usado sin detalles', NULL, NULL, 1, '2025-08-13 14:47:01', '2025-08-13 14:47:02'),
(58, 3, 93, 129, 2, 'usado con fallas', NULL, NULL, 1, '2025-08-13 14:47:01', '2025-08-13 14:47:02'),
(59, 46, 54, 9, 4, 'usado con fallas', NULL, NULL, 1, '2025-08-13 14:47:01', '2025-08-13 14:47:02'),
(60, 30, 87, 122, 2, 'usado sin detalles', NULL, NULL, 1, '2025-08-13 14:47:01', '2025-08-13 14:47:02'),
(61, 32, 59, 42, 4, 'nuevo', NULL, NULL, 1, '2025-08-13 14:47:01', '2025-08-13 14:47:02'),
(62, 36, 38, 82, 2, 'usado con detalles', NULL, NULL, 1, '2025-08-13 14:47:01', '2025-08-13 14:47:02'),
(63, 28, 43, 99, 2, 'usado sin detalles', NULL, NULL, 1, '2025-08-13 14:47:01', '2025-08-13 14:47:02'),
(64, 45, 46, 114, 1, 'usado con detalles', NULL, NULL, 1, '2025-08-13 14:47:01', '2025-08-13 14:47:02'),
(65, 39, 70, 82, 4, 'usado sin detalles', NULL, NULL, 1, '2025-08-13 14:47:01', '2025-08-13 14:47:02'),
(66, 32, 29, 119, 2, 'usado con fallas', NULL, NULL, 1, '2025-08-13 14:47:01', '2025-08-13 14:47:02'),
(67, 27, 36, 97, 3, 'usado con fallas', NULL, NULL, 1, '2025-08-13 14:47:01', '2025-08-13 14:47:02'),
(68, 12, 87, 37, 1, 'usado con detalles', NULL, NULL, 1, '2025-08-13 14:47:01', '2025-08-13 14:47:02'),
(69, 4, 100, 7, 2, 'usado con fallas', NULL, NULL, 1, '2025-08-13 14:47:01', '2025-08-13 14:47:02'),
(70, 31, 39, 18, 2, 'nuevo', NULL, NULL, 1, '2025-08-13 14:47:01', '2025-08-13 14:47:02'),
(71, 46, 42, 140, 3, 'usado con fallas', NULL, NULL, 1, '2025-08-13 14:47:01', '2025-08-13 14:47:02'),
(72, 36, 42, 105, 4, 'usado con detalles', NULL, NULL, 1, '2025-08-13 14:47:01', '2025-08-13 14:47:02'),
(73, 1, 40, 33, 1, 'nuevo', NULL, NULL, 1, '2025-08-13 14:47:01', '2025-08-13 14:47:02'),
(74, 19, 24, 123, 4, 'usado con fallas', NULL, NULL, 1, '2025-08-13 14:47:01', '2025-08-13 14:47:02'),
(75, 26, 76, 102, 2, 'usado sin detalles', NULL, NULL, 1, '2025-08-13 14:47:01', '2025-08-13 14:47:02'),
(76, 43, 73, 53, 3, 'usado sin detalles', NULL, NULL, 1, '2025-08-13 14:47:01', '2025-08-13 14:47:02'),
(77, 18, 19, 14, 2, 'usado sin detalles', NULL, NULL, 1, '2025-08-13 14:47:01', '2025-08-13 14:47:02'),
(78, 25, 11, 54, 1, 'usado sin detalles', NULL, NULL, 1, '2025-08-13 14:47:01', '2025-08-13 14:47:02'),
(79, 31, 9, 88, 4, 'nuevo', NULL, NULL, 1, '2025-08-13 14:47:01', '2025-08-13 14:47:02'),
(80, 1, 100, 87, 1, 'usado con fallas', NULL, NULL, 1, '2025-08-13 14:47:01', '2025-08-13 14:47:02'),
(81, 2, 84, 105, 4, 'usado con fallas', NULL, NULL, 1, '2025-08-13 14:47:01', '2025-08-13 14:47:02'),
(82, 1, 70, 81, 2, 'usado sin detalles', NULL, NULL, 1, '2025-08-13 14:47:01', '2025-08-13 14:47:02'),
(83, 49, 93, 12, 1, 'usado con detalles', NULL, NULL, 1, '2025-08-13 14:47:01', '2025-08-13 14:47:02'),
(84, 24, 88, 61, 1, 'usado con detalles', NULL, NULL, 1, '2025-08-13 14:47:01', '2025-08-13 14:47:02'),
(85, 13, 22, 27, 2, 'usado con fallas', NULL, NULL, 1, '2025-08-13 14:47:01', '2025-08-13 14:47:02'),
(86, 1, 94, 135, 3, 'usado con fallas', NULL, NULL, 1, '2025-08-13 14:47:01', '2025-08-13 14:47:02'),
(87, 16, 87, 142, 4, 'usado con detalles', NULL, NULL, 1, '2025-08-13 14:47:01', '2025-08-13 14:47:02'),
(88, 4, 82, 19, 1, 'usado con detalles', NULL, NULL, 1, '2025-08-13 14:47:01', '2025-08-13 14:47:02'),
(89, 34, 52, 45, 2, 'usado con detalles', NULL, NULL, 1, '2025-08-13 14:47:01', '2025-08-13 14:47:02'),
(90, 13, 4, 19, 1, 'usado sin detalles', NULL, NULL, 1, '2025-08-13 14:47:01', '2025-08-13 14:47:02'),
(91, 44, 6, 94, 3, 'usado con detalles', NULL, NULL, 1, '2025-08-13 14:47:01', '2025-08-13 14:47:02'),
(92, 28, 36, 38, 2, 'nuevo', NULL, NULL, 1, '2025-08-13 14:47:01', '2025-08-13 14:47:02'),
(93, 10, 33, 5, 3, 'usado sin detalles', NULL, NULL, 1, '2025-08-13 14:47:01', '2025-08-13 14:47:02'),
(94, 24, 50, 143, 4, 'usado sin detalles', NULL, NULL, 1, '2025-08-13 14:47:01', '2025-08-13 14:47:02'),
(95, 46, 74, 18, 2, 'usado con detalles', NULL, NULL, 1, '2025-08-13 14:47:01', '2025-08-13 14:47:02'),
(96, 23, 81, 63, 2, 'usado con fallas', NULL, NULL, 1, '2025-08-13 14:47:01', '2025-08-13 14:47:02'),
(97, 37, 37, 43, 2, 'nuevo', NULL, NULL, 1, '2025-08-13 14:47:01', '2025-08-13 14:47:02'),
(98, 8, 67, 31, 3, 'usado sin detalles', NULL, NULL, 1, '2025-08-13 14:47:01', '2025-08-13 14:47:02'),
(99, 2, 63, 74, 4, 'usado sin detalles', NULL, NULL, 1, '2025-08-13 14:47:01', '2025-08-13 14:47:02'),
(100, 44, 86, 53, 1, 'usado con fallas', NULL, NULL, 1, '2025-08-13 14:47:01', '2025-08-13 14:47:02'),
(101, 50, 83, 18, 4, 'usado con detalles', NULL, NULL, 1, '2025-08-13 14:47:01', '2025-08-13 14:47:02'),
(102, 23, 49, 135, 3, 'usado sin detalles', NULL, NULL, 1, '2025-08-13 14:47:01', '2025-08-13 14:47:02'),
(103, 17, 66, 27, 3, 'usado con detalles', NULL, NULL, 1, '2025-08-13 14:47:01', '2025-08-13 14:47:02'),
(104, 23, 6, 122, 1, 'nuevo', NULL, NULL, 1, '2025-08-13 14:47:01', '2025-08-13 14:47:02'),
(105, 30, 1, 27, 4, 'usado sin detalles', NULL, NULL, 1, '2025-08-13 14:47:01', '2025-08-13 14:47:02'),
(106, 28, 91, 66, 3, 'usado con detalles', NULL, NULL, 1, '2025-08-13 14:47:01', '2025-08-13 14:47:02'),
(107, 45, 71, 31, 4, 'usado con fallas', NULL, NULL, 1, '2025-08-13 14:47:01', '2025-08-13 14:47:02'),
(108, 27, 97, 52, 3, 'usado con detalles', NULL, NULL, 1, '2025-08-13 14:47:01', '2025-08-13 14:47:02'),
(109, 22, 28, 55, 1, 'usado con detalles', NULL, NULL, 1, '2025-08-13 14:47:01', '2025-08-13 14:47:02'),
(110, 15, 77, 34, 3, 'nuevo', NULL, NULL, 1, '2025-08-13 14:47:01', '2025-08-13 14:47:02'),
(111, 17, 69, 100, 3, 'nuevo', NULL, NULL, 1, '2025-08-13 14:47:01', '2025-08-13 14:47:02'),
(112, 34, 7, 59, 1, 'usado con detalles', NULL, NULL, 1, '2025-08-13 14:47:01', '2025-08-13 14:47:02'),
(113, 32, 43, 11, 1, 'nuevo', NULL, NULL, 1, '2025-08-13 14:47:01', '2025-08-13 14:47:02'),
(114, 10, 36, 121, 3, 'usado con detalles', NULL, NULL, 1, '2025-08-13 14:47:01', '2025-08-13 14:47:02'),
(115, 4, 62, 88, 4, 'nuevo', NULL, NULL, 1, '2025-08-13 14:47:01', '2025-08-13 14:47:02'),
(116, 45, 38, 31, 2, 'usado con fallas', NULL, NULL, 1, '2025-08-13 14:47:01', '2025-08-13 14:47:02'),
(117, 48, 57, 99, 1, 'nuevo', NULL, NULL, 1, '2025-08-13 14:47:01', '2025-08-13 14:47:02'),
(118, 37, 15, 23, 4, 'usado sin detalles', NULL, NULL, 1, '2025-08-13 14:47:01', '2025-08-13 14:47:02'),
(119, 1, 91, 10, 2, 'nuevo', NULL, NULL, 1, '2025-08-13 14:47:01', '2025-08-13 14:47:02'),
(120, 29, 67, 87, 3, 'nuevo', NULL, NULL, 1, '2025-08-13 14:47:01', '2025-08-13 14:47:02'),
(121, 29, 53, 120, 1, 'usado sin detalles', NULL, NULL, 1, '2025-08-13 14:47:01', '2025-08-13 14:47:02'),
(122, 50, 86, 66, 3, 'nuevo', NULL, NULL, 1, '2025-08-13 14:47:01', '2025-08-13 14:47:02'),
(123, 20, 5, 8, 4, 'usado con detalles', NULL, NULL, 1, '2025-08-13 14:47:01', '2025-08-13 14:47:02'),
(124, 32, 76, 108, 2, 'usado con detalles', NULL, NULL, 1, '2025-08-13 14:47:01', '2025-08-13 14:47:02'),
(125, 41, 56, 17, 1, 'usado con fallas', NULL, NULL, 1, '2025-08-13 14:47:01', '2025-08-13 14:47:02'),
(126, 32, 78, 76, 2, 'usado sin detalles', NULL, NULL, 1, '2025-08-13 14:47:01', '2025-08-13 14:47:02'),
(127, 14, 86, 66, 3, 'nuevo', NULL, NULL, 1, '2025-08-13 14:47:01', '2025-08-13 14:47:02'),
(128, 33, 61, 123, 1, 'usado con detalles', NULL, NULL, 1, '2025-08-13 14:47:01', '2025-08-13 14:47:02'),
(129, 11, 66, 59, 2, 'usado con detalles', NULL, NULL, 1, '2025-08-13 14:47:01', '2025-08-13 14:47:02'),
(130, 22, 46, 59, 2, 'usado con detalles', NULL, NULL, 1, '2025-08-13 14:47:01', '2025-08-13 14:47:02'),
(131, 32, 28, 148, 3, 'usado con fallas', NULL, NULL, 1, '2025-08-13 14:47:01', '2025-08-13 14:47:02'),
(132, 7, 30, 51, 1, 'usado con fallas', NULL, NULL, 1, '2025-08-13 14:47:01', '2025-08-13 14:47:02'),
(133, 45, 57, 127, 1, 'usado con detalles', NULL, NULL, 1, '2025-08-13 14:47:01', '2025-08-13 14:47:02'),
(134, 38, 6, 136, 2, 'usado con detalles', NULL, NULL, 1, '2025-08-13 14:47:01', '2025-08-13 14:47:02'),
(135, 10, 36, 80, 1, 'usado con fallas', NULL, NULL, 1, '2025-08-13 14:47:01', '2025-08-13 14:47:02'),
(136, 4, 98, 42, 1, 'nuevo', NULL, NULL, 1, '2025-08-13 14:47:01', '2025-08-13 14:47:02'),
(137, 14, 1, 50, 2, 'usado con detalles', NULL, NULL, 1, '2025-08-13 14:47:01', '2025-08-13 14:47:02'),
(138, 11, 80, 5, 3, 'usado sin detalles', NULL, NULL, 1, '2025-08-13 14:47:01', '2025-08-13 14:47:02'),
(139, 45, 14, 63, 1, 'usado sin detalles', NULL, NULL, 1, '2025-08-13 14:47:02', '2025-08-13 14:47:02'),
(140, 39, 45, 70, 3, 'usado sin detalles', NULL, NULL, 1, '2025-08-13 14:47:02', '2025-08-13 14:47:02'),
(141, 7, 46, 126, 4, 'usado con fallas', NULL, NULL, 1, '2025-08-13 14:47:02', '2025-08-13 14:47:02'),
(142, 26, 34, 31, 1, 'usado con detalles', NULL, NULL, 1, '2025-08-13 14:47:02', '2025-08-13 14:47:02'),
(143, 32, 1, 11, 3, 'nuevo', NULL, NULL, 1, '2025-08-13 14:47:02', '2025-08-13 14:47:02'),
(144, 1, 51, 27, 3, 'usado con fallas', NULL, NULL, 1, '2025-08-13 14:47:02', '2025-08-13 14:47:02'),
(145, 2, 37, 27, 3, 'usado con fallas', NULL, NULL, 1, '2025-08-13 14:47:02', '2025-08-13 14:47:02'),
(146, 27, 24, 144, 4, 'nuevo', NULL, NULL, 1, '2025-08-13 14:47:02', '2025-08-13 14:47:02'),
(147, 22, 67, 49, 1, 'nuevo', NULL, NULL, 1, '2025-08-13 14:47:02', '2025-08-13 14:47:02'),
(148, 19, 16, 94, 1, 'usado sin detalles', NULL, NULL, 1, '2025-08-13 14:47:02', '2025-08-13 14:47:02'),
(149, 48, 85, 34, 3, 'usado con detalles', NULL, NULL, 1, '2025-08-13 14:47:02', '2025-08-13 14:47:02'),
(150, 17, 26, 75, 2, 'nuevo', NULL, NULL, 1, '2025-08-13 14:47:02', '2025-08-13 14:47:02'),
(151, 51, 43, 16, 1, ' ', NULL, NULL, 1, '2025-08-20 02:38:40', '2025-08-20 02:38:40'),
(152, 52, 90, 11, 4, ' ', NULL, NULL, 1, '2025-08-20 02:39:45', '2025-08-20 02:39:45'),
(153, 53, 10, 133, 1, ' ', NULL, NULL, 1, '2025-08-20 03:29:10', '2025-08-20 03:29:10'),
(154, 54, 74, 118, 1, ' ', NULL, NULL, 1, '2025-08-20 03:33:33', '2025-08-20 03:33:33'),
(155, 55, 74, 118, 2, ' ', NULL, NULL, 1, '2025-08-20 03:34:09', '2025-08-20 03:34:09'),
(156, 56, 60, 6, 12, ' ', NULL, NULL, 1, '2025-08-20 03:34:45', '2025-08-20 03:34:45');

-- --------------------------------------------------------

--
-- Estructura de tabla para la tabla `htadevolucions`
--

CREATE TABLE `htadevolucions` (
  `id` bigint(20) UNSIGNED NOT NULL,
  `folio` bigint(20) UNSIGNED NOT NULL,
  `htaentrega_id` bigint(20) UNSIGNED NOT NULL,
  `trabajador_id` bigint(20) UNSIGNED NOT NULL,
  `proyecto_id` bigint(20) UNSIGNED NOT NULL,
  `ingresado_por` bigint(20) UNSIGNED NOT NULL,
  `fecha_baja` date DEFAULT NULL,
  `baja_por` varchar(60) DEFAULT NULL,
  `estado` int(11) NOT NULL DEFAULT 1,
  `created_at` timestamp NULL DEFAULT NULL,
  `updated_at` timestamp NULL DEFAULT NULL
) ENGINE=InnoDB DEFAULT CHARSET=utf8 COLLATE=utf8_spanish2_ci;

--
-- Volcado de datos para la tabla `htadevolucions`
--

INSERT INTO `htadevolucions` (`id`, `folio`, `htaentrega_id`, `trabajador_id`, `proyecto_id`, `ingresado_por`, `fecha_baja`, `baja_por`, `estado`, `created_at`, `updated_at`) VALUES
(1, 189, 1, 12, 3, 1, NULL, NULL, 1, '2025-08-13 14:47:01', '2025-08-13 14:47:01'),
(2, 159, 13, 45, 3, 1, NULL, NULL, 1, '2025-08-13 14:47:01', '2025-08-13 14:47:01'),
(3, 82, 1, 19, 1, 1, NULL, NULL, 1, '2025-08-13 14:47:01', '2025-08-13 14:47:01'),
(4, 195, 13, 36, 1, 12, '2025-08-20', 'admin', 0, '2025-08-13 14:47:01', '2025-08-21 02:50:14'),
(5, 78, 18, 35, 3, 1, NULL, NULL, 1, '2025-08-13 14:47:01', '2025-08-13 14:47:01'),
(6, 188, 19, 25, 2, 1, NULL, NULL, 1, '2025-08-13 14:47:01', '2025-08-13 14:47:01'),
(7, 149, 14, 41, 2, 1, NULL, NULL, 1, '2025-08-13 14:47:01', '2025-08-13 14:47:01'),
(8, 87, 4, 50, 2, 1, NULL, NULL, 1, '2025-08-13 14:47:01', '2025-08-13 14:47:01'),
(9, 66, 11, 47, 3, 1, NULL, NULL, 1, '2025-08-13 14:47:01', '2025-08-13 14:47:01'),
(10, 129, 14, 19, 3, 1, NULL, NULL, 1, '2025-08-13 14:47:01', '2025-08-13 14:47:01'),
(11, 12, 5, 54, 2, 1, NULL, NULL, 1, '2025-08-13 14:47:01', '2025-08-13 14:47:01'),
(12, 69, 5, 43, 2, 1, NULL, NULL, 1, '2025-08-13 14:47:01', '2025-08-13 14:47:01'),
(13, 11, 10, 29, 1, 1, NULL, NULL, 1, '2025-08-13 14:47:01', '2025-08-13 14:47:01'),
(14, 137, 12, 37, 2, 1, NULL, NULL, 1, '2025-08-13 14:47:01', '2025-08-13 14:47:01'),
(15, 145, 8, 37, 1, 1, NULL, NULL, 1, '2025-08-13 14:47:01', '2025-08-13 14:47:01'),
(16, 100, 3, 10, 2, 1, NULL, NULL, 1, '2025-08-13 14:47:01', '2025-08-13 14:47:01'),
(17, 119, 18, 38, 1, 1, NULL, NULL, 1, '2025-08-13 14:47:01', '2025-08-13 14:47:01'),
(18, 163, 6, 10, 1, 1, NULL, NULL, 1, '2025-08-13 14:47:01', '2025-08-13 14:47:01'),
(19, 95, 6, 2, 1, 1, NULL, NULL, 1, '2025-08-13 14:47:01', '2025-08-13 14:47:01'),
(20, 158, 7, 26, 3, 1, NULL, NULL, 1, '2025-08-13 14:47:01', '2025-08-13 14:47:01'),
(21, 186, 1, 49, 2, 1, NULL, NULL, 1, '2025-08-13 14:47:01', '2025-08-13 14:47:01'),
(22, 17, 4, 18, 1, 1, NULL, NULL, 1, '2025-08-13 14:47:01', '2025-08-13 14:47:01'),
(23, 107, 17, 3, 1, 1, NULL, NULL, 1, '2025-08-13 14:47:01', '2025-08-13 14:47:01'),
(24, 41, 9, 38, 1, 1, NULL, NULL, 1, '2025-08-13 14:47:01', '2025-08-13 14:47:01'),
(25, 180, 16, 43, 3, 1, NULL, NULL, 1, '2025-08-13 14:47:01', '2025-08-13 14:47:01'),
(26, 8, 17, 24, 2, 1, NULL, NULL, 1, '2025-08-13 14:47:01', '2025-08-13 14:47:01'),
(27, 90, 8, 58, 2, 1, NULL, NULL, 1, '2025-08-13 14:47:01', '2025-08-13 14:47:01'),
(28, 105, 5, 57, 2, 1, NULL, NULL, 1, '2025-08-13 14:47:01', '2025-08-13 14:47:01'),
(29, 152, 7, 8, 3, 1, NULL, NULL, 1, '2025-08-13 14:47:01', '2025-08-13 14:47:01'),
(30, 51, 10, 47, 1, 1, NULL, NULL, 1, '2025-08-13 14:47:01', '2025-08-13 14:47:01'),
(31, 165, 17, 58, 1, 1, NULL, NULL, 1, '2025-08-13 14:47:01', '2025-08-13 14:47:01'),
(32, 98, 20, 39, 1, 1, NULL, NULL, 1, '2025-08-13 14:47:01', '2025-08-13 14:47:01'),
(33, 15, 13, 15, 2, 1, NULL, NULL, 1, '2025-08-13 14:47:01', '2025-08-13 14:47:01'),
(34, 120, 10, 9, 3, 1, NULL, NULL, 1, '2025-08-13 14:47:01', '2025-08-13 14:47:01'),
(35, 168, 7, 38, 3, 1, NULL, NULL, 1, '2025-08-13 14:47:01', '2025-08-13 14:47:01'),
(36, 93, 11, 56, 3, 1, NULL, NULL, 1, '2025-08-13 14:47:01', '2025-08-13 14:47:01'),
(37, 138, 10, 37, 2, 1, NULL, NULL, 1, '2025-08-13 14:47:01', '2025-08-13 14:47:01'),
(38, 112, 5, 22, 1, 1, NULL, NULL, 1, '2025-08-13 14:47:01', '2025-08-13 14:47:01'),
(39, 4, 19, 35, 3, 1, NULL, NULL, 1, '2025-08-13 14:47:01', '2025-08-13 14:47:01'),
(40, 47, 5, 33, 2, 1, NULL, NULL, 1, '2025-08-13 14:47:01', '2025-08-13 14:47:01'),
(41, 182, 20, 3, 2, 1, NULL, NULL, 1, '2025-08-13 14:47:01', '2025-08-13 14:47:01'),
(42, 19, 7, 26, 2, 1, NULL, NULL, 1, '2025-08-13 14:47:01', '2025-08-13 14:47:01'),
(43, 144, 6, 20, 1, 1, NULL, NULL, 1, '2025-08-13 14:47:01', '2025-08-13 14:47:01'),
(44, 22, 12, 33, 2, 1, NULL, NULL, 1, '2025-08-13 14:47:01', '2025-08-13 14:47:01'),
(45, 135, 11, 10, 3, 1, NULL, NULL, 1, '2025-08-13 14:47:01', '2025-08-13 14:47:01'),
(46, 111, 19, 27, 3, 1, NULL, NULL, 1, '2025-08-13 14:47:01', '2025-08-13 14:47:01'),
(47, 198, 6, 31, 1, 1, NULL, NULL, 1, '2025-08-13 14:47:01', '2025-08-13 14:47:01'),
(48, 109, 12, 47, 1, 1, NULL, NULL, 1, '2025-08-13 14:47:01', '2025-08-13 14:47:01'),
(49, 74, 16, 5, 2, 1, NULL, NULL, 1, '2025-08-13 14:47:01', '2025-08-13 14:47:01'),
(50, 174, 2, 36, 3, 1, NULL, NULL, 1, '2025-08-13 14:47:01', '2025-08-13 14:47:01'),
(51, 51, 16, 14, 1, 1, NULL, NULL, 1, '2025-08-20 02:38:40', '2025-08-20 02:38:40'),
(52, 52, 18, 20, 2, 1, NULL, NULL, 1, '2025-08-20 02:39:45', '2025-08-20 02:39:45'),
(53, 53, 7, 12, 2, 1, NULL, NULL, 1, '2025-08-20 03:29:10', '2025-08-20 03:29:10'),
(54, 54, 2, 34, 2, 1, NULL, NULL, 1, '2025-08-20 03:33:33', '2025-08-20 03:33:33'),
(55, 55, 2, 34, 2, 1, NULL, NULL, 1, '2025-08-20 03:34:09', '2025-08-20 03:34:09'),
(56, 56, 2, 34, 2, 1, NULL, NULL, 1, '2025-08-20 03:34:45', '2025-08-20 03:34:45');

-- --------------------------------------------------------

--
-- Estructura de tabla para la tabla `htaentregas`
--

CREATE TABLE `htaentregas` (
  `id` bigint(20) UNSIGNED NOT NULL,
  `trabajador_id` bigint(20) UNSIGNED NOT NULL,
  `empresa_id` bigint(20) UNSIGNED NOT NULL,
  `proyecto_id` bigint(20) UNSIGNED DEFAULT NULL,
  `costo_total` bigint(20) DEFAULT NULL,
  `autorizado_por` varchar(60) DEFAULT NULL,
  `ingresado_por` bigint(20) UNSIGNED NOT NULL,
  `folio` bigint(20) UNSIGNED NOT NULL,
  `fecha_baja` date DEFAULT NULL,
  `baja_por` varchar(60) DEFAULT NULL,
  `estado` int(11) NOT NULL DEFAULT 1,
  `created_at` timestamp NULL DEFAULT NULL,
  `updated_at` timestamp NULL DEFAULT NULL
) ENGINE=InnoDB DEFAULT CHARSET=utf8 COLLATE=utf8_spanish2_ci;

--
-- Volcado de datos para la tabla `htaentregas`
--

INSERT INTO `htaentregas` (`id`, `trabajador_id`, `empresa_id`, `proyecto_id`, `costo_total`, `autorizado_por`, `ingresado_por`, `folio`, `fecha_baja`, `baja_por`, `estado`, `created_at`, `updated_at`) VALUES
(1, 18, 1, 2, 12984, 'Josefa Tovar', 1, 136, NULL, NULL, 1, '2025-08-13 14:46:18', '2025-08-13 14:46:18'),
(2, 34, 1, 2, 49926, 'Mireia Quesada', 1, 34, NULL, NULL, 1, '2025-08-13 14:46:18', '2025-08-13 14:46:18'),
(3, 15, 1, 3, 46671, 'Lidia Guardado', 1, 157, NULL, NULL, 1, '2025-08-13 14:46:18', '2025-08-13 14:46:18'),
(4, 2, 1, 3, 45601, 'Alex Zaragoza', 1, 96, NULL, NULL, 1, '2025-08-13 14:46:18', '2025-08-13 14:46:18'),
(5, 10, 1, 3, 48261, 'César Galindo', 1, 137, NULL, NULL, 1, '2025-08-13 14:46:18', '2025-08-13 14:46:18'),
(6, 3, 1, 2, 29259, 'Iván Macias', 1, 27, NULL, NULL, 1, '2025-08-13 14:46:18', '2025-08-13 14:46:18'),
(7, 12, 1, 2, 32582, 'Arnau Archuleta', 1, 39, NULL, NULL, 1, '2025-08-13 14:46:18', '2025-08-13 14:46:18'),
(8, 7, 1, 3, 24709, 'Mar Escalante', 1, 142, NULL, NULL, 1, '2025-08-13 14:46:18', '2025-08-13 14:46:18'),
(9, 21, 1, 2, 30771, 'Clara Cuevas', 1, 84, NULL, NULL, 1, '2025-08-13 14:46:18', '2025-08-13 14:46:18'),
(10, 39, 1, 3, 44472, 'Francisca Cárdenas', 1, 141, NULL, NULL, 1, '2025-08-13 14:46:18', '2025-08-13 14:46:18'),
(11, 17, 1, 3, 15870, 'Ainara Martos', 1, 30, NULL, NULL, 1, '2025-08-13 14:46:18', '2025-08-13 14:46:18'),
(12, 57, 1, 3, 38461, 'Diego Valles', 1, 143, NULL, NULL, 1, '2025-08-13 14:46:18', '2025-08-13 14:46:18'),
(13, 16, 1, 3, 18484, 'Ángel Marcos', 1, 161, NULL, NULL, 1, '2025-08-13 14:46:18', '2025-08-13 14:46:18'),
(14, 51, 1, 2, 10335, 'Iván Lozada', 1, 158, NULL, NULL, 1, '2025-08-13 14:46:18', '2025-08-13 14:46:18'),
(15, 42, 1, 3, 22660, 'María Pilar Moreno', 1, 192, NULL, NULL, 1, '2025-08-13 14:46:18', '2025-08-13 14:46:18'),
(16, 14, 1, 1, 44989, 'Margarita Juárez', 1, 58, NULL, NULL, 1, '2025-08-13 14:46:18', '2025-08-13 14:46:18'),
(17, 1, 1, 1, 26514, 'Aitor Guerra', 1, 117, NULL, NULL, 1, '2025-08-13 14:46:18', '2025-08-13 14:46:18'),
(18, 20, 1, 2, 34357, 'Eric Pelayo', 1, 61, NULL, NULL, 1, '2025-08-13 14:46:18', '2025-08-13 14:46:18'),
(19, 20, 1, 2, 44621, 'Ana María Mares', 1, 168, NULL, NULL, 1, '2025-08-13 14:46:18', '2025-08-13 14:46:18'),
(20, 58, 1, 1, 26306, 'Jan Andreu', 1, 196, NULL, NULL, 1, '2025-08-13 14:46:18', '2025-08-13 14:46:18'),
(21, 34, 1, 3, 10004, NULL, 1, 197, NULL, NULL, 1, '2025-08-19 02:50:18', '2025-08-19 02:50:18'),
(22, 34, 1, 3, 3278, NULL, 1, 198, NULL, NULL, 1, '2025-08-19 02:58:42', '2025-08-19 02:58:42'),
(23, 34, 1, 3, 19236, NULL, 1, 199, '2025-08-20', 'admin', 0, '2025-08-20 00:32:31', '2025-08-21 02:49:52');

-- --------------------------------------------------------

--
-- Estructura de tabla para la tabla `htaentregasitems`
--

CREATE TABLE `htaentregasitems` (
  `id` bigint(20) UNSIGNED NOT NULL,
  `htaentrega_id` bigint(20) UNSIGNED NOT NULL,
  `herramienta_id` bigint(20) UNSIGNED NOT NULL,
  `cantidad` bigint(20) NOT NULL,
  `costo_unitario` bigint(20) NOT NULL,
  `fecha_final` date DEFAULT NULL,
  `condicion` varchar(120) DEFAULT NULL,
  `devuelto` int(11) NOT NULL DEFAULT 0,
  `fecha_baja` date DEFAULT NULL,
  `baja_por` varchar(60) DEFAULT NULL,
  `estado` int(11) NOT NULL DEFAULT 1,
  `created_at` timestamp NULL DEFAULT NULL,
  `updated_at` timestamp NULL DEFAULT NULL
) ENGINE=InnoDB DEFAULT CHARSET=utf8 COLLATE=utf8_spanish2_ci;

--
-- Volcado de datos para la tabla `htaentregasitems`
--

INSERT INTO `htaentregasitems` (`id`, `htaentrega_id`, `herramienta_id`, `cantidad`, `costo_unitario`, `fecha_final`, `condicion`, `devuelto`, `fecha_baja`, `baja_por`, `estado`, `created_at`, `updated_at`) VALUES
(1, 20, 85, 6, 29801, '2025-10-01', 'usado con detalles', 0, NULL, NULL, 1, '2025-08-13 14:46:19', '2025-08-13 14:46:19'),
(2, 2, 81, 3, 39901, '2025-09-01', 'nuevo', 1, NULL, NULL, 1, '2025-08-13 14:46:19', '2025-08-13 14:46:19'),
(3, 16, 20, 3, 8192, '2025-08-06', 'usado sin detalles', 0, NULL, NULL, 1, '2025-08-13 14:46:19', '2025-08-13 14:46:19'),
(4, 3, 22, 5, 7155, '2025-08-27', 'usado sin detalles', 1, NULL, NULL, 1, '2025-08-13 14:46:19', '2025-08-13 14:46:19'),
(5, 13, 62, 4, 25481, '2025-09-03', 'nuevo', 2, NULL, NULL, 1, '2025-08-13 14:46:19', '2025-08-13 14:46:19'),
(6, 2, 60, 3, 9552, '2025-09-04', 'usado con fallas', 1, NULL, NULL, 1, '2025-08-13 14:46:19', '2025-08-20 03:34:45'),
(7, 13, 56, 4, 48957, '2025-09-21', 'usado con fallas', 2, NULL, NULL, 1, '2025-08-13 14:46:19', '2025-08-13 14:46:19'),
(8, 14, 69, 4, 21637, '2025-08-01', 'usado sin detalles', 2, NULL, NULL, 1, '2025-08-13 14:46:19', '2025-08-13 14:46:19'),
(9, 11, 69, 4, 19717, '2025-08-27', 'usado sin detalles', 0, NULL, NULL, 1, '2025-08-13 14:46:19', '2025-08-13 14:46:19'),
(10, 6, 24, 5, 15173, '2025-09-10', 'usado sin detalles', 1, NULL, NULL, 1, '2025-08-13 14:46:19', '2025-08-13 14:46:19'),
(11, 18, 90, 3, 35270, '2025-08-18', 'usado sin detalles', 5, NULL, NULL, 1, '2025-08-13 14:46:19', '2025-08-20 02:39:45'),
(12, 18, 87, 3, 27624, '2025-09-11', 'usado sin detalles', 2, NULL, NULL, 1, '2025-08-13 14:46:19', '2025-08-13 14:46:19'),
(13, 8, 21, 3, 48315, '2025-08-31', 'nuevo', 2, NULL, NULL, 1, '2025-08-13 14:46:19', '2025-08-13 14:46:19'),
(14, 12, 36, 4, 24529, '2025-08-22', 'nuevo', 2, NULL, NULL, 1, '2025-08-13 14:46:19', '2025-08-13 14:46:19'),
(15, 7, 72, 6, 31639, '2025-08-05', 'usado con fallas', 2, NULL, NULL, 1, '2025-08-13 14:46:19', '2025-08-13 14:46:19'),
(16, 16, 43, 6, 28881, '2025-07-31', 'usado con fallas', 2, NULL, NULL, 1, '2025-08-13 14:46:19', '2025-08-20 02:38:40'),
(17, 5, 4, 4, 48722, '2025-09-20', 'usado con fallas', 0, NULL, NULL, 1, '2025-08-13 14:46:19', '2025-08-13 14:46:19'),
(18, 14, 15, 5, 36953, '2025-09-19', 'usado sin detalles', 1, NULL, NULL, 1, '2025-08-13 14:46:19', '2025-08-13 14:46:19'),
(19, 2, 30, 4, 8744, '2025-08-17', 'nuevo', 1, NULL, NULL, 1, '2025-08-13 14:46:19', '2025-08-13 14:46:19'),
(20, 9, 6, 6, 6104, '2025-10-02', 'usado con fallas', 2, NULL, NULL, 1, '2025-08-13 14:46:19', '2025-08-13 14:46:19'),
(21, 18, 1, 6, 19702, '2025-08-17', 'nuevo', 1, NULL, NULL, 1, '2025-08-13 14:46:19', '2025-08-13 14:46:19'),
(22, 16, 12, 3, 23124, '2025-09-14', 'nuevo', 1, NULL, NULL, 1, '2025-08-13 14:46:19', '2025-08-13 14:46:19'),
(23, 8, 29, 3, 45609, '2025-09-28', 'usado sin detalles', 1, NULL, NULL, 1, '2025-08-13 14:46:19', '2025-08-13 14:46:19'),
(24, 14, 80, 4, 27713, '2025-08-28', 'nuevo', 2, NULL, NULL, 1, '2025-08-13 14:46:19', '2025-08-13 14:46:19'),
(25, 14, 20, 4, 13795, '2025-10-09', 'usado sin detalles', 1, NULL, NULL, 1, '2025-08-13 14:46:19', '2025-08-13 14:46:19'),
(26, 8, 4, 3, 35170, '2025-08-08', 'nuevo', 0, NULL, NULL, 1, '2025-08-13 14:46:19', '2025-08-13 14:46:19'),
(27, 20, 78, 6, 38940, '2025-10-11', 'usado sin detalles', 0, NULL, NULL, 1, '2025-08-13 14:46:19', '2025-08-13 14:46:19'),
(28, 13, 68, 6, 9962, '2025-08-20', 'usado sin detalles', 1, NULL, NULL, 1, '2025-08-13 14:46:19', '2025-08-13 14:46:19'),
(29, 5, 12, 5, 3399, '2025-09-23', 'usado con detalles', 2, NULL, NULL, 1, '2025-08-13 14:46:19', '2025-08-13 14:46:19'),
(30, 2, 30, 4, 45020, '2025-08-31', 'usado sin detalles', 2, NULL, NULL, 1, '2025-08-13 14:46:19', '2025-08-13 14:46:19'),
(31, 8, 25, 5, 18199, '2025-09-24', 'usado con detalles', 1, NULL, NULL, 1, '2025-08-13 14:46:19', '2025-08-13 14:46:19'),
(32, 16, 41, 3, 28810, '2025-08-29', 'nuevo', 1, NULL, NULL, 1, '2025-08-13 14:46:19', '2025-08-13 14:46:19'),
(33, 9, 2, 4, 36245, '2025-08-31', 'usado con detalles', 1, NULL, NULL, 1, '2025-08-13 14:46:19', '2025-08-13 14:46:19'),
(34, 18, 8, 6, 16377, '2025-08-07', 'nuevo', 2, NULL, NULL, 1, '2025-08-13 14:46:19', '2025-08-13 14:46:19'),
(35, 10, 36, 6, 26242, '2025-09-28', 'usado sin detalles', 0, NULL, NULL, 1, '2025-08-13 14:46:19', '2025-08-13 14:46:19'),
(36, 2, 42, 5, 35331, '2025-09-30', 'usado con fallas', 2, NULL, NULL, 1, '2025-08-13 14:46:19', '2025-08-13 14:46:19'),
(37, 1, 32, 4, 3798, '2025-09-08', 'nuevo', 1, NULL, NULL, 1, '2025-08-13 14:46:19', '2025-08-13 14:46:19'),
(38, 5, 37, 5, 4093, '2025-08-05', 'nuevo', 0, NULL, NULL, 1, '2025-08-13 14:46:19', '2025-08-13 14:46:19'),
(39, 17, 42, 3, 10731, '2025-09-16', 'usado con detalles', 1, NULL, NULL, 1, '2025-08-13 14:46:19', '2025-08-13 14:46:19'),
(40, 15, 99, 5, 18837, '2025-10-06', 'usado sin detalles', 2, NULL, NULL, 1, '2025-08-13 14:46:19', '2025-08-13 14:46:19'),
(41, 19, 78, 5, 48063, '2025-08-12', 'usado sin detalles', 2, NULL, NULL, 1, '2025-08-13 14:46:19', '2025-08-13 14:46:19'),
(42, 16, 66, 5, 31038, '2025-09-21', 'usado sin detalles', 1, NULL, NULL, 1, '2025-08-13 14:46:19', '2025-08-13 14:46:19'),
(43, 13, 69, 3, 18513, '2025-09-13', 'usado con fallas', 2, NULL, NULL, 1, '2025-08-13 14:46:19', '2025-08-13 14:46:19'),
(44, 12, 72, 6, 3730, '2025-09-11', 'nuevo', 2, NULL, NULL, 1, '2025-08-13 14:46:19', '2025-08-13 14:46:19'),
(45, 9, 80, 4, 26917, '2025-09-17', 'nuevo', 1, NULL, NULL, 1, '2025-08-13 14:46:19', '2025-08-13 14:46:19'),
(46, 1, 18, 3, 40776, '2025-08-18', 'usado con detalles', 1, NULL, NULL, 1, '2025-08-13 14:46:19', '2025-08-13 14:46:19'),
(47, 4, 14, 6, 5835, '2025-09-29', 'nuevo', 2, NULL, NULL, 1, '2025-08-13 14:46:19', '2025-08-13 14:46:19'),
(48, 3, 81, 5, 17629, '2025-10-08', 'usado con detalles', 0, NULL, NULL, 1, '2025-08-13 14:46:19', '2025-08-13 14:46:19'),
(49, 5, 46, 5, 8412, '2025-08-02', 'usado con detalles', 0, NULL, NULL, 1, '2025-08-13 14:46:19', '2025-08-13 14:46:19'),
(50, 6, 50, 6, 49200, '2025-08-28', 'nuevo', 0, NULL, NULL, 1, '2025-08-13 14:46:19', '2025-08-13 14:46:19'),
(51, 7, 6, 5, 33891, '2025-10-02', 'usado sin detalles', 0, NULL, NULL, 1, '2025-08-13 14:46:19', '2025-08-13 14:46:19'),
(52, 15, 44, 4, 6561, '2025-10-08', 'usado con fallas', 0, NULL, NULL, 1, '2025-08-13 14:46:19', '2025-08-13 14:46:19'),
(53, 19, 11, 5, 3025, '2025-09-04', 'usado con detalles', 2, NULL, NULL, 1, '2025-08-13 14:46:19', '2025-08-13 14:46:19'),
(54, 7, 59, 3, 30995, '2025-07-31', 'usado sin detalles', 2, NULL, NULL, 1, '2025-08-13 14:46:19', '2025-08-13 14:46:19'),
(55, 14, 83, 5, 43459, '2025-10-08', 'usado con detalles', 1, NULL, NULL, 1, '2025-08-13 14:46:19', '2025-08-13 14:46:19'),
(56, 9, 19, 6, 22839, '2025-09-11', 'usado con fallas', 1, NULL, NULL, 1, '2025-08-13 14:46:19', '2025-08-13 14:46:19'),
(57, 8, 79, 3, 12053, '2025-10-02', 'usado sin detalles', 2, NULL, NULL, 1, '2025-08-13 14:46:19', '2025-08-13 14:46:19'),
(58, 2, 68, 3, 28061, '2025-07-31', 'usado con fallas', 0, NULL, NULL, 1, '2025-08-13 14:46:19', '2025-08-13 14:46:19'),
(59, 7, 60, 6, 32277, '2025-09-01', 'nuevo', 2, NULL, NULL, 1, '2025-08-13 14:46:19', '2025-08-13 14:46:19'),
(60, 5, 15, 4, 40045, '2025-09-04', 'nuevo', 0, NULL, NULL, 1, '2025-08-13 14:46:19', '2025-08-13 14:46:19'),
(61, 5, 15, 6, 13937, '2025-09-30', 'usado con detalles', 0, NULL, NULL, 1, '2025-08-13 14:46:19', '2025-08-13 14:46:19'),
(62, 7, 51, 5, 22304, '2025-09-12', 'usado con fallas', 2, NULL, NULL, 1, '2025-08-13 14:46:19', '2025-08-13 14:46:19'),
(63, 12, 46, 3, 45242, '2025-09-16', 'nuevo', 0, NULL, NULL, 1, '2025-08-13 14:46:19', '2025-08-13 14:46:19'),
(64, 6, 100, 4, 24550, '2025-08-03', 'usado con detalles', 1, NULL, NULL, 1, '2025-08-13 14:46:19', '2025-08-13 14:46:19'),
(65, 14, 79, 4, 27707, '2025-09-13', 'usado con fallas', 2, NULL, NULL, 1, '2025-08-13 14:46:19', '2025-08-13 14:46:19'),
(66, 13, 38, 5, 3563, '2025-09-02', 'usado sin detalles', 1, NULL, NULL, 1, '2025-08-13 14:46:19', '2025-08-13 14:46:19'),
(67, 2, 97, 6, 11072, '2025-09-28', 'usado sin detalles', 0, NULL, NULL, 1, '2025-08-13 14:46:19', '2025-08-13 14:46:19'),
(68, 13, 10, 6, 6857, '2025-10-06', 'nuevo', 2, NULL, NULL, 1, '2025-08-13 14:46:19', '2025-08-13 14:46:19'),
(69, 12, 9, 3, 10762, '2025-08-01', 'usado con fallas', 0, NULL, NULL, 1, '2025-08-13 14:46:19', '2025-08-13 14:46:19'),
(70, 17, 89, 4, 39102, '2025-09-30', 'usado con detalles', 2, NULL, NULL, 1, '2025-08-13 14:46:19', '2025-08-13 14:46:19'),
(71, 5, 36, 4, 21551, '2025-08-01', 'nuevo', 2, NULL, NULL, 1, '2025-08-13 14:46:19', '2025-08-13 14:46:19'),
(72, 17, 81, 4, 13146, '2025-10-11', 'usado con detalles', 0, NULL, NULL, 1, '2025-08-13 14:46:19', '2025-08-13 14:46:19'),
(73, 8, 72, 3, 17370, '2025-10-03', 'usado con detalles', 2, NULL, NULL, 1, '2025-08-13 14:46:19', '2025-08-13 14:46:19'),
(74, 14, 63, 6, 47842, '2025-09-11', 'usado con fallas', 0, NULL, NULL, 1, '2025-08-13 14:46:19', '2025-08-13 14:46:19'),
(75, 18, 45, 3, 44701, '2025-09-18', 'nuevo', 0, NULL, NULL, 1, '2025-08-13 14:46:19', '2025-08-13 14:46:19'),
(76, 4, 94, 6, 8178, '2025-09-06', 'usado con detalles', 1, NULL, NULL, 1, '2025-08-13 14:46:19', '2025-08-13 14:46:19'),
(77, 13, 95, 5, 22754, '2025-08-23', 'nuevo', 1, NULL, NULL, 1, '2025-08-13 14:46:19', '2025-08-13 14:46:19'),
(78, 10, 94, 4, 49848, '2025-09-01', 'usado con fallas', 2, NULL, NULL, 1, '2025-08-13 14:46:19', '2025-08-13 14:46:19'),
(79, 9, 96, 5, 30404, '2025-10-07', 'usado con fallas', 1, NULL, NULL, 1, '2025-08-13 14:46:19', '2025-08-13 14:46:19'),
(80, 16, 9, 4, 49184, '2025-09-21', 'usado sin detalles', 1, NULL, NULL, 1, '2025-08-13 14:46:19', '2025-08-13 14:46:19'),
(81, 4, 26, 4, 34152, '2025-08-13', 'usado sin detalles', 2, NULL, NULL, 1, '2025-08-13 14:46:19', '2025-08-13 14:46:19'),
(82, 3, 90, 6, 5795, '2025-08-10', 'usado con detalles', 1, NULL, NULL, 1, '2025-08-13 14:46:19', '2025-08-13 14:46:19'),
(83, 5, 90, 5, 27033, '2025-09-03', 'usado con fallas', 1, NULL, NULL, 1, '2025-08-13 14:46:19', '2025-08-13 14:46:19'),
(84, 2, 53, 4, 46530, '2025-08-14', 'usado con detalles', 1, NULL, NULL, 1, '2025-08-13 14:46:19', '2025-08-13 14:46:19'),
(85, 11, 29, 4, 19378, '2025-09-07', 'usado con detalles', 2, NULL, NULL, 1, '2025-08-13 14:46:19', '2025-08-13 14:46:19'),
(86, 1, 94, 3, 47970, '2025-08-27', 'usado con fallas', 1, NULL, NULL, 1, '2025-08-13 14:46:19', '2025-08-13 14:46:19'),
(87, 1, 85, 4, 6627, '2025-09-14', 'usado sin detalles', 2, NULL, NULL, 1, '2025-08-13 14:46:19', '2025-08-13 14:46:19'),
(88, 9, 41, 6, 20799, '2025-10-08', 'usado sin detalles', 1, NULL, NULL, 1, '2025-08-13 14:46:19', '2025-08-13 14:46:19'),
(89, 14, 36, 4, 27519, '2025-08-12', 'nuevo', 0, NULL, NULL, 1, '2025-08-13 14:46:19', '2025-08-13 14:46:19'),
(90, 8, 55, 4, 7949, '2025-09-16', 'usado sin detalles', 1, NULL, NULL, 1, '2025-08-13 14:46:19', '2025-08-13 14:46:19'),
(91, 12, 13, 6, 10545, '2025-10-02', 'usado con detalles', 1, NULL, NULL, 1, '2025-08-13 14:46:19', '2025-08-13 14:46:19'),
(92, 15, 85, 3, 4559, '2025-09-10', 'usado sin detalles', 1, NULL, NULL, 1, '2025-08-13 14:46:19', '2025-08-13 14:46:19'),
(93, 1, 4, 4, 3360, '2025-09-05', 'usado con detalles', 1, NULL, NULL, 1, '2025-08-13 14:46:19', '2025-08-13 14:46:19'),
(94, 12, 63, 6, 27713, '2025-10-12', 'nuevo', 2, NULL, NULL, 1, '2025-08-13 14:46:19', '2025-08-13 14:46:19'),
(95, 7, 96, 3, 27232, '2025-09-21', 'usado con fallas', 0, NULL, NULL, 1, '2025-08-13 14:46:19', '2025-08-13 14:46:19'),
(96, 8, 60, 6, 41919, '2025-09-15', 'usado con fallas', 1, NULL, NULL, 1, '2025-08-13 14:46:19', '2025-08-13 14:46:19'),
(97, 1, 35, 5, 49649, '2025-09-29', 'nuevo', 2, NULL, NULL, 1, '2025-08-13 14:46:19', '2025-08-13 14:46:19'),
(98, 13, 83, 6, 17041, '2025-08-03', 'usado con detalles', 1, NULL, NULL, 1, '2025-08-13 14:46:19', '2025-08-13 14:46:19'),
(99, 1, 2, 3, 43953, '2025-10-09', 'usado con fallas', 2, NULL, NULL, 1, '2025-08-13 14:46:19', '2025-08-13 14:46:19'),
(100, 18, 82, 5, 31841, '2025-09-23', 'usado con fallas', 2, NULL, NULL, 1, '2025-08-13 14:46:19', '2025-08-13 14:46:19'),
(101, 13, 1, 6, 14295, '2025-10-10', 'nuevo', 0, NULL, NULL, 1, '2025-08-13 14:46:19', '2025-08-13 14:46:19'),
(102, 15, 9, 6, 13335, '2025-10-01', 'usado con detalles', 0, NULL, NULL, 1, '2025-08-13 14:46:19', '2025-08-13 14:46:19'),
(103, 2, 64, 3, 19385, '2025-08-01', 'nuevo', 2, NULL, NULL, 1, '2025-08-13 14:46:19', '2025-08-13 14:46:19'),
(104, 4, 17, 6, 15418, '2025-08-27', 'usado con detalles', 0, NULL, NULL, 1, '2025-08-13 14:46:19', '2025-08-13 14:46:19'),
(105, 19, 48, 4, 16103, '2025-08-09', 'usado con fallas', 1, NULL, NULL, 1, '2025-08-13 14:46:19', '2025-08-13 14:46:19'),
(106, 19, 61, 4, 20141, '2025-09-14', 'nuevo', 2, NULL, NULL, 1, '2025-08-13 14:46:19', '2025-08-13 14:46:19'),
(107, 16, 19, 5, 15402, '2025-09-03', 'nuevo', 1, NULL, NULL, 1, '2025-08-13 14:46:19', '2025-08-13 14:46:19'),
(108, 5, 58, 3, 5960, '2025-10-06', 'usado sin detalles', 0, NULL, NULL, 1, '2025-08-13 14:46:19', '2025-08-13 14:46:19'),
(109, 16, 33, 6, 12698, '2025-09-18', 'usado con detalles', 2, NULL, NULL, 1, '2025-08-13 14:46:19', '2025-08-13 14:46:19'),
(110, 12, 45, 6, 37046, '2025-08-30', 'usado con fallas', 0, NULL, NULL, 1, '2025-08-13 14:46:19', '2025-08-13 14:46:19'),
(111, 15, 66, 3, 43090, '2025-08-10', 'usado con detalles', 0, NULL, NULL, 1, '2025-08-13 14:46:19', '2025-08-13 14:46:19'),
(112, 10, 66, 6, 29518, '2025-08-14', 'usado sin detalles', 1, NULL, NULL, 1, '2025-08-13 14:46:19', '2025-08-13 14:46:19'),
(113, 14, 83, 5, 48888, '2025-08-09', 'usado con fallas', 1, NULL, NULL, 1, '2025-08-13 14:46:19', '2025-08-13 14:46:19'),
(114, 8, 54, 3, 17570, '2025-09-18', 'usado con detalles', 1, NULL, NULL, 1, '2025-08-13 14:46:19', '2025-08-13 14:46:19'),
(115, 13, 64, 6, 49978, '2025-08-18', 'nuevo', 0, NULL, NULL, 1, '2025-08-13 14:46:19', '2025-08-13 14:46:19'),
(116, 19, 54, 6, 20460, '2025-09-20', 'usado con detalles', 0, NULL, NULL, 1, '2025-08-13 14:46:19', '2025-08-13 14:46:19'),
(117, 12, 94, 6, 5346, '2025-08-10', 'usado con detalles', 2, NULL, NULL, 1, '2025-08-13 14:46:19', '2025-08-13 14:46:19'),
(118, 2, 74, 3, 47978, '2025-08-01', 'usado sin detalles', 3, NULL, NULL, 1, '2025-08-13 14:46:19', '2025-08-20 03:34:09'),
(119, 9, 26, 4, 6196, '2025-08-31', 'usado con detalles', 2, NULL, NULL, 1, '2025-08-13 14:46:19', '2025-08-13 14:46:19'),
(120, 3, 12, 4, 6849, '2025-07-31', 'usado con detalles', 1, NULL, NULL, 1, '2025-08-13 14:46:19', '2025-08-13 14:46:19'),
(121, 18, 86, 5, 39883, '2025-09-16', 'nuevo', 1, NULL, NULL, 1, '2025-08-13 14:46:19', '2025-08-13 14:46:19'),
(122, 10, 52, 4, 23964, '2025-10-08', 'nuevo', 2, NULL, NULL, 1, '2025-08-13 14:46:19', '2025-08-13 14:46:19'),
(123, 11, 17, 5, 44226, '2025-09-24', 'nuevo', 1, NULL, NULL, 1, '2025-08-13 14:46:19', '2025-08-13 14:46:19'),
(124, 17, 92, 6, 19639, '2025-10-05', 'usado con detalles', 1, NULL, NULL, 1, '2025-08-13 14:46:19', '2025-08-13 14:46:19'),
(125, 3, 14, 4, 47198, '2025-09-09', 'nuevo', 2, NULL, NULL, 1, '2025-08-13 14:46:19', '2025-08-13 14:46:19'),
(126, 4, 74, 6, 5794, '2025-09-07', 'nuevo', 1, NULL, NULL, 1, '2025-08-13 14:46:19', '2025-08-13 14:46:19'),
(127, 14, 62, 5, 13398, '2025-08-30', 'usado con fallas', 1, NULL, NULL, 1, '2025-08-13 14:46:19', '2025-08-13 14:46:19'),
(128, 7, 29, 6, 17872, '2025-09-02', 'nuevo', 1, NULL, NULL, 1, '2025-08-13 14:46:19', '2025-08-13 14:46:19'),
(129, 18, 62, 6, 15099, '2025-08-01', 'nuevo', 2, NULL, NULL, 1, '2025-08-13 14:46:19', '2025-08-13 14:46:19'),
(130, 1, 32, 6, 5163, '2025-08-09', 'nuevo', 2, NULL, NULL, 1, '2025-08-13 14:46:19', '2025-08-13 14:46:19'),
(131, 20, 96, 5, 23987, '2025-09-11', 'nuevo', 0, NULL, NULL, 1, '2025-08-13 14:46:19', '2025-08-13 14:46:19'),
(132, 19, 85, 5, 14922, '2025-08-21', 'nuevo', 0, NULL, NULL, 1, '2025-08-13 14:46:19', '2025-08-13 14:46:19'),
(133, 7, 10, 6, 13826, '2025-08-15', 'usado sin detalles', 1, NULL, NULL, 1, '2025-08-13 14:46:19', '2025-08-20 03:29:10'),
(134, 9, 91, 6, 13000, '2025-08-08', 'usado con detalles', 0, NULL, NULL, 1, '2025-08-13 14:46:19', '2025-08-13 14:46:19'),
(135, 4, 96, 5, 30591, '2025-09-12', 'nuevo', 0, NULL, NULL, 1, '2025-08-13 14:46:19', '2025-08-13 14:46:19'),
(136, 17, 27, 3, 30232, '2025-10-01', 'usado con detalles', 0, NULL, NULL, 1, '2025-08-13 14:46:19', '2025-08-13 14:46:19'),
(137, 19, 51, 4, 4697, '2025-08-08', 'usado con fallas', 2, NULL, NULL, 1, '2025-08-13 14:46:19', '2025-08-13 14:46:19'),
(138, 2, 82, 3, 16541, '2025-08-01', 'usado sin detalles', 2, NULL, NULL, 1, '2025-08-13 14:46:19', '2025-08-13 14:46:19'),
(139, 7, 82, 3, 18656, '2025-09-06', 'usado sin detalles', 2, NULL, NULL, 1, '2025-08-13 14:46:19', '2025-08-13 14:46:19'),
(140, 2, 3, 4, 39918, '2025-09-07', 'usado con detalles', 2, NULL, NULL, 1, '2025-08-13 14:46:19', '2025-08-13 14:46:19'),
(141, 19, 73, 5, 42268, '2025-09-04', 'usado sin detalles', 2, NULL, NULL, 1, '2025-08-13 14:46:19', '2025-08-13 14:46:19'),
(142, 1, 97, 6, 7508, '2025-09-16', 'usado con detalles', 0, NULL, NULL, 1, '2025-08-13 14:46:19', '2025-08-13 14:46:19'),
(143, 18, 3, 4, 44184, '2025-09-03', 'usado con detalles', 1, NULL, NULL, 1, '2025-08-13 14:46:19', '2025-08-13 14:46:19'),
(144, 19, 58, 5, 37243, '2025-08-01', 'nuevo', 2, NULL, NULL, 1, '2025-08-13 14:46:19', '2025-08-13 14:46:19'),
(145, 19, 66, 5, 21655, '2025-08-14', 'usado con detalles', 2, NULL, NULL, 1, '2025-08-13 14:46:19', '2025-08-13 14:46:19'),
(146, 4, 71, 5, 10258, '2025-09-09', 'nuevo', 2, NULL, NULL, 1, '2025-08-13 14:46:19', '2025-08-13 14:46:19'),
(147, 14, 85, 6, 25786, '2025-09-02', 'usado con fallas', 2, NULL, NULL, 1, '2025-08-13 14:46:19', '2025-08-13 14:46:19'),
(148, 17, 68, 3, 6365, '2025-08-28', 'usado con fallas', 0, NULL, NULL, 1, '2025-08-13 14:46:19', '2025-08-13 14:46:19'),
(149, 18, 53, 5, 34610, '2025-10-09', 'usado sin detalles', 2, NULL, NULL, 1, '2025-08-13 14:46:19', '2025-08-13 14:46:19'),
(150, 10, 96, 5, 6269, '2025-09-24', 'usado con detalles', 2, NULL, NULL, 1, '2025-08-13 14:46:19', '2025-08-13 14:46:19'),
(151, 21, 7, 2, 5002, '2025-08-27', 'Usado', 0, NULL, NULL, 1, '2025-08-19 02:50:18', '2025-08-19 02:50:18'),
(152, 22, 76, 1, 3278, NULL, 'Usado', 0, NULL, NULL, 1, '2025-08-19 02:58:42', '2025-08-19 02:58:42'),
(153, 23, 72, 2, 9618, NULL, 'Usado', 0, NULL, NULL, 1, '2025-08-20 00:32:31', '2025-08-20 00:32:31');

-- --------------------------------------------------------

--
-- Estructura de tabla para la tabla `jobs`
--

CREATE TABLE `jobs` (
  `id` bigint(20) UNSIGNED NOT NULL,
  `queue` varchar(255) NOT NULL,
  `payload` longtext NOT NULL,
  `attempts` tinyint(3) UNSIGNED NOT NULL,
  `reserved_at` int(10) UNSIGNED DEFAULT NULL,
  `available_at` int(10) UNSIGNED NOT NULL,
  `created_at` int(10) UNSIGNED NOT NULL
) ENGINE=InnoDB DEFAULT CHARSET=utf8 COLLATE=utf8_spanish2_ci;

-- --------------------------------------------------------

--
-- Estructura de tabla para la tabla `job_batches`
--

CREATE TABLE `job_batches` (
  `id` varchar(255) NOT NULL,
  `name` varchar(255) NOT NULL,
  `total_jobs` int(11) NOT NULL,
  `pending_jobs` int(11) NOT NULL,
  `failed_jobs` int(11) NOT NULL,
  `failed_job_ids` longtext NOT NULL,
  `options` mediumtext DEFAULT NULL,
  `cancelled_at` int(11) DEFAULT NULL,
  `created_at` int(11) NOT NULL,
  `finished_at` int(11) DEFAULT NULL
) ENGINE=InnoDB DEFAULT CHARSET=utf8 COLLATE=utf8_spanish2_ci;

-- --------------------------------------------------------

--
-- Estructura de tabla para la tabla `languages`
--

CREATE TABLE `languages` (
  `id` bigint(20) UNSIGNED NOT NULL,
  `code` char(2) NOT NULL,
  `name` varchar(255) NOT NULL,
  `name_native` varchar(255) NOT NULL,
  `dir` char(3) NOT NULL
) ENGINE=InnoDB DEFAULT CHARSET=utf8 COLLATE=utf8_spanish2_ci;

--
-- Volcado de datos para la tabla `languages`
--

INSERT INTO `languages` (`id`, `code`, `name`, `name_native`, `dir`) VALUES
(1, 'ab', 'Abkhazian', 'аҧсуа', 'ltr'),
(2, 'aa', 'Afar', 'Afaraf', 'ltr'),
(3, 'af', 'Afrikaans', 'Afrikaans', 'ltr'),
(4, 'ak', 'Akan', 'Akan', 'ltr'),
(5, 'sq', 'Albanian', 'Shqip', 'ltr'),
(6, 'am', 'Amharic', 'አማርኛ', 'ltr'),
(7, 'ar', 'Arabic', 'العربية', 'rtl'),
(8, 'an', 'Aragonese', 'Aragonés', 'ltr'),
(9, 'hy', 'Armenian', 'Հայերեն', 'ltr'),
(10, 'as', 'Assamese', 'অসমীয়া', 'ltr'),
(11, 'av', 'Avaric', 'авар мацӀ, магӀарул мацӀ', 'ltr'),
(12, 'ae', 'Avestan', 'avesta', 'ltr'),
(13, 'ay', 'Aymara', 'aymar aru', 'ltr'),
(14, 'az', 'Azerbaijani', 'azərbaycan dili', 'ltr'),
(15, 'bm', 'Bambara', 'bamanankan', 'ltr'),
(16, 'ba', 'Bashkir', 'башҡорт теле', 'ltr'),
(17, 'eu', 'Basque', 'euskara, euskera', 'ltr'),
(18, 'be', 'Belarusian', 'Беларуская', 'ltr'),
(19, 'bn', 'Bengali', 'বাংলা', 'ltr'),
(20, 'bh', 'Bihari', 'भोजपुरी', 'ltr'),
(21, 'bi', 'Bislama', 'Bislama', 'ltr'),
(22, 'bs', 'Bosnian', 'bosanski jezik', 'ltr'),
(23, 'br', 'Breton', 'brezhoneg', 'ltr'),
(24, 'bg', 'Bulgarian', 'български език', 'ltr'),
(25, 'my', 'Burmese', 'ဗမာစာ', 'ltr'),
(26, 'ca', 'Catalan; Valencian', 'Català', 'ltr'),
(27, 'ch', 'Chamorro', 'Chamoru', 'ltr'),
(28, 'ce', 'Chechen', 'нохчийн мотт', 'ltr'),
(29, 'ny', 'Chichewa; Chewa; Nyanja', 'chiCheŵa, chinyanja', 'ltr'),
(30, 'zh', 'Chinese', '中文 (Zhōngwén), 汉语, 漢語', 'ltr'),
(31, 'cv', 'Chuvash', 'чӑваш чӗлхи', 'ltr'),
(32, 'kw', 'Cornish', 'Kernewek', 'ltr'),
(33, 'co', 'Corsican', 'corsu, lingua corsa', 'ltr'),
(34, 'cr', 'Cree', 'ᓀᐦᐃᔭᐍᐏᐣ', 'ltr'),
(35, 'hr', 'Croatian', 'hrvatski', 'ltr'),
(36, 'cs', 'Czech', 'česky, čeština', 'ltr'),
(37, 'da', 'Danish', 'dansk', 'ltr'),
(38, 'dv', 'Divehi; Dhivehi; Maldivian;', 'ދިވެހި', 'rtl'),
(39, 'nl', 'Dutch', 'Nederlands, Vlaams', 'ltr'),
(40, 'en', 'English', 'English', 'ltr'),
(41, 'eo', 'Esperanto', 'Esperanto', 'ltr'),
(42, 'et', 'Estonian', 'eesti, eesti keel', 'ltr'),
(43, 'ee', 'Ewe', 'Eʋegbe', 'ltr'),
(44, 'fo', 'Faroese', 'føroyskt', 'ltr'),
(45, 'fj', 'Fijian', 'vosa Vakaviti', 'ltr'),
(46, 'fi', 'Finnish', 'suomi, suomen kieli', 'ltr'),
(47, 'fr', 'French', 'français', 'ltr'),
(48, 'ff', 'Fula; Fulah; Pulaar; Pular', 'Fulfulde, Pulaar, Pular', 'ltr'),
(49, 'gl', 'Galician', 'Galego', 'ltr'),
(50, 'ka', 'Georgian', 'ქართული', 'ltr'),
(51, 'de', 'German', 'Deutsch', 'ltr'),
(52, 'el', 'Greek, Modern', 'Ελληνικά', 'ltr'),
(53, 'gn', 'Guaraní', 'Avañeẽ', 'ltr'),
(54, 'gu', 'Gujarati', 'ગુજરાતી', 'ltr'),
(55, 'ht', 'Haitian; Haitian Creole', 'Kreyòl ayisyen', 'ltr'),
(56, 'ha', 'Hausa', 'Hausa, هَوُسَ', 'ltr'),
(57, 'he', 'Hebrew', 'עברית', 'rtl'),
(58, 'iw', 'Hebrew', 'עברית', 'rtl'),
(59, 'hz', 'Herero', 'Otjiherero', 'ltr'),
(60, 'hi', 'Hindi', 'हिन्दी, हिंदी', 'ltr'),
(61, 'ho', 'Hiri Motu', 'Hiri Motu', 'ltr'),
(62, 'hu', 'Hungarian', 'Magyar', 'ltr'),
(63, 'ia', 'Interlingua', 'Interlingua', 'ltr'),
(64, 'id', 'Indonesian', 'Bahasa Indonesia', 'ltr'),
(65, 'ie', 'Interlingue', 'Originally called Occidental; then Interlingue after WWII', 'ltr'),
(66, 'ga', 'Irish', 'Gaeilge', 'ltr'),
(67, 'ig', 'Igbo', 'Asụsụ Igbo', 'ltr'),
(68, 'ik', 'Inupiaq', 'Iñupiaq, Iñupiatun', 'ltr'),
(69, 'io', 'Ido', 'Ido', 'ltr'),
(70, 'is', 'Icelandic', 'Íslenska', 'ltr'),
(71, 'it', 'Italian', 'Italiano', 'ltr'),
(72, 'iu', 'Inuktitut', 'ᐃᓄᒃᑎᑐᑦ', 'ltr'),
(73, 'ja', 'Japanese', '日本語 (にほんご／にっぽんご)', 'ltr'),
(74, 'jv', 'Javanese', 'basa Jawa', 'ltr'),
(75, 'kl', 'Kalaallisut, Greenlandic', 'kalaallisut, kalaallit oqaasii', 'ltr'),
(76, 'kn', 'Kannada', 'ಕನ್ನಡ', 'ltr'),
(77, 'kr', 'Kanuri', 'Kanuri', 'ltr'),
(78, 'ks', 'Kashmiri', 'कश्मीरी, كشميري‎', 'ltr'),
(79, 'kk', 'Kazakh', 'Қазақ тілі', 'ltr'),
(80, 'km', 'Khmer', 'ភាសាខ្មែរ', 'ltr'),
(81, 'ki', 'Kikuyu, Gikuyu', 'Gĩkũyũ', 'ltr'),
(82, 'rw', 'Kinyarwanda', 'Ikinyarwanda', 'ltr'),
(83, 'ky', 'Kirghiz, Kyrgyz', 'кыргыз тили', 'ltr'),
(84, 'kv', 'Komi', 'коми кыв', 'ltr'),
(85, 'kg', 'Kongo', 'KiKongo', 'ltr'),
(86, 'ko', 'Korean', '한국어 (韓國語), 조선말 (朝鮮語)', 'ltr'),
(87, 'ku', 'Kurdish', 'Kurdî, كوردی‎', 'rtl'),
(88, 'kj', 'Kwanyama, Kuanyama', 'Kuanyama', 'ltr'),
(89, 'la', 'Latin', 'latine, lingua latina', 'ltr'),
(90, 'lb', 'Luxembourgish, Letzeburgesch', 'Lëtzebuergesch', 'ltr'),
(91, 'lg', 'Luganda', 'Luganda', 'ltr'),
(92, 'li', 'Limburgish, Limburgan, Limburger', 'Limburgs', 'ltr'),
(93, 'ln', 'Lingala', 'Lingála', 'ltr'),
(94, 'lo', 'Lao', 'ພາສາລາວ', 'ltr'),
(95, 'lt', 'Lithuanian', 'lietuvių kalba', 'ltr'),
(96, 'lu', 'Luba-Katanga', 'Kiluba', 'ltr'),
(97, 'lv', 'Latvian', 'latviešu valoda', 'ltr'),
(98, 'gv', 'Manx', 'Gaelg, Gailck', 'ltr'),
(99, 'mk', 'Macedonian', 'македонски јазик', 'ltr'),
(100, 'mg', 'Malagasy', 'Malagasy fiteny', 'ltr'),
(101, 'ms', 'Malay', 'bahasa Melayu, بهاس ملايو‎', 'ltr'),
(102, 'ml', 'Malayalam', 'മലയാളം', 'ltr'),
(103, 'mt', 'Maltese', 'Malti', 'ltr'),
(104, 'mi', 'Māori', 'te reo Māori', 'ltr'),
(105, 'mr', 'Marathi (Marāṭhī)', 'मराठी', 'ltr'),
(106, 'mh', 'Marshallese', 'Kajin M̧ajeļ', 'ltr'),
(107, 'mn', 'Mongolian', 'монгол', 'ltr'),
(108, 'na', 'Nauru', 'Ekakairũ Naoero', 'ltr'),
(109, 'nv', 'Navajo, Navaho', 'Diné bizaad, Dinékʼehǰí', 'ltr'),
(110, 'nb', 'Norwegian Bokmål', 'Norsk bokmål', 'ltr'),
(111, 'nd', 'North Ndebele', 'isiNdebele', 'ltr'),
(112, 'ne', 'Nepali', 'नेपाली', 'ltr'),
(113, 'ng', 'Ndonga', 'Owambo', 'ltr'),
(114, 'nn', 'Norwegian Nynorsk', 'Norsk nynorsk', 'ltr'),
(115, 'no', 'Norwegian', 'Norsk', 'ltr'),
(116, 'ii', 'Nuosu', 'ꆈꌠ꒿ Nuosuhxop', 'ltr'),
(117, 'nr', 'South Ndebele', 'isiNdebele', 'ltr'),
(118, 'oc', 'Occitan', 'Occitan', 'ltr'),
(119, 'oj', 'Ojibwe, Ojibwa', 'ᐊᓂᔑᓈᐯᒧᐎᓐ', 'ltr'),
(120, 'cu', 'Old Church Slavonic, Church Slavic, Church Slavonic, Old Bulgarian, Old Slavonic', 'ѩзыкъ словѣньскъ', 'ltr'),
(121, 'om', 'Oromo', 'Afaan Oromoo', 'ltr'),
(122, 'or', 'Oriya', 'ଓଡ଼ିଆ', 'ltr'),
(123, 'os', 'Ossetian, Ossetic', 'ирон æвзаг', 'ltr'),
(124, 'pa', 'Panjabi, Punjabi', 'ਪੰਜਾਬੀ, پنجابی‎', 'ltr'),
(125, 'pi', 'Pāli', 'पाऴि', 'ltr'),
(126, 'fa', 'Persian', 'فارسی', 'rtl'),
(127, 'pl', 'Polish', 'polski', 'ltr'),
(128, 'ps', 'Pashto, Pushto', 'پښتو', 'ltr'),
(129, 'pt', 'Portuguese', 'Português', 'ltr'),
(130, 'qu', 'Quechua', 'Runa Simi, Kichwa', 'ltr'),
(131, 'rm', 'Romansh', 'rumantsch grischun', 'ltr'),
(132, 'rn', 'Kirundi', 'kiRundi', 'ltr'),
(133, 'ro', 'Romanian', 'română', 'ltr'),
(134, 'ru', 'Russian', 'русский язык', 'ltr'),
(135, 'sa', 'Sanskrit (Saṁskṛta)', 'संस्कृतम्', 'ltr'),
(136, 'sc', 'Sardinian', 'sardu', 'ltr'),
(137, 'sd', 'Sindhi', 'सिन्धी, سنڌي، سندھی‎', 'ltr'),
(138, 'se', 'Northern Sami', 'Davvisámegiella', 'ltr'),
(139, 'sm', 'Samoan', 'gagana faa Samoa', 'ltr'),
(140, 'sg', 'Sango', 'yângâ tî sängö', 'ltr'),
(141, 'sr', 'Serbian', 'српски језик', 'ltr'),
(142, 'gd', 'Scottish Gaelic; Gaelic', 'Gàidhlig', 'ltr'),
(143, 'sn', 'Shona', 'chiShona', 'ltr'),
(144, 'si', 'Sinhala, Sinhalese', 'සිංහල', 'ltr'),
(145, 'sk', 'Slovak', 'slovenčina', 'ltr'),
(146, 'sl', 'Slovene', 'slovenščina', 'ltr'),
(147, 'so', 'Somali', 'Soomaaliga, af Soomaali', 'ltr'),
(148, 'st', 'Southern Sotho', 'Sesotho', 'ltr'),
(149, 'es', 'Spanish; Castilian', 'español, castellano', 'ltr'),
(150, 'su', 'Sundanese', 'Basa Sunda', 'ltr'),
(151, 'sw', 'Swahili', 'Kiswahili', 'ltr'),
(152, 'ss', 'Swati', 'SiSwati', 'ltr'),
(153, 'sv', 'Swedish', 'svenska', 'ltr'),
(154, 'ta', 'Tamil', 'தமிழ்', 'ltr'),
(155, 'te', 'Telugu', 'తెలుగు', 'ltr'),
(156, 'tg', 'Tajik', 'тоҷикӣ, toğikī, تاجیکی‎', 'ltr'),
(157, 'th', 'Thai', 'ไทย', 'ltr'),
(158, 'ti', 'Tigrinya', 'ትግርኛ', 'ltr'),
(159, 'bo', 'Tibetan Standard, Tibetan, Central', 'བོད་ཡིག', 'ltr'),
(160, 'tk', 'Turkmen', 'Türkmen, Түркмен', 'ltr'),
(161, 'tl', 'Tagalog', 'Wikang Tagalog, ᜏᜒᜃᜅ᜔ ᜆᜄᜎᜓᜄ᜔', 'ltr'),
(162, 'tn', 'Tswana', 'Setswana', 'ltr'),
(163, 'to', 'Tonga (Tonga Islands)', 'faka Tonga', 'ltr'),
(164, 'tr', 'Turkish', 'Türkçe', 'ltr'),
(165, 'ts', 'Tsonga', 'Xitsonga', 'ltr'),
(166, 'tt', 'Tatar', 'татарча, tatarça, تاتارچا‎', 'ltr'),
(167, 'tw', 'Twi', 'Twi', 'ltr'),
(168, 'ty', 'Tahitian', 'Reo Tahiti', 'ltr'),
(169, 'ug', 'Uighur, Uyghur', 'Uyƣurqə, ئۇيغۇرچە‎', 'ltr'),
(170, 'uk', 'Ukrainian', 'українська', 'ltr'),
(171, 'ur', 'Urdu', 'اردو', 'rtl'),
(172, 'uz', 'Uzbek', 'zbek, Ўзбек, أۇزبېك‎', 'ltr'),
(173, 've', 'Venda', 'Tshivenḓa', 'ltr'),
(174, 'vi', 'Vietnamese', 'Tiếng Việt', 'ltr'),
(175, 'vo', 'Volapük', 'Volapük', 'ltr'),
(176, 'wa', 'Walloon', 'Walon', 'ltr'),
(177, 'cy', 'Welsh', 'Cymraeg', 'ltr'),
(178, 'wo', 'Wolof', 'Wollof', 'ltr'),
(179, 'fy', 'Western Frisian', 'Frysk', 'ltr'),
(180, 'xh', 'Xhosa', 'isiXhosa', 'ltr'),
(181, 'yi', 'Yiddish', 'ייִדיש', 'ltr'),
(182, 'yo', 'Yoruba', 'Yorùbá', 'ltr'),
(183, 'za', 'Zhuang, Chuang', 'Saɯ cueŋƅ, Saw cuengh', 'ltr');

-- --------------------------------------------------------

--
-- Estructura de tabla para la tabla `matdevolucions`
--

CREATE TABLE `matdevolucions` (
  `id` bigint(20) UNSIGNED NOT NULL,
  `material_id` bigint(20) UNSIGNED NOT NULL,
  `trabajador_id` bigint(20) UNSIGNED NOT NULL,
  `cantidad` bigint(20) NOT NULL,
  `recibido_por` bigint(20) UNSIGNED NOT NULL,
  `folio` bigint(20) UNSIGNED NOT NULL,
  `fecha` date NOT NULL,
  `condicion` varchar(120) NOT NULL,
  `baja_por` varchar(60) DEFAULT NULL,
  `fecha_baja` date DEFAULT NULL,
  `estado` int(11) NOT NULL DEFAULT 1,
  `created_at` timestamp NULL DEFAULT NULL,
  `updated_at` timestamp NULL DEFAULT NULL
) ENGINE=InnoDB DEFAULT CHARSET=utf8 COLLATE=utf8_spanish2_ci;

-- --------------------------------------------------------

--
-- Estructura de tabla para la tabla `matentregas`
--

CREATE TABLE `matentregas` (
  `id` bigint(20) UNSIGNED NOT NULL,
  `empresa_id` bigint(20) UNSIGNED NOT NULL,
  `trabajador_id` bigint(20) UNSIGNED NOT NULL,
  `proyecto_id` bigint(20) UNSIGNED NOT NULL,
  `costo_total` bigint(20) NOT NULL,
  `autorizado_por` varchar(60) DEFAULT NULL,
  `ingresado_por` bigint(20) UNSIGNED NOT NULL,
  `folio` bigint(20) UNSIGNED NOT NULL,
  `fecha_baja` date DEFAULT NULL,
  `baja_por` varchar(60) DEFAULT NULL,
  `estado` int(11) NOT NULL DEFAULT 1,
  `created_at` timestamp NULL DEFAULT NULL,
  `updated_at` timestamp NULL DEFAULT NULL
) ENGINE=InnoDB DEFAULT CHARSET=utf8 COLLATE=utf8_spanish2_ci;

--
-- Volcado de datos para la tabla `matentregas`
--

INSERT INTO `matentregas` (`id`, `empresa_id`, `trabajador_id`, `proyecto_id`, `costo_total`, `autorizado_por`, `ingresado_por`, `folio`, `fecha_baja`, `baja_por`, `estado`, `created_at`, `updated_at`) VALUES
(1, 1, 19, 1, 41676, 'Alex Preciado', 1, 323, NULL, NULL, 1, '2025-08-06 20:41:08', '2025-08-06 20:41:08'),
(2, 1, 5, 1, 13264, 'Álvaro Zavala', 1, 151, NULL, NULL, 1, '2025-08-06 20:41:08', '2025-08-06 20:41:08'),
(3, 1, 5, 2, 43704, 'Nil Ybarra', 1, 473, NULL, NULL, 1, '2025-08-06 20:41:08', '2025-08-06 20:41:08'),
(4, 1, 15, 1, 18596, 'Paula Baeza', 1, 84, NULL, NULL, 1, '2025-08-06 20:41:08', '2025-08-06 20:41:08'),
(5, 1, 57, 2, 30101, 'Ana Isabel Escobedo', 1, 156, NULL, NULL, 1, '2025-08-06 20:41:08', '2025-08-06 20:41:08'),
(6, 1, 45, 2, 34055, 'Jesús Alarcón', 1, 268, NULL, NULL, 1, '2025-08-06 20:41:08', '2025-08-06 20:41:08'),
(7, 1, 11, 3, 21274, 'Rafael De Anda', 1, 197, NULL, NULL, 1, '2025-08-06 20:41:08', '2025-08-06 20:41:08'),
(8, 1, 3, 1, 42559, 'Naia Cintrón', 1, 16, NULL, NULL, 1, '2025-08-06 20:41:08', '2025-08-06 20:41:08'),
(9, 1, 48, 1, 42913, 'Inés Tafoya', 1, 291, NULL, NULL, 1, '2025-08-06 20:41:08', '2025-08-06 20:41:08'),
(10, 1, 8, 3, 13304, 'Ángel Oquendo', 1, 69, NULL, NULL, 1, '2025-08-06 20:41:08', '2025-08-06 20:41:08'),
(11, 1, 20, 2, 10056, 'Adam Valero', 1, 466, NULL, NULL, 1, '2025-08-06 20:41:08', '2025-08-06 20:41:08'),
(12, 1, 7, 2, 41066, 'Ismael Véliz', 1, 424, NULL, NULL, 1, '2025-08-06 20:41:08', '2025-08-06 20:41:08'),
(13, 1, 15, 1, 11662, 'Inés Lebrón', 1, 294, NULL, NULL, 1, '2025-08-06 20:41:08', '2025-08-06 20:41:08'),
(14, 1, 46, 2, 42691, 'Eduardo Luis', 1, 242, NULL, NULL, 1, '2025-08-06 20:41:08', '2025-08-06 20:41:08'),
(15, 1, 41, 1, 35708, 'Alexandra Vásquez', 1, 306, NULL, NULL, 1, '2025-08-06 20:41:08', '2025-08-06 20:41:08'),
(16, 1, 6, 3, 36980, 'Alberto Dávila', 1, 115, NULL, NULL, 1, '2025-08-06 20:41:08', '2025-08-06 20:41:08'),
(17, 1, 40, 2, 12619, 'Pol Dueñas', 1, 341, NULL, NULL, 1, '2025-08-06 20:41:08', '2025-08-06 20:41:08'),
(18, 1, 31, 2, 13046, 'Gerard Gracia', 1, 436, NULL, NULL, 1, '2025-08-06 20:41:08', '2025-08-06 20:41:08'),
(19, 1, 55, 2, 37865, 'Inmaculada Madrigal', 1, 485, NULL, NULL, 1, '2025-08-06 20:41:08', '2025-08-06 20:41:08'),
(20, 1, 60, 1, 22031, 'Úrsula Sedillo', 1, 27, NULL, NULL, 1, '2025-08-06 20:41:08', '2025-08-06 20:41:08'),
(21, 1, 60, 1, 20662, 'Carla Segovia', 1, 216, NULL, NULL, 1, '2025-08-06 20:41:08', '2025-08-06 20:41:08'),
(22, 1, 29, 3, 14734, 'Raúl Toro', 1, 236, NULL, NULL, 1, '2025-08-06 20:41:08', '2025-08-06 20:41:08'),
(23, 1, 7, 2, 38456, 'José Cárdenas', 1, 464, NULL, NULL, 1, '2025-08-06 20:41:08', '2025-08-06 20:41:08'),
(24, 1, 15, 2, 44755, 'Ángel Adorno', 1, 167, NULL, NULL, 1, '2025-08-06 20:41:08', '2025-08-06 20:41:08'),
(25, 1, 58, 2, 29322, 'Rafael Arguello', 1, 196, NULL, NULL, 1, '2025-08-06 20:41:08', '2025-08-06 20:41:08'),
(26, 1, 40, 3, 47938, 'Mireia Delao', 1, 377, NULL, NULL, 1, '2025-08-06 20:41:08', '2025-08-06 20:41:08'),
(27, 1, 33, 1, 46672, 'Pedro Izquierdo', 1, 490, NULL, NULL, 1, '2025-08-06 20:41:08', '2025-08-06 20:41:08'),
(28, 1, 23, 1, 33601, 'Daniela Esparza', 1, 246, NULL, NULL, 1, '2025-08-06 20:41:08', '2025-08-06 20:41:08'),
(29, 1, 60, 2, 10800, 'Andrea Velázquez', 1, 312, NULL, NULL, 1, '2025-08-06 20:41:08', '2025-08-06 20:41:08'),
(30, 1, 37, 2, 16460, 'Martina Gutiérrez', 1, 180, NULL, NULL, 1, '2025-08-06 20:41:08', '2025-08-06 20:41:08'),
(31, 1, 42, 1, 25598, 'Ariadna Delapaz', 1, 278, NULL, NULL, 1, '2025-08-06 20:41:08', '2025-08-06 20:41:08'),
(32, 1, 17, 2, 23178, 'Alma Guevara', 1, 463, NULL, NULL, 1, '2025-08-06 20:41:08', '2025-08-06 20:41:08'),
(33, 1, 41, 2, 24089, 'Lorena Montez', 1, 203, NULL, NULL, 1, '2025-08-06 20:41:08', '2025-08-06 20:41:08'),
(34, 1, 41, 3, 13446, 'Natalia Lorente', 1, 413, NULL, NULL, 1, '2025-08-06 20:41:08', '2025-08-06 20:41:08'),
(35, 1, 8, 3, 29408, 'Andrea Chávez', 1, 274, NULL, NULL, 1, '2025-08-06 20:41:08', '2025-08-06 20:41:08'),
(36, 1, 32, 2, 18963, 'Alexandra Hernando', 1, 404, NULL, NULL, 1, '2025-08-06 20:41:08', '2025-08-06 20:41:08'),
(37, 1, 17, 3, 27193, 'Lidia Lozano', 1, 172, NULL, NULL, 1, '2025-08-06 20:41:08', '2025-08-06 20:41:08'),
(38, 1, 38, 3, 32335, 'Claudia Román', 1, 425, NULL, NULL, 1, '2025-08-06 20:41:08', '2025-08-06 20:41:08'),
(39, 1, 51, 1, 42587, 'Jesús Mojica', 1, 140, NULL, NULL, 1, '2025-08-06 20:41:08', '2025-08-06 20:41:08'),
(40, 1, 8, 2, 16330, 'Gerard Cortez', 1, 165, NULL, NULL, 1, '2025-08-06 20:41:08', '2025-08-06 20:41:08'),
(41, 1, 1, 2, 17477, 'Cristian Fuentes', 1, 200, NULL, NULL, 1, '2025-08-06 20:41:08', '2025-08-06 20:41:08'),
(42, 1, 1, 1, 44794, 'Berta Pereira', 1, 366, NULL, NULL, 1, '2025-08-06 20:41:08', '2025-08-06 20:41:08'),
(43, 1, 49, 2, 13298, 'María Ángeles Acevedo', 1, 98, NULL, NULL, 1, '2025-08-06 20:41:08', '2025-08-06 20:41:08'),
(44, 1, 45, 3, 42385, 'Nayara Esteban', 1, 56, NULL, NULL, 1, '2025-08-06 20:41:08', '2025-08-06 20:41:08'),
(45, 1, 59, 1, 20040, 'Nayara Martínez', 1, 185, NULL, NULL, 1, '2025-08-06 20:41:08', '2025-08-06 20:41:08'),
(46, 1, 42, 2, 13410, 'Alejandra Esquibel', 1, 289, NULL, NULL, 1, '2025-08-06 20:41:08', '2025-08-06 20:41:08'),
(47, 1, 32, 1, 47091, 'Ángela Ramón', 1, 128, NULL, NULL, 1, '2025-08-06 20:41:08', '2025-08-06 20:41:08'),
(48, 1, 33, 2, 49211, 'Candela Niño', 1, 220, NULL, NULL, 1, '2025-08-06 20:41:08', '2025-08-06 20:41:08'),
(49, 1, 30, 3, 13553, 'Erik Vázquez', 1, 420, NULL, NULL, 1, '2025-08-06 20:41:08', '2025-08-06 20:41:08'),
(50, 1, 28, 2, 32989, 'Luisa Orosco', 1, 109, NULL, NULL, 1, '2025-08-06 20:41:08', '2025-08-06 20:41:08');

-- --------------------------------------------------------

--
-- Estructura de tabla para la tabla `matentregasitems`
--

CREATE TABLE `matentregasitems` (
  `id` bigint(20) UNSIGNED NOT NULL,
  `matentrega_id` bigint(20) UNSIGNED NOT NULL,
  `material_id` bigint(20) UNSIGNED NOT NULL,
  `cantidad` bigint(20) NOT NULL,
  `costo_unitario` bigint(20) NOT NULL,
  `fecha_final` date DEFAULT NULL,
  `condicion` varchar(120) DEFAULT NULL,
  `devuelto` int(11) NOT NULL DEFAULT 0,
  `fecha_baja` date DEFAULT NULL,
  `baja_por` varchar(60) DEFAULT NULL,
  `estado` int(11) NOT NULL DEFAULT 1,
  `created_at` timestamp NULL DEFAULT NULL,
  `updated_at` timestamp NULL DEFAULT NULL
) ENGINE=InnoDB DEFAULT CHARSET=utf8 COLLATE=utf8_spanish2_ci;

--
-- Volcado de datos para la tabla `matentregasitems`
--

INSERT INTO `matentregasitems` (`id`, `matentrega_id`, `material_id`, `cantidad`, `costo_unitario`, `fecha_final`, `condicion`, `devuelto`, `fecha_baja`, `baja_por`, `estado`, `created_at`, `updated_at`) VALUES
(1, 4, 57, 7, 29940, '2025-10-06', 'usado con fallas', 0, NULL, NULL, 1, '2025-08-13 14:42:57', '2025-08-13 14:42:57'),
(2, 26, 75, 5, 23189, '2025-09-14', 'usado con detalles', 1, NULL, NULL, 1, '2025-08-13 14:42:57', '2025-08-13 14:42:57'),
(3, 25, 54, 8, 6714, '2025-10-06', 'usado con detalles', 6, NULL, NULL, 1, '2025-08-13 14:42:57', '2025-08-13 14:42:57'),
(4, 26, 13, 10, 26162, '2025-09-06', 'nuevo', 6, NULL, NULL, 1, '2025-08-13 14:42:57', '2025-08-13 14:42:57'),
(5, 11, 97, 9, 44380, '2025-09-26', 'nuevo', 3, NULL, NULL, 1, '2025-08-13 14:42:57', '2025-08-13 14:42:57'),
(6, 17, 71, 6, 9097, '2025-08-24', 'nuevo', 0, NULL, NULL, 1, '2025-08-13 14:42:57', '2025-08-13 14:42:57'),
(7, 34, 97, 8, 8275, '2025-09-25', 'usado sin detalles', 4, NULL, NULL, 1, '2025-08-13 14:42:57', '2025-08-13 14:42:57'),
(8, 35, 15, 11, 46116, '2025-09-08', 'usado con detalles', 3, NULL, NULL, 1, '2025-08-13 14:42:57', '2025-08-13 14:42:57'),
(9, 35, 10, 10, 20859, '2025-08-18', 'nuevo', 4, NULL, NULL, 1, '2025-08-13 14:42:57', '2025-08-13 14:42:57'),
(10, 22, 20, 9, 21202, '2025-08-16', 'nuevo', 3, NULL, NULL, 1, '2025-08-13 14:42:57', '2025-08-13 14:42:57'),
(11, 1, 33, 8, 7305, '2025-08-21', 'usado con fallas', 6, NULL, NULL, 1, '2025-08-13 14:42:57', '2025-08-13 14:42:57'),
(12, 29, 84, 10, 9294, '2025-09-15', 'usado sin detalles', 4, NULL, NULL, 1, '2025-08-13 14:42:57', '2025-08-13 14:42:57'),
(13, 5, 51, 8, 37636, '2025-09-21', 'usado con detalles', 4, NULL, NULL, 1, '2025-08-13 14:42:57', '2025-08-13 14:42:57'),
(14, 6, 38, 9, 10402, '2025-08-26', 'usado sin detalles', 2, NULL, NULL, 1, '2025-08-13 14:42:57', '2025-08-13 14:42:57'),
(15, 10, 57, 6, 15480, '2025-09-29', 'usado con detalles', 5, NULL, NULL, 1, '2025-08-13 14:42:57', '2025-08-13 14:42:57'),
(16, 14, 52, 6, 32066, '2025-09-24', 'usado sin detalles', 2, NULL, NULL, 1, '2025-08-13 14:42:57', '2025-08-13 14:42:57'),
(17, 23, 25, 8, 37505, '2025-09-14', 'usado sin detalles', 4, NULL, NULL, 1, '2025-08-13 14:42:57', '2025-08-13 14:42:57'),
(18, 39, 72, 11, 25137, '2025-09-24', 'usado con detalles', 4, NULL, NULL, 1, '2025-08-13 14:42:57', '2025-08-13 14:42:57'),
(19, 23, 89, 7, 45447, '2025-09-18', 'usado sin detalles', 2, NULL, NULL, 1, '2025-08-13 14:42:57', '2025-08-13 14:42:57'),
(20, 20, 67, 8, 37903, '2025-09-27', 'nuevo', 2, NULL, NULL, 1, '2025-08-13 14:42:57', '2025-08-13 14:42:57'),
(21, 43, 6, 8, 14523, '2025-10-03', 'usado sin detalles', 2, NULL, NULL, 1, '2025-08-13 14:42:57', '2025-08-13 14:42:57'),
(22, 26, 59, 8, 38580, '2025-09-21', 'usado sin detalles', 2, NULL, NULL, 1, '2025-08-13 14:42:57', '2025-08-13 14:42:57'),
(23, 48, 86, 7, 44777, '2025-09-19', 'usado con fallas', 4, NULL, NULL, 1, '2025-08-13 14:42:57', '2025-08-13 14:42:57'),
(24, 38, 52, 11, 46013, '2025-09-20', 'usado con detalles', 6, NULL, NULL, 1, '2025-08-13 14:42:57', '2025-08-13 14:42:57'),
(25, 8, 13, 7, 21757, '2025-09-17', 'nuevo', 6, NULL, NULL, 1, '2025-08-13 14:42:57', '2025-08-13 14:42:57'),
(26, 22, 80, 4, 17417, '2025-08-11', 'usado con fallas', 1, NULL, NULL, 1, '2025-08-13 14:42:57', '2025-08-13 14:42:57'),
(27, 12, 37, 10, 43637, '2025-09-20', 'usado sin detalles', 3, NULL, NULL, 1, '2025-08-13 14:42:57', '2025-08-13 14:42:57'),
(28, 6, 5, 5, 23104, '2025-09-04', 'usado sin detalles', 2, NULL, NULL, 1, '2025-08-13 14:42:57', '2025-08-13 14:42:57'),
(29, 39, 65, 6, 13620, '2025-08-05', 'usado con detalles', 3, NULL, NULL, 1, '2025-08-13 14:42:57', '2025-08-13 14:42:57'),
(30, 32, 39, 4, 37004, '2025-09-21', 'usado con fallas', 1, NULL, NULL, 1, '2025-08-13 14:42:57', '2025-08-13 14:42:57'),
(31, 4, 49, 4, 45524, '2025-09-06', 'usado con detalles', 2, NULL, NULL, 1, '2025-08-13 14:42:57', '2025-08-13 14:42:57'),
(32, 16, 30, 11, 26373, '2025-08-29', 'nuevo', 4, NULL, NULL, 1, '2025-08-13 14:42:57', '2025-08-13 14:42:57'),
(33, 9, 19, 5, 47734, '2025-08-09', 'usado con fallas', 5, NULL, NULL, 1, '2025-08-13 14:42:57', '2025-08-13 14:42:57'),
(34, 1, 81, 7, 24148, '2025-08-12', 'nuevo', 2, NULL, NULL, 1, '2025-08-13 14:42:57', '2025-08-13 14:42:57'),
(35, 48, 90, 10, 24357, '2025-09-06', 'usado sin detalles', 1, NULL, NULL, 1, '2025-08-13 14:42:57', '2025-08-13 14:42:57'),
(36, 15, 51, 9, 10219, '2025-08-29', 'usado con detalles', 0, NULL, NULL, 1, '2025-08-13 14:42:57', '2025-08-13 14:42:57'),
(37, 4, 45, 5, 21437, '2025-08-18', 'nuevo', 1, NULL, NULL, 1, '2025-08-13 14:42:57', '2025-08-13 14:42:57'),
(38, 21, 57, 10, 27508, '2025-08-03', 'usado sin detalles', 2, NULL, NULL, 1, '2025-08-13 14:42:57', '2025-08-13 14:42:57'),
(39, 27, 2, 7, 24525, '2025-08-04', 'usado con detalles', 5, NULL, NULL, 1, '2025-08-13 14:42:57', '2025-08-13 14:42:57'),
(40, 15, 25, 7, 29873, '2025-08-05', 'nuevo', 2, NULL, NULL, 1, '2025-08-13 14:42:57', '2025-08-13 14:42:57'),
(41, 1, 70, 5, 19992, '2025-10-11', 'usado sin detalles', 3, NULL, NULL, 1, '2025-08-13 14:42:57', '2025-08-13 14:42:57'),
(42, 45, 87, 10, 33856, '2025-08-31', 'nuevo', 6, NULL, NULL, 1, '2025-08-13 14:42:57', '2025-08-13 14:42:57'),
(43, 3, 52, 7, 31598, '2025-09-25', 'usado con detalles', 3, NULL, NULL, 1, '2025-08-13 14:42:57', '2025-08-13 14:42:57'),
(44, 47, 5, 8, 35513, '2025-09-16', 'usado con detalles', 3, NULL, NULL, 1, '2025-08-13 14:42:57', '2025-08-13 14:42:57'),
(45, 22, 41, 6, 38763, '2025-10-03', 'nuevo', 2, NULL, NULL, 1, '2025-08-13 14:42:57', '2025-08-13 14:42:57'),
(46, 44, 1, 11, 22684, '2025-09-18', 'nuevo', 5, NULL, NULL, 1, '2025-08-13 14:42:57', '2025-08-13 14:42:57'),
(47, 50, 71, 8, 41870, '2025-09-23', 'usado sin detalles', 0, NULL, NULL, 1, '2025-08-13 14:42:57', '2025-08-13 14:42:57'),
(48, 40, 15, 9, 30542, '2025-08-17', 'nuevo', 5, NULL, NULL, 1, '2025-08-13 14:42:57', '2025-08-13 14:42:57'),
(49, 24, 12, 5, 19704, '2025-08-24', 'usado con detalles', 5, NULL, NULL, 1, '2025-08-13 14:42:57', '2025-08-13 14:42:57'),
(50, 8, 65, 7, 45161, '2025-08-18', 'nuevo', 4, NULL, NULL, 1, '2025-08-13 14:42:57', '2025-08-13 14:42:57'),
(51, 32, 22, 8, 36737, '2025-08-14', 'usado con detalles', 1, NULL, NULL, 1, '2025-08-13 14:42:57', '2025-08-13 14:42:57'),
(52, 10, 66, 8, 38206, '2025-08-19', 'usado con detalles', 4, NULL, NULL, 1, '2025-08-13 14:42:57', '2025-08-13 14:42:57'),
(53, 48, 51, 10, 36435, '2025-09-26', 'usado sin detalles', 2, NULL, NULL, 1, '2025-08-13 14:42:57', '2025-08-13 14:42:57'),
(54, 27, 98, 11, 14776, '2025-08-15', 'usado con fallas', 1, NULL, NULL, 1, '2025-08-13 14:42:57', '2025-08-13 14:42:57'),
(55, 6, 48, 8, 26111, '2025-08-10', 'usado con fallas', 5, NULL, NULL, 1, '2025-08-13 14:42:57', '2025-08-13 14:42:57'),
(56, 49, 69, 7, 14920, '2025-09-30', 'usado sin detalles', 3, NULL, NULL, 1, '2025-08-13 14:42:57', '2025-08-13 14:42:57'),
(57, 33, 54, 6, 29279, '2025-09-10', 'usado sin detalles', 3, NULL, NULL, 1, '2025-08-13 14:42:57', '2025-08-13 14:42:57'),
(58, 48, 59, 9, 27531, '2025-09-30', 'usado sin detalles', 4, NULL, NULL, 1, '2025-08-13 14:42:57', '2025-08-13 14:42:57'),
(59, 47, 76, 11, 10012, '2025-09-23', 'usado sin detalles', 3, NULL, NULL, 1, '2025-08-13 14:42:57', '2025-08-13 14:42:57'),
(60, 5, 12, 11, 45085, '2025-09-25', 'usado sin detalles', 0, NULL, NULL, 1, '2025-08-13 14:42:57', '2025-08-13 14:42:57'),
(61, 50, 82, 5, 11108, '2025-08-08', 'usado sin detalles', 5, NULL, NULL, 1, '2025-08-13 14:42:57', '2025-08-13 14:42:57'),
(62, 23, 6, 10, 18401, '2025-08-27', 'nuevo', 0, NULL, NULL, 1, '2025-08-13 14:42:57', '2025-08-13 14:42:57'),
(63, 49, 57, 4, 20631, '2025-09-28', 'usado sin detalles', 6, NULL, NULL, 1, '2025-08-13 14:42:57', '2025-08-13 14:42:57'),
(64, 39, 93, 10, 15654, '2025-08-21', 'usado con fallas', 5, NULL, NULL, 1, '2025-08-13 14:42:57', '2025-08-13 14:42:57'),
(65, 30, 55, 5, 22573, '2025-09-27', 'usado sin detalles', 0, NULL, NULL, 1, '2025-08-13 14:42:57', '2025-08-13 14:42:57'),
(66, 1, 39, 7, 40173, '2025-08-03', 'usado sin detalles', 1, NULL, NULL, 1, '2025-08-13 14:42:57', '2025-08-13 14:42:57'),
(67, 5, 74, 10, 43433, '2025-09-24', 'usado con fallas', 0, NULL, NULL, 1, '2025-08-13 14:42:57', '2025-08-13 14:42:57'),
(68, 2, 39, 5, 39986, '2025-08-14', 'usado con fallas', 4, NULL, NULL, 1, '2025-08-13 14:42:57', '2025-08-13 14:42:57'),
(69, 36, 32, 7, 45389, '2025-08-18', 'usado con fallas', 2, NULL, NULL, 1, '2025-08-13 14:42:57', '2025-08-13 14:42:57'),
(70, 3, 43, 5, 34803, '2025-09-19', 'usado sin detalles', 2, NULL, NULL, 1, '2025-08-13 14:42:57', '2025-08-13 14:42:57'),
(71, 43, 17, 6, 43123, '2025-08-07', 'usado sin detalles', 2, NULL, NULL, 1, '2025-08-13 14:42:57', '2025-08-13 14:42:57'),
(72, 29, 61, 4, 30541, '2025-09-14', 'usado con fallas', 3, NULL, NULL, 1, '2025-08-13 14:42:57', '2025-08-13 14:42:57'),
(73, 31, 30, 8, 43081, '2025-09-23', 'usado con fallas', 5, NULL, NULL, 1, '2025-08-13 14:42:57', '2025-08-13 14:42:57'),
(74, 41, 88, 10, 11586, '2025-08-11', 'nuevo', 6, NULL, NULL, 1, '2025-08-13 14:42:57', '2025-08-13 14:42:57'),
(75, 42, 15, 5, 23426, '2025-08-21', 'usado con fallas', 4, NULL, NULL, 1, '2025-08-13 14:42:57', '2025-08-13 14:42:57'),
(76, 38, 31, 6, 40727, '2025-08-24', 'usado sin detalles', 5, NULL, NULL, 1, '2025-08-13 14:42:57', '2025-08-13 14:42:57'),
(77, 25, 14, 9, 30731, '2025-09-18', 'usado con fallas', 6, NULL, NULL, 1, '2025-08-13 14:42:57', '2025-08-13 14:42:57'),
(78, 29, 36, 4, 25607, '2025-08-19', 'usado con fallas', 5, NULL, NULL, 1, '2025-08-13 14:42:57', '2025-08-13 14:42:57'),
(79, 12, 87, 6, 43831, '2025-09-03', 'usado sin detalles', 3, NULL, NULL, 1, '2025-08-13 14:42:57', '2025-08-13 14:42:57'),
(80, 37, 26, 10, 12173, '2025-09-14', 'usado con detalles', 2, NULL, NULL, 1, '2025-08-13 14:42:57', '2025-08-13 14:42:57'),
(81, 4, 50, 5, 24830, '2025-08-18', 'usado con fallas', 3, NULL, NULL, 1, '2025-08-13 14:42:57', '2025-08-13 14:42:57'),
(82, 47, 70, 4, 35345, '2025-08-31', 'usado con detalles', 2, NULL, NULL, 1, '2025-08-13 14:42:57', '2025-08-13 14:42:57'),
(83, 47, 95, 9, 24912, '2025-10-08', 'nuevo', 4, NULL, NULL, 1, '2025-08-13 14:42:57', '2025-08-13 14:42:57'),
(84, 11, 58, 6, 49621, '2025-08-19', 'usado con detalles', 0, NULL, NULL, 1, '2025-08-13 14:42:57', '2025-08-13 14:42:57'),
(85, 32, 32, 8, 39621, '2025-09-08', 'usado sin detalles', 1, NULL, NULL, 1, '2025-08-13 14:42:57', '2025-08-13 14:42:57'),
(86, 50, 26, 5, 19867, '2025-08-31', 'usado con detalles', 3, NULL, NULL, 1, '2025-08-13 14:42:57', '2025-08-13 14:42:57'),
(87, 36, 69, 11, 43601, '2025-08-22', 'usado con detalles', 5, NULL, NULL, 1, '2025-08-13 14:42:57', '2025-08-13 14:42:57'),
(88, 47, 31, 8, 25942, '2025-08-31', 'nuevo', 4, NULL, NULL, 1, '2025-08-13 14:42:57', '2025-08-13 14:42:57'),
(89, 32, 36, 5, 41740, '2025-10-04', 'usado con detalles', 4, NULL, NULL, 1, '2025-08-13 14:42:57', '2025-08-13 14:42:57'),
(90, 3, 92, 6, 44943, '2025-09-03', 'usado sin detalles', 4, NULL, NULL, 1, '2025-08-13 14:42:57', '2025-08-13 14:42:57'),
(91, 15, 26, 8, 38351, '2025-08-08', 'usado con fallas', 3, NULL, NULL, 1, '2025-08-13 14:42:57', '2025-08-13 14:42:57'),
(92, 6, 32, 6, 11203, '2025-09-27', 'nuevo', 1, NULL, NULL, 1, '2025-08-13 14:42:57', '2025-08-13 14:42:57'),
(93, 9, 14, 8, 14600, '2025-10-09', 'usado sin detalles', 4, NULL, NULL, 1, '2025-08-13 14:42:57', '2025-08-13 14:42:57'),
(94, 48, 51, 9, 15212, '2025-08-17', 'usado con fallas', 5, NULL, NULL, 1, '2025-08-13 14:42:57', '2025-08-13 14:42:57'),
(95, 39, 39, 10, 34091, '2025-09-05', 'nuevo', 3, NULL, NULL, 1, '2025-08-13 14:42:57', '2025-08-13 14:42:57'),
(96, 43, 86, 4, 8881, '2025-10-04', 'usado con fallas', 5, NULL, NULL, 1, '2025-08-13 14:42:57', '2025-08-13 14:42:57'),
(97, 31, 48, 11, 29504, '2025-10-11', 'usado con detalles', 1, NULL, NULL, 1, '2025-08-13 14:42:57', '2025-08-13 14:42:57'),
(98, 35, 83, 4, 34438, '2025-08-28', 'usado sin detalles', 6, NULL, NULL, 1, '2025-08-13 14:42:57', '2025-08-13 14:42:57'),
(99, 22, 45, 10, 16587, '2025-08-12', 'usado con detalles', 0, NULL, NULL, 1, '2025-08-13 14:42:57', '2025-08-13 14:42:57'),
(100, 24, 27, 8, 47675, '2025-09-15', 'usado sin detalles', 6, NULL, NULL, 1, '2025-08-13 14:42:57', '2025-08-13 14:42:57'),
(101, 25, 3, 6, 32534, '2025-09-27', 'usado con detalles', 2, NULL, NULL, 1, '2025-08-13 14:42:57', '2025-08-13 14:42:57'),
(102, 8, 57, 6, 38305, '2025-08-25', 'usado con detalles', 2, NULL, NULL, 1, '2025-08-13 14:42:57', '2025-08-13 14:42:57'),
(103, 46, 84, 7, 22116, '2025-08-28', 'nuevo', 2, NULL, NULL, 1, '2025-08-13 14:42:57', '2025-08-13 14:42:57'),
(104, 12, 60, 4, 17637, '2025-09-09', 'usado con fallas', 1, NULL, NULL, 1, '2025-08-13 14:42:57', '2025-08-13 14:42:57'),
(105, 35, 25, 5, 8851, '2025-09-07', 'usado con detalles', 5, NULL, NULL, 1, '2025-08-13 14:42:57', '2025-08-13 14:42:57'),
(106, 42, 61, 5, 18032, '2025-10-05', 'nuevo', 5, NULL, NULL, 1, '2025-08-13 14:42:57', '2025-08-13 14:42:57'),
(107, 41, 62, 10, 14932, '2025-09-09', 'usado con fallas', 3, NULL, NULL, 1, '2025-08-13 14:42:57', '2025-08-13 14:42:57'),
(108, 40, 86, 11, 41252, '2025-08-27', 'nuevo', 3, NULL, NULL, 1, '2025-08-13 14:42:57', '2025-08-13 14:42:57'),
(109, 39, 74, 7, 17250, '2025-09-15', 'nuevo', 5, NULL, NULL, 1, '2025-08-13 14:42:57', '2025-08-13 14:42:57'),
(110, 15, 14, 5, 26571, '2025-08-30', 'usado con fallas', 0, NULL, NULL, 1, '2025-08-13 14:42:57', '2025-08-13 14:42:57'),
(111, 19, 79, 4, 8868, '2025-10-06', 'nuevo', 3, NULL, NULL, 1, '2025-08-13 14:42:57', '2025-08-13 14:42:57'),
(112, 9, 54, 11, 7971, '2025-08-18', 'usado con detalles', 6, NULL, NULL, 1, '2025-08-13 14:42:57', '2025-08-13 14:42:57'),
(113, 44, 18, 8, 17873, '2025-08-11', 'usado con detalles', 5, NULL, NULL, 1, '2025-08-13 14:42:57', '2025-08-13 14:42:57'),
(114, 28, 8, 5, 44443, '2025-08-01', 'usado con fallas', 2, NULL, NULL, 1, '2025-08-13 14:42:57', '2025-08-13 14:42:57'),
(115, 2, 98, 6, 13096, '2025-09-17', 'nuevo', 0, NULL, NULL, 1, '2025-08-13 14:42:57', '2025-08-13 14:42:57'),
(116, 30, 25, 6, 28669, '2025-08-25', 'usado con fallas', 0, NULL, NULL, 1, '2025-08-13 14:42:57', '2025-08-13 14:42:57'),
(117, 39, 19, 7, 29865, '2025-08-15', 'nuevo', 1, NULL, NULL, 1, '2025-08-13 14:42:57', '2025-08-13 14:42:57'),
(118, 22, 22, 10, 35693, '2025-09-06', 'usado sin detalles', 5, NULL, NULL, 1, '2025-08-13 14:42:57', '2025-08-13 14:42:57'),
(119, 8, 87, 8, 19775, '2025-09-06', 'usado sin detalles', 6, NULL, NULL, 1, '2025-08-13 14:42:57', '2025-08-13 14:42:57'),
(120, 39, 6, 9, 49117, '2025-08-05', 'usado con detalles', 0, NULL, NULL, 1, '2025-08-13 14:42:57', '2025-08-13 14:42:57'),
(121, 25, 79, 4, 30037, '2025-09-04', 'usado con detalles', 3, NULL, NULL, 1, '2025-08-13 14:42:57', '2025-08-13 14:42:57'),
(122, 6, 55, 4, 14085, '2025-10-02', 'usado sin detalles', 4, NULL, NULL, 1, '2025-08-13 14:42:57', '2025-08-13 14:42:57'),
(123, 39, 33, 7, 46341, '2025-09-22', 'usado con detalles', 0, NULL, NULL, 1, '2025-08-13 14:42:57', '2025-08-13 14:42:57'),
(124, 20, 69, 9, 9091, '2025-09-19', 'usado con fallas', 4, NULL, NULL, 1, '2025-08-13 14:42:57', '2025-08-13 14:42:57'),
(125, 5, 72, 4, 9881, '2025-09-15', 'nuevo', 2, NULL, NULL, 1, '2025-08-13 14:42:57', '2025-08-13 14:42:57'),
(126, 14, 20, 11, 23893, '2025-10-05', 'usado con fallas', 1, NULL, NULL, 1, '2025-08-13 14:42:57', '2025-08-13 14:42:57'),
(127, 8, 29, 4, 6007, '2025-09-14', 'usado con detalles', 3, NULL, NULL, 1, '2025-08-13 14:42:57', '2025-08-13 14:42:57'),
(128, 32, 80, 7, 16179, '2025-10-06', 'usado con detalles', 0, NULL, NULL, 1, '2025-08-13 14:42:57', '2025-08-13 14:42:57'),
(129, 33, 41, 10, 11399, '2025-08-27', 'nuevo', 6, NULL, NULL, 1, '2025-08-13 14:42:57', '2025-08-13 14:42:57'),
(130, 3, 56, 4, 45973, '2025-09-25', 'usado con fallas', 4, NULL, NULL, 1, '2025-08-13 14:42:57', '2025-08-13 14:42:57'),
(131, 6, 53, 10, 42653, '2025-08-12', 'usado con detalles', 2, NULL, NULL, 1, '2025-08-13 14:42:57', '2025-08-13 14:42:57'),
(132, 34, 77, 4, 32912, '2025-09-09', 'nuevo', 2, NULL, NULL, 1, '2025-08-13 14:42:57', '2025-08-13 14:42:57'),
(133, 21, 23, 8, 46374, '2025-09-28', 'usado sin detalles', 3, NULL, NULL, 1, '2025-08-13 14:42:57', '2025-08-13 14:42:57'),
(134, 5, 56, 7, 49888, '2025-09-02', 'usado con fallas', 4, NULL, NULL, 1, '2025-08-13 14:42:57', '2025-08-13 14:42:57'),
(135, 28, 22, 9, 44782, '2025-10-08', 'usado con detalles', 4, NULL, NULL, 1, '2025-08-13 14:42:57', '2025-08-13 14:42:57'),
(136, 4, 17, 7, 11709, '2025-08-28', 'usado sin detalles', 3, NULL, NULL, 1, '2025-08-13 14:42:57', '2025-08-13 14:42:57'),
(137, 19, 40, 7, 16677, '2025-08-10', 'usado con detalles', 0, NULL, NULL, 1, '2025-08-13 14:42:57', '2025-08-13 14:42:57'),
(138, 14, 85, 7, 31432, '2025-09-01', 'nuevo', 5, NULL, NULL, 1, '2025-08-13 14:42:57', '2025-08-13 14:42:57'),
(139, 3, 10, 7, 13139, '2025-10-12', 'nuevo', 0, NULL, NULL, 1, '2025-08-13 14:42:57', '2025-08-13 14:42:57'),
(140, 49, 48, 6, 47883, '2025-08-03', 'usado sin detalles', 3, NULL, NULL, 1, '2025-08-13 14:42:57', '2025-08-13 14:42:57'),
(141, 24, 90, 8, 26588, '2025-09-26', 'nuevo', 2, NULL, NULL, 1, '2025-08-13 14:42:57', '2025-08-13 14:42:57'),
(142, 41, 30, 10, 28637, '2025-08-26', 'usado sin detalles', 0, NULL, NULL, 1, '2025-08-13 14:42:57', '2025-08-13 14:42:57'),
(143, 34, 30, 8, 48237, '2025-08-09', 'nuevo', 1, NULL, NULL, 1, '2025-08-13 14:42:57', '2025-08-13 14:42:57'),
(144, 23, 13, 4, 33003, '2025-08-28', 'usado con fallas', 5, NULL, NULL, 1, '2025-08-13 14:42:57', '2025-08-13 14:42:57'),
(145, 18, 73, 9, 7178, '2025-09-27', 'usado con fallas', 1, NULL, NULL, 1, '2025-08-13 14:42:57', '2025-08-13 14:42:57'),
(146, 4, 11, 5, 25161, '2025-08-22', 'usado con fallas', 0, NULL, NULL, 1, '2025-08-13 14:42:57', '2025-08-13 14:42:57'),
(147, 5, 37, 6, 18345, '2025-08-09', 'usado con fallas', 2, NULL, NULL, 1, '2025-08-13 14:42:57', '2025-08-13 14:42:57'),
(148, 49, 68, 8, 49212, '2025-08-07', 'usado sin detalles', 0, NULL, NULL, 1, '2025-08-13 14:42:57', '2025-08-13 14:42:57'),
(149, 36, 94, 6, 30635, '2025-08-12', 'usado con fallas', 5, NULL, NULL, 1, '2025-08-13 14:42:57', '2025-08-13 14:42:57'),
(150, 2, 44, 5, 34012, '2025-08-26', 'nuevo', 1, NULL, NULL, 1, '2025-08-13 14:42:57', '2025-08-13 14:42:57');

-- --------------------------------------------------------

--
-- Estructura de tabla para la tabla `materials`
--

CREATE TABLE `materials` (
  `id` bigint(20) UNSIGNED NOT NULL,
  `nombre` varchar(80) NOT NULL,
  `catmaterial_id` bigint(20) UNSIGNED NOT NULL,
  `codigo` varchar(12) NOT NULL,
  `barcode` varchar(20) DEFAULT NULL,
  `unidad` varchar(30) NOT NULL,
  `stock_actual` int(11) NOT NULL,
  `stock_inicial` int(11) NOT NULL,
  `stock_critico` int(11) NOT NULL,
  `ultimo_costo` bigint(20) NOT NULL,
  `ultimo_ingreso` date NOT NULL,
  `nuevas` int(11) NOT NULL DEFAULT 0,
  `usadas` int(11) NOT NULL DEFAULT 0,
  `disponible` int(11) NOT NULL DEFAULT 0,
  `prestada` int(11) NOT NULL DEFAULT 0,
  `dañada` int(11) NOT NULL DEFAULT 0,
  `en_reparacion` int(11) NOT NULL DEFAULT 0,
  `de_baja` int(11) NOT NULL DEFAULT 0,
  `vendida` int(11) NOT NULL DEFAULT 0,
  `ingresado_por` bigint(20) UNSIGNED NOT NULL,
  `baja_por` varchar(60) DEFAULT NULL,
  `condicion` varchar(20) DEFAULT NULL,
  `estado` int(11) NOT NULL DEFAULT 1,
  `created_at` timestamp NULL DEFAULT NULL,
  `updated_at` timestamp NULL DEFAULT NULL
) ENGINE=InnoDB DEFAULT CHARSET=utf8 COLLATE=utf8_spanish2_ci;

--
-- Volcado de datos para la tabla `materials`
--

INSERT INTO `materials` (`id`, `nombre`, `catmaterial_id`, `codigo`, `barcode`, `unidad`, `stock_actual`, `stock_inicial`, `stock_critico`, `ultimo_costo`, `ultimo_ingreso`, `nuevas`, `usadas`, `disponible`, `prestada`, `dañada`, `en_reparacion`, `de_baja`, `vendida`, `ingresado_por`, `baja_por`, `condicion`, `estado`, `created_at`, `updated_at`) VALUES
(1, 'iusto', 1, '030-020-1798', '0084367591357', 'unidades', 28, 25, 20, 5736, '2025-04-25', 6, 5, 5, 5, 1, 1, 1, 6, 1, NULL, 'nuevo', 1, '2025-04-30 21:02:24', '2025-04-30 21:02:24'),
(2, 'ut', 3, '030-020-407', '0628336915555', 'dispensadores', 36, 28, 12, 9806, '2025-04-27', 5, 8, 5, 1, 3, 1, 4, 2, 1, NULL, 'usado con fallas', 1, '2025-04-30 21:02:24', '2025-04-30 21:02:24'),
(3, 'qui', 2, '030-030-224', '0278312427871', 'dispensadores', 19, 21, 18, 8552, '2025-04-24', 3, 8, 1, 2, 3, 6, 1, 2, 1, NULL, 'usado con detalles', 1, '2025-04-30 21:02:24', '2025-04-30 21:02:24'),
(4, 'eveniet', 1, '030-020-305', '5427940324600', 'Lt', 30, 7, 17, 8520, '2025-04-25', 3, 8, 5, 4, 1, 2, 5, 5, 1, NULL, 'nuevo', 1, '2025-04-30 21:02:24', '2025-04-30 21:02:24'),
(5, 'fugit', 4, '030-010-2358', '2376939815663', 'pares', 39, 23, 16, 9214, '2025-04-23', 3, 8, 5, 3, 2, 6, 6, 5, 1, NULL, 'usado con fallas', 1, '2025-04-30 21:02:24', '2025-04-30 21:02:24'),
(6, 'nostrum', 1, '030-020-2063', '3478571982037', 'tinetas', 36, 21, 20, 9239, '2025-04-26', 6, 4, 2, 1, 1, 1, 4, 1, 1, NULL, 'usado sin detalles', 1, '2025-04-30 21:02:25', '2025-04-30 21:02:25'),
(7, 'eaque', 2, '030-010-2251', '3623341280718', 'paquetes', 21, 13, 18, 3205, '2025-04-27', 3, 7, 2, 1, 4, 5, 2, 6, 1, NULL, 'usado con detalles', 1, '2025-04-30 21:02:25', '2025-04-30 21:02:25'),
(8, 'facere', 4, '030-020-406', '7968774473143', 'M3', 15, 6, 12, 7605, '2025-04-30', 3, 4, 6, 5, 4, 5, 6, 3, 1, NULL, 'usado con fallas', 1, '2025-04-30 21:02:25', '2025-04-30 21:02:25'),
(9, 'eum', 2, '030-020-2398', '4620226456564', 'mm', 46, 22, 20, 5763, '2025-04-29', 6, 6, 2, 6, 2, 6, 6, 3, 1, NULL, 'usado con detalles', 1, '2025-04-30 21:02:25', '2025-04-30 21:02:25'),
(10, 'qui', 4, '030-020-956', '9028826336852', 'tiras', 36, 17, 20, 5295, '2025-04-24', 5, 3, 3, 2, 1, 4, 5, 2, 1, NULL, 'nuevo', 1, '2025-04-30 21:02:25', '2025-04-30 21:02:25'),
(11, 'laborum', 1, '030-020-951', '3176199603814', 'media tinetas', 42, 17, 20, 5002, '2025-04-27', 6, 2, 2, 2, 1, 4, 2, 3, 1, NULL, 'usado con detalles', 1, '2025-04-30 21:02:25', '2025-04-30 21:02:25'),
(12, 'voluptates', 2, '030-010-23', '7916908199339', 'sacos', 43, 30, 17, 7518, '2025-04-27', 5, 7, 5, 1, 4, 1, 3, 6, 1, NULL, 'usado con fallas', 1, '2025-04-30 21:02:25', '2025-04-30 21:02:25'),
(13, 'cupiditate', 1, '030-030-400', '6868017641487', 'rollos', 42, 12, 13, 1061, '2025-04-29', 2, 4, 6, 3, 3, 5, 3, 5, 1, NULL, 'nuevo', 1, '2025-04-30 21:02:25', '2025-04-30 21:02:25'),
(14, 'odio', 2, '030-030-2497', '2224006046598', 'bolsas', 16, 13, 18, 5542, '2025-04-25', 7, 4, 2, 1, 5, 1, 4, 1, 1, NULL, 'usado con fallas', 1, '2025-04-30 21:02:25', '2025-04-30 21:02:25'),
(15, 'repellat', 2, '030-010-368', '7185646606830', 'Lt', 36, 9, 15, 3891, '2025-04-25', 3, 7, 4, 4, 6, 4, 5, 6, 1, NULL, 'usado con fallas', 1, '2025-04-30 21:02:25', '2025-04-30 21:02:25'),
(16, 'est', 1, '030-030-1946', '6193193694485', 'M3', 37, 11, 12, 5388, '2025-04-26', 7, 5, 1, 6, 2, 4, 3, 2, 1, NULL, 'usado con detalles', 1, '2025-04-30 21:02:25', '2025-04-30 21:02:25'),
(17, 'accusamus', 1, '030-010-2132', '6213937948794', 'tinetas', 38, 10, 15, 8482, '2025-04-24', 8, 3, 3, 6, 3, 5, 4, 1, 1, NULL, 'nuevo', 1, '2025-04-30 21:02:25', '2025-04-30 21:02:25'),
(18, 'deleniti', 1, '030-010-2002', '0264827043422', 'M2', 23, 18, 15, 9928, '2025-04-25', 3, 3, 6, 6, 5, 2, 3, 5, 1, NULL, 'usado con detalles', 1, '2025-04-30 21:02:25', '2025-04-30 21:02:25'),
(19, 'nesciunt', 3, '030-030-2170', '8913696339687', 'tarros', 24, 15, 19, 4607, '2025-04-29', 7, 5, 3, 6, 4, 6, 4, 2, 1, NULL, 'usado sin detalles', 1, '2025-04-30 21:02:25', '2025-04-30 21:02:25'),
(20, 'sapiente', 2, '030-010-1700', '6428196270276', 'cm', 50, 9, 15, 6906, '2025-04-27', 6, 7, 3, 5, 6, 3, 4, 2, 1, NULL, 'usado con detalles', 1, '2025-04-30 21:02:25', '2025-04-30 21:02:25'),
(21, 'omnis', 4, '030-040-1980', '0285025353359', 'cm', 50, 22, 19, 6908, '2025-04-28', 4, 7, 1, 5, 6, 5, 1, 1, 1, NULL, 'usado con detalles', 1, '2025-04-30 21:02:25', '2025-04-30 21:02:25'),
(22, 'eum', 3, '030-020-1653', '6827805785741', 'Lt', 27, 14, 13, 9351, '2025-04-27', 3, 3, 4, 6, 2, 6, 3, 4, 1, NULL, 'nuevo', 1, '2025-04-30 21:02:25', '2025-04-30 21:02:25'),
(23, 'velit', 3, '030-020-2403', '9540274038381', 'Lt', 27, 5, 10, 6446, '2025-04-29', 2, 4, 1, 4, 4, 1, 6, 3, 1, NULL, 'nuevo', 1, '2025-04-30 21:02:25', '2025-04-30 21:02:25'),
(24, 'ratione', 4, '030-010-940', '4002185105194', 'paquetes', 36, 20, 15, 8732, '2025-04-29', 8, 5, 6, 6, 6, 2, 3, 3, 1, NULL, 'usado sin detalles', 1, '2025-04-30 21:02:25', '2025-04-30 21:02:25'),
(25, 'accusamus', 4, '030-010-1449', '5018216690552', 'tiras', 28, 29, 10, 2515, '2025-04-24', 2, 3, 4, 6, 4, 6, 6, 5, 1, NULL, 'usado sin detalles', 1, '2025-04-30 21:02:26', '2025-04-30 21:02:26'),
(26, 'blanditiis', 2, '030-010-1606', '2029562822347', 'bolsas', 36, 15, 10, 2175, '2025-04-28', 4, 5, 2, 5, 4, 2, 6, 2, 1, NULL, 'usado con fallas', 1, '2025-04-30 21:02:26', '2025-04-30 21:02:26'),
(27, 'odit', 2, '030-030-2135', '0807068070675', 'paquetes', 28, 10, 16, 2047, '2025-04-26', 2, 7, 4, 4, 2, 6, 5, 1, 1, NULL, 'usado con fallas', 1, '2025-04-30 21:02:26', '2025-04-30 21:02:26'),
(28, 'dolorum', 2, '030-040-850', '6969427436387', 'tiras', 24, 5, 17, 7912, '2025-04-29', 7, 7, 6, 5, 3, 6, 2, 5, 1, NULL, 'usado con fallas', 1, '2025-04-30 21:02:26', '2025-04-30 21:02:26'),
(29, 'et', 1, '030-030-1097', '6101935102006', 'media tinetas', 27, 14, 12, 7274, '2025-04-30', 2, 6, 4, 1, 3, 3, 1, 4, 1, NULL, 'usado con detalles', 1, '2025-04-30 21:02:26', '2025-04-30 21:02:26'),
(30, 'vitae', 4, '030-010-757', '5168857039934', 'mm', 37, 29, 14, 6302, '2025-04-25', 3, 7, 2, 1, 2, 1, 5, 2, 1, NULL, 'usado con fallas', 1, '2025-04-30 21:02:26', '2025-04-30 21:02:26'),
(31, 'non', 4, '030-020-1801', '3211863743509', 'bolsas', 20, 11, 10, 6924, '2025-04-30', 4, 6, 2, 3, 3, 5, 5, 5, 1, NULL, 'usado sin detalles', 1, '2025-04-30 21:02:26', '2025-04-30 21:02:26'),
(32, 'enim', 1, '030-040-550', '8431104615081', 'mm', 40, 20, 11, 3747, '2025-04-28', 2, 8, 4, 1, 4, 5, 2, 2, 1, NULL, 'usado con detalles', 1, '2025-04-30 21:02:26', '2025-04-30 21:02:26'),
(33, 'libero', 4, '030-040-682', '6135947139460', 'sacos', 43, 25, 10, 2478, '2025-04-27', 3, 7, 3, 2, 5, 3, 4, 4, 1, NULL, 'nuevo', 1, '2025-04-30 21:02:26', '2025-04-30 21:02:26'),
(34, 'est', 2, '030-010-853', '8334214704006', 'tinetas', 18, 28, 19, 3113, '2025-04-25', 2, 3, 6, 6, 6, 4, 3, 4, 1, NULL, 'usado con detalles', 1, '2025-04-30 21:02:26', '2025-04-30 21:02:26'),
(35, 'labore', 4, '030-020-1908', '2450039828263', 'cuarto de galones', 30, 19, 14, 7209, '2025-04-27', 4, 5, 4, 6, 4, 3, 2, 4, 1, NULL, 'usado con fallas', 1, '2025-04-30 21:02:26', '2025-04-30 21:02:26'),
(36, 'at', 2, '030-030-607', '0758650456615', 'cuarto de galones', 45, 7, 18, 9077, '2025-04-29', 7, 4, 1, 3, 6, 6, 1, 3, 1, NULL, 'usado con fallas', 1, '2025-04-30 21:02:26', '2025-04-30 21:02:26'),
(37, 'reiciendis', 3, '030-030-135', '2632849601766', 'M2', 17, 22, 10, 9691, '2025-04-23', 6, 8, 5, 6, 1, 4, 3, 4, 1, NULL, 'usado con fallas', 1, '2025-04-30 21:02:26', '2025-04-30 21:02:26'),
(38, 'praesentium', 3, '030-020-2339', '0758542503380', 'M', 32, 13, 17, 4240, '2025-04-25', 8, 2, 6, 3, 6, 5, 4, 6, 1, NULL, 'usado con fallas', 1, '2025-04-30 21:02:26', '2025-04-30 21:02:26'),
(39, 'vero', 3, '030-030-1936', '9327047322645', 'tarros', 44, 13, 17, 3559, '2025-04-29', 4, 8, 1, 2, 5, 3, 1, 4, 1, NULL, 'nuevo', 1, '2025-04-30 21:02:26', '2025-04-30 21:02:26'),
(40, 'modi', 1, '030-010-977', '5041467082456', 'M', 28, 16, 18, 4310, '2025-04-26', 7, 5, 5, 6, 2, 3, 6, 1, 1, NULL, 'nuevo', 1, '2025-04-30 21:02:26', '2025-04-30 21:02:26'),
(41, 'enim', 1, '030-040-402', '6744041666521', 'rollos', 29, 17, 18, 5701, '2025-04-27', 2, 8, 1, 6, 1, 6, 3, 6, 1, NULL, 'usado sin detalles', 1, '2025-04-30 21:02:26', '2025-04-30 21:02:26'),
(42, 'voluptatem', 2, '030-030-275', '5480084582107', 'gr', 27, 9, 13, 4236, '2025-04-28', 4, 6, 4, 4, 3, 4, 6, 2, 1, NULL, 'usado con fallas', 1, '2025-04-30 21:02:26', '2025-04-30 21:02:26'),
(43, 'ut', 1, '030-040-824', '7507936682759', 'media tinetas', 33, 6, 10, 8931, '2025-04-29', 8, 6, 2, 3, 4, 5, 2, 5, 1, NULL, 'usado con detalles', 1, '2025-04-30 21:02:26', '2025-04-30 21:02:26'),
(44, 'qui', 2, '030-040-237', '9852220831633', 'cajas', 46, 7, 15, 7523, '2025-04-28', 2, 2, 3, 1, 5, 3, 3, 2, 1, NULL, 'nuevo', 1, '2025-04-30 21:02:26', '2025-04-30 21:02:26'),
(45, 'velit', 1, '030-030-1224', '0758937282487', 'tiras', 19, 18, 19, 3213, '2025-04-27', 7, 8, 1, 5, 2, 2, 1, 6, 1, NULL, 'nuevo', 1, '2025-04-30 21:02:26', '2025-04-30 21:02:26'),
(46, 'et', 3, '030-040-2276', '5950012553016', 'tinetas', 50, 10, 19, 3534, '2025-04-27', 3, 3, 3, 3, 5, 6, 6, 4, 1, NULL, 'usado sin detalles', 1, '2025-04-30 21:02:26', '2025-04-30 21:02:26'),
(47, 'ullam', 4, '030-030-911', '3825035553706', 'tarros', 40, 5, 11, 6849, '2025-04-28', 2, 3, 1, 2, 4, 2, 5, 2, 1, NULL, 'usado sin detalles', 1, '2025-04-30 21:02:26', '2025-04-30 21:02:26'),
(48, 'tempora', 3, '030-030-2295', '0074062634688', 'mm', 28, 28, 13, 3993, '2025-04-27', 7, 3, 1, 6, 6, 1, 3, 1, 1, NULL, 'nuevo', 1, '2025-04-30 21:02:26', '2025-04-30 21:02:26'),
(49, 'laudantium', 1, '030-040-1085', '5240768887634', 'tinetas', 34, 26, 18, 1830, '2025-04-30', 4, 7, 5, 5, 4, 6, 2, 5, 1, NULL, 'usado con detalles', 1, '2025-04-30 21:02:26', '2025-04-30 21:02:26'),
(50, 'quaerat', 3, '030-020-494', '8330154768627', 'media tinetas', 25, 24, 19, 9720, '2025-04-25', 4, 2, 1, 4, 2, 5, 1, 4, 1, NULL, 'usado con detalles', 1, '2025-04-30 21:02:26', '2025-04-30 21:02:26'),
(51, 'aasdas', 2, '030-030-879', '7450784155947', 'pares', 39, 19, 18, 7891, '2025-04-24', 6, 5, 4, 2, 3, 5, 5, 3, 1, NULL, 'usado con detalles', 1, '2025-04-30 21:02:27', '2025-04-30 21:02:27'),
(52, 'sunt', 3, '030-010-1065', '9914428952685', 'M', 38, 7, 17, 3277, '2025-04-30', 3, 8, 5, 5, 2, 1, 4, 3, 1, NULL, 'usado con fallas', 1, '2025-04-30 21:02:27', '2025-04-30 21:02:27'),
(53, 'enim', 4, '030-010-513', '3047994302045', 'cuarto de galones', 36, 11, 10, 5756, '2025-04-26', 3, 8, 3, 3, 6, 4, 4, 1, 1, NULL, 'usado con fallas', 1, '2025-04-30 21:02:27', '2025-04-30 21:02:27'),
(54, 'hic', 1, '030-020-963', '4010168357294', 'cajas', 44, 30, 16, 5084, '2025-04-29', 8, 8, 3, 2, 5, 5, 5, 6, 1, NULL, 'nuevo', 1, '2025-04-30 21:02:27', '2025-04-30 21:02:27'),
(55, 'nihil', 1, '030-020-1965', '9576654710301', 'mm', 41, 5, 16, 2030, '2025-04-28', 2, 7, 3, 1, 1, 3, 5, 4, 1, NULL, 'usado con fallas', 1, '2025-04-30 21:02:27', '2025-04-30 21:02:27'),
(56, 'rerum', 2, '030-020-2160', '6585524854703', 'tinetas', 29, 17, 16, 8991, '2025-04-25', 4, 7, 3, 6, 2, 5, 5, 3, 1, NULL, 'usado con fallas', 1, '2025-04-30 21:02:27', '2025-04-30 21:02:27'),
(57, 'hic', 3, '030-030-1045', '3381729106011', 'cajas', 20, 23, 11, 6819, '2025-04-28', 5, 5, 2, 2, 3, 4, 4, 1, 1, NULL, 'usado con detalles', 1, '2025-04-30 21:02:27', '2025-04-30 21:02:27'),
(58, 'sit', 3, '030-020-1659', '5745466263709', 'M2', 41, 17, 11, 1456, '2025-04-26', 7, 8, 3, 2, 2, 2, 3, 2, 1, NULL, 'usado sin detalles', 1, '2025-04-30 21:02:27', '2025-04-30 21:02:27'),
(59, 'at', 1, '030-040-1649', '6038869860101', 'pares', 33, 29, 13, 3144, '2025-04-25', 7, 8, 4, 5, 6, 2, 3, 4, 1, NULL, 'usado con fallas', 1, '2025-04-30 21:02:27', '2025-04-30 21:02:27'),
(60, 'debitis', 2, '030-020-1323', '1715612119369', 'mm', 26, 24, 17, 1861, '2025-04-25', 3, 8, 2, 4, 5, 1, 5, 1, 1, NULL, 'nuevo', 1, '2025-04-30 21:02:27', '2025-04-30 21:02:27'),
(61, 'dolor', 1, '030-030-1227', '9381785131877', 'gr', 45, 8, 17, 9891, '2025-04-29', 4, 5, 4, 4, 4, 6, 2, 6, 1, NULL, 'nuevo', 1, '2025-04-30 21:02:27', '2025-04-30 21:02:27'),
(62, 'a sdasd', 4, '030-040-387', '0117696453789', 'tinetas', 48, 25, 13, 3831, '2025-04-25', 3, 8, 6, 5, 6, 5, 1, 6, 1, NULL, 'usado sin detalles', 1, '2025-04-30 21:02:27', '2025-04-30 21:02:27'),
(63, 'numquam', 4, '030-040-2094', '1844942478072', 'unidades', 20, 21, 18, 9888, '2025-04-30', 4, 5, 3, 6, 6, 5, 5, 2, 1, NULL, 'usado con detalles', 1, '2025-04-30 21:02:27', '2025-04-30 21:02:27'),
(64, 'veniam', 2, '030-040-215', '0239413045555', 'bolsas', 24, 6, 14, 9901, '2025-04-24', 2, 4, 5, 5, 3, 5, 4, 3, 1, NULL, 'usado con fallas', 1, '2025-04-30 21:02:27', '2025-04-30 21:02:27'),
(65, 'reiciendis', 4, '030-030-383', '6323605863226', 'cm', 45, 27, 16, 2401, '2025-04-25', 5, 4, 3, 3, 2, 4, 2, 6, 1, NULL, 'usado con fallas', 1, '2025-04-30 21:02:27', '2025-04-30 21:02:27'),
(66, 'minus', 4, '030-030-409', '1245725054115', 'sacos', 20, 17, 17, 8908, '2025-04-27', 7, 7, 3, 3, 1, 6, 3, 4, 1, NULL, 'usado con fallas', 1, '2025-04-30 21:02:27', '2025-04-30 21:02:27'),
(67, 'commodi', 1, '030-020-367', '5616769042271', 'dispensadores', 33, 5, 16, 5842, '2025-04-28', 4, 3, 1, 1, 2, 6, 1, 4, 1, NULL, 'usado con detalles', 1, '2025-04-30 21:02:27', '2025-04-30 21:02:27'),
(68, 'soluta', 2, '030-010-1503', '9380501138053', 'cajas', 24, 9, 18, 9460, '2025-04-25', 7, 4, 6, 2, 3, 3, 4, 1, 1, NULL, 'nuevo', 1, '2025-04-30 21:02:27', '2025-04-30 21:02:27'),
(69, 'corrupti', 4, '030-040-1095', '2380613410945', 'Kg', 44, 21, 15, 3460, '2025-04-29', 2, 5, 1, 2, 5, 5, 5, 5, 1, NULL, 'usado con fallas', 1, '2025-04-30 21:02:27', '2025-04-30 21:02:27'),
(70, 'laudantium', 3, '030-010-2023', '4045481820095', 'unidades', 50, 14, 17, 5849, '2025-04-30', 2, 4, 4, 6, 3, 6, 4, 6, 1, NULL, 'usado sin detalles', 1, '2025-04-30 21:02:27', '2025-04-30 21:02:27'),
(71, 'autem', 3, '030-020-418', '6741741471424', 'M2', 28, 8, 13, 4786, '2025-04-29', 5, 8, 6, 6, 1, 4, 4, 3, 1, NULL, 'nuevo', 1, '2025-04-30 21:02:27', '2025-04-30 21:02:27'),
(72, 'ipsum', 3, '030-030-2098', '1175359537039', 'tinetas', 19, 17, 14, 2575, '2025-04-26', 5, 2, 3, 4, 3, 3, 1, 6, 1, NULL, 'usado con fallas', 1, '2025-04-30 21:02:27', '2025-04-30 21:02:27'),
(73, 'nesciunt', 4, '030-030-126', '3203203820506', 'dispensadores', 17, 13, 12, 2953, '2025-04-26', 3, 8, 2, 3, 1, 1, 1, 6, 1, NULL, 'nuevo', 1, '2025-04-30 21:02:27', '2025-04-30 21:02:27'),
(74, 'quasi', 2, '030-030-130', '4642515504534', 'tinetas', 21, 12, 17, 2707, '2025-04-24', 4, 7, 1, 4, 1, 6, 1, 3, 1, NULL, 'usado con detalles', 1, '2025-04-30 21:02:27', '2025-04-30 21:02:27'),
(75, 'nostrum', 4, '030-030-69', '0827125380547', 'M3', 34, 26, 19, 6796, '2025-04-25', 7, 5, 4, 3, 2, 4, 4, 1, 1, NULL, 'usado sin detalles', 1, '2025-04-30 21:02:27', '2025-04-30 21:02:27'),
(76, 'sed', 3, '030-030-1321', '9126182899124', 'pares', 18, 9, 19, 4811, '2025-04-28', 5, 5, 2, 1, 2, 2, 1, 6, 1, NULL, 'usado con fallas', 1, '2025-04-30 21:02:27', '2025-04-30 21:02:27'),
(77, 'recusandae', 3, '030-030-1544', '2403463925237', 'tiras', 21, 23, 13, 2633, '2025-04-24', 7, 8, 6, 5, 4, 4, 3, 5, 1, NULL, 'usado con fallas', 1, '2025-04-30 21:02:27', '2025-04-30 21:02:27'),
(78, 'voluptas', 4, '030-010-983', '6377411515954', 'cuarto de galones', 27, 14, 13, 2967, '2025-04-27', 5, 2, 6, 5, 5, 4, 1, 1, 1, NULL, 'nuevo', 1, '2025-04-30 21:02:27', '2025-04-30 21:02:27'),
(79, 'qui', 3, '030-020-1815', '2423840297825', 'M3', 20, 11, 14, 2253, '2025-04-25', 4, 3, 5, 1, 1, 6, 3, 1, 1, NULL, 'nuevo', 1, '2025-04-30 21:02:27', '2025-04-30 21:02:27'),
(80, 'velit', 3, '030-010-1571', '3869155286144', 'cajas', 47, 13, 19, 3612, '2025-04-26', 5, 8, 2, 6, 5, 4, 1, 3, 1, NULL, 'usado con fallas', 1, '2025-04-30 21:02:27', '2025-04-30 21:02:27'),
(81, 'qui', 1, '030-030-1135', '1164974153250', 'cm', 27, 6, 16, 7580, '2025-04-25', 3, 7, 2, 4, 3, 3, 2, 3, 1, NULL, 'usado sin detalles', 1, '2025-04-30 21:02:27', '2025-04-30 21:02:27'),
(82, 'maiores', 2, '030-020-2437', '7583338563896', 'Kg', 20, 17, 12, 4040, '2025-04-29', 4, 7, 3, 2, 1, 3, 2, 3, 1, NULL, 'usado sin detalles', 1, '2025-04-30 21:02:27', '2025-04-30 21:02:27'),
(83, 'sit', 1, '030-030-2432', '0011099263634', 'media tinetas', 17, 28, 14, 3608, '2025-04-30', 4, 8, 1, 4, 2, 5, 5, 6, 1, NULL, 'usado con detalles', 1, '2025-04-30 21:02:27', '2025-04-30 21:02:27'),
(84, 'sed', 1, '030-010-695', '3823142568163', 'cm', 16, 24, 10, 9703, '2025-04-30', 8, 8, 5, 5, 2, 2, 3, 2, 1, NULL, 'usado sin detalles', 1, '2025-04-30 21:02:27', '2025-04-30 21:02:27'),
(85, 'hic', 2, '030-040-1557', '8453573340363', 'tarros', 40, 21, 15, 9877, '2025-04-24', 7, 3, 6, 3, 2, 4, 2, 6, 1, NULL, 'nuevo', 1, '2025-04-30 21:02:27', '2025-04-30 21:02:27'),
(86, 'aut', 1, '030-020-3', '2337162878993', 'cuarto de galones', 19, 17, 15, 9873, '2025-04-26', 7, 7, 6, 5, 2, 3, 1, 1, 1, NULL, 'nuevo', 1, '2025-04-30 21:02:27', '2025-04-30 21:02:27'),
(87, 'sunt', 3, '030-020-2162', '8410317990796', 'bolsas', 15, 30, 10, 5298, '2025-04-29', 5, 2, 1, 3, 1, 3, 6, 4, 1, NULL, 'usado con fallas', 1, '2025-04-30 21:02:27', '2025-04-30 21:02:27'),
(88, 'itaque', 1, '030-040-630', '4403598980390', 'bolsas', 39, 25, 20, 6689, '2025-04-26', 7, 5, 4, 5, 3, 1, 3, 6, 1, NULL, 'usado sin detalles', 1, '2025-04-30 21:02:27', '2025-04-30 21:02:27'),
(89, 'maiores', 4, '030-010-124', '9333133993774', 'mm', 37, 17, 18, 1840, '2025-04-24', 8, 8, 4, 1, 2, 2, 5, 5, 1, NULL, 'usado con fallas', 1, '2025-04-30 21:02:27', '2025-04-30 21:02:27'),
(90, 'excepturi', 3, '030-010-537', '2832435851074', 'cm', 43, 22, 20, 2940, '2025-04-24', 2, 3, 1, 3, 5, 2, 6, 2, 1, NULL, 'usado sin detalles', 1, '2025-04-30 21:02:27', '2025-04-30 21:02:27'),
(91, 'in', 1, '030-010-2073', '7342597119806', 'unidades', 48, 28, 15, 1863, '2025-04-26', 2, 5, 1, 2, 3, 1, 4, 4, 1, NULL, 'nuevo', 1, '2025-04-30 21:02:27', '2025-04-30 21:02:27'),
(92, 'et', 4, '030-010-2082', '2620603189452', 'sacos', 46, 21, 18, 4318, '2025-04-24', 3, 5, 6, 1, 4, 1, 4, 4, 1, NULL, 'usado con fallas', 1, '2025-04-30 21:02:27', '2025-04-30 21:02:27'),
(93, 'repellendus', 2, '030-040-521', '3225685903508', 'tarros', 22, 7, 17, 6420, '2025-04-26', 6, 8, 2, 2, 4, 6, 6, 5, 1, NULL, 'usado con fallas', 1, '2025-04-30 21:02:28', '2025-04-30 21:02:28'),
(94, 'aspernatur', 3, '030-030-531', '6563489493892', 'pares', 36, 27, 11, 4650, '2025-04-27', 2, 2, 3, 3, 1, 6, 3, 3, 1, NULL, 'usado con detalles', 1, '2025-04-30 21:02:28', '2025-04-30 21:02:28'),
(95, 'ad', 2, '030-020-30', '1406435069282', 'pares', 43, 20, 17, 1019, '2025-04-24', 7, 6, 1, 1, 4, 5, 5, 3, 1, NULL, 'usado con fallas', 1, '2025-04-30 21:02:28', '2025-04-30 21:02:28'),
(96, 'aut', 4, '030-030-1911', '4156897521626', 'Kg', 44, 27, 20, 3415, '2025-04-30', 4, 2, 6, 4, 4, 5, 4, 6, 1, NULL, 'usado con detalles', 1, '2025-04-30 21:02:28', '2025-04-30 21:02:28'),
(97, 'consequatur', 1, '030-030-689', '2876837480302', 'pares', 27, 22, 15, 4204, '2025-04-28', 7, 5, 1, 4, 2, 3, 6, 6, 1, NULL, 'nuevo', 1, '2025-04-30 21:02:28', '2025-04-30 21:02:28'),
(98, 'dolorem', 1, '030-040-590', '1752101696079', 'pares', 43, 6, 16, 5890, '2025-04-29', 5, 4, 1, 6, 2, 6, 3, 4, 1, NULL, 'usado sin detalles', 1, '2025-04-30 21:02:28', '2025-04-30 21:02:28'),
(99, 'qui', 2, '030-010-628', '9876758331014', 'M2', 26, 27, 18, 9166, '2025-04-27', 4, 4, 5, 4, 3, 2, 3, 1, 1, NULL, 'usado con detalles', 1, '2025-04-30 21:02:28', '2025-04-30 21:02:28'),
(100, 'minima', 1, '030-010-174', '3057700915735', 'rollos', 35, 23, 11, 4121, '2025-04-29', 8, 5, 3, 2, 4, 1, 3, 6, 1, NULL, 'nuevo', 1, '2025-04-30 21:02:28', '2025-04-30 21:02:28');

-- --------------------------------------------------------

--
-- Estructura de tabla para la tabla `migrations`
--

CREATE TABLE `migrations` (
  `id` int(10) UNSIGNED NOT NULL,
  `migration` varchar(255) NOT NULL,
  `batch` int(11) NOT NULL
) ENGINE=InnoDB DEFAULT CHARSET=utf8 COLLATE=utf8_spanish2_ci;

--
-- Volcado de datos para la tabla `migrations`
--

INSERT INTO `migrations` (`id`, `migration`, `batch`) VALUES
(1, '0000_03_20_015455_create_empresas_table', 1),
(2, '0001_01_01_000000_create_users_table', 1),
(3, '0001_01_01_000001_create_cache_table', 1),
(4, '0001_01_01_000002_create_jobs_table', 1),
(6, '2020_07_07_055656_create_countries_table', 1),
(7, '2020_07_07_055725_create_cities_table', 1),
(8, '2020_07_07_055746_create_timezones_table', 1),
(9, '2021_10_19_071730_create_states_table', 1),
(10, '2021_10_23_082414_create_currencies_table', 1),
(11, '2022_01_22_034939_create_languages_table', 1),
(12, '2025_03_20_021546_create_permission_tables', 1),
(13, '2025_03_28_121132_create_cat_materials_table', 1),
(14, '2025_03_28_121202_create_cat_herramientas_table', 1),
(15, '2025_03_29_133452_create_cat_consumibles_table', 1),
(16, '2025_03_29_161613_create_cat_elementos_table', 1),
(17, '2025_03_29_234324_create_consumibles_table', 1),
(18, '2025_03_29_234337_create_elementos_table', 1),
(19, '2025_03_29_234337_create_unidades_table - copia', 1),
(21, '2025_03_29_234406_create_materials_table', 1),
(22, '2025_03_30_230552_create_trabajadors_table', 1),
(28, '2025_04_24_015608_create_consudevolucions_table', 1),
(29, '2025_04_24_015718_create_elemendevolucions_table', 1),
(30, '2025_04_24_015839_create_matdevolucions_table', 1),
(31, '2025_04_26_225946_create_tmphtaentregas_table', 1),
(33, '2025_04_30_110338_create_proyectos_table', 1),
(49, '2025_05_30_094858_create_proveedors_table', 6),
(63, '2025_04_22_010027_create_consuentregas_table', 8),
(64, '2025_04_22_010052_create_elementregas_table', 8),
(65, '2025_04_22_010105_create_matentregas_table', 8),
(67, '2025_08_05_101457_create_elementregasitems_table', 10),
(68, '2025_08_05_101521_create_consuentregasitems_table', 10),
(69, '2025_08_05_102531_create_tmpmatentregas_table', 11),
(70, '2025_08_05_102543_create_tmpelementregas_table', 11),
(71, '2025_08_05_102553_create_tmpconsuentregas_table', 11),
(72, '2025_03_29_234351_create_herramientas_table', 12),
(73, '2025_04_22_005941_create_htaentregas_table', 12),
(74, '2025_04_24_015313_create_htadevolucions_table', 12),
(75, '2025_04_22_005951_create_htaentregasitems_table', 13),
(76, '2025_04_25_233930_create_htadevolucionitems_table', 14),
(77, '2025_08_05_101431_create_matentregasitems_table', 15),
(78, '2025_08_20_225729_create_vehiculos_table', 16);

-- --------------------------------------------------------

--
-- Estructura de tabla para la tabla `model_has_permissions`
--

CREATE TABLE `model_has_permissions` (
  `permission_id` bigint(20) UNSIGNED NOT NULL,
  `model_type` varchar(255) NOT NULL,
  `model_id` bigint(20) UNSIGNED NOT NULL
) ENGINE=InnoDB DEFAULT CHARSET=utf8 COLLATE=utf8_spanish2_ci;

-- --------------------------------------------------------

--
-- Estructura de tabla para la tabla `model_has_roles`
--

CREATE TABLE `model_has_roles` (
  `role_id` bigint(20) UNSIGNED NOT NULL,
  `model_type` varchar(255) NOT NULL,
  `model_id` bigint(20) UNSIGNED NOT NULL
) ENGINE=InnoDB DEFAULT CHARSET=utf8 COLLATE=utf8_spanish2_ci;

--
-- Volcado de datos para la tabla `model_has_roles`
--

INSERT INTO `model_has_roles` (`role_id`, `model_type`, `model_id`) VALUES
(1, 'App\\Models\\User', 1),
(1, 'App\\Models\\User', 12),
(2, 'App\\Models\\User', 8),
(2, 'App\\Models\\User', 11),
(2, 'App\\Models\\User', 13),
(3, 'App\\Models\\User', 4),
(3, 'App\\Models\\User', 10),
(3, 'App\\Models\\User', 14),
(4, 'App\\Models\\User', 3),
(4, 'App\\Models\\User', 5),
(4, 'App\\Models\\User', 7),
(4, 'App\\Models\\User', 15),
(5, 'App\\Models\\User', 2),
(5, 'App\\Models\\User', 9),
(5, 'App\\Models\\User', 16),
(6, 'App\\Models\\User', 6),
(6, 'App\\Models\\User', 17);

-- --------------------------------------------------------

--
-- Estructura de tabla para la tabla `permissions`
--

CREATE TABLE `permissions` (
  `id` bigint(20) UNSIGNED NOT NULL,
  `name` varchar(255) NOT NULL,
  `guard_name` varchar(255) NOT NULL,
  `ingresado_por` int(11) NOT NULL DEFAULT 1,
  `created_at` timestamp NULL DEFAULT NULL,
  `updated_at` timestamp NULL DEFAULT NULL,
  `estado` int(11) NOT NULL DEFAULT 1
) ENGINE=InnoDB DEFAULT CHARSET=utf8 COLLATE=utf8_spanish2_ci;

--
-- Volcado de datos para la tabla `permissions`
--

INSERT INTO `permissions` (`id`, `name`, `guard_name`, `ingresado_por`, `created_at`, `updated_at`, `estado`) VALUES
(2, 'admin-index', 'web', 1, '2025-09-26 13:54:08', '2025-09-26 13:54:19', 1),
(3, 'admin-empresa-edit', 'web', 1, '2025-09-26 14:47:12', '2025-09-26 14:47:12', 1),
(4, 'admin-roles-index', 'web', 1, '2025-09-26 14:48:56', '2025-09-26 14:48:56', 1),
(5, 'admin-roles-mostrar', 'web', 1, '2025-09-26 14:49:10', '2025-09-26 14:49:10', 1),
(6, 'admin-roles-editar', 'web', 1, '2025-09-26 14:49:22', '2025-09-26 14:49:22', 1),
(7, 'admin-roles-asignar', 'web', 1, '2025-09-26 14:51:20', '2025-09-26 14:51:20', 1),
(8, 'admin-roles-borrar', 'web', 1, '2025-09-26 14:51:33', '2025-09-26 14:51:33', 1),
(9, 'admin-roles-crear', 'web', 1, '2025-09-26 14:51:46', '2025-09-26 14:51:46', 1),
(10, 'admin-roles-eliminados', 'web', 1, '2025-09-26 14:51:59', '2025-09-26 14:51:59', 1),
(11, 'admin-roles-activar', 'web', 1, '2025-09-26 14:52:12', '2025-09-26 14:52:12', 1),
(12, 'admin-roles-imprimir', 'web', 1, '2025-09-26 14:52:25', '2025-09-26 14:52:25', 1),
(13, 'admin-usuarios-index', 'web', 1, '2025-09-26 14:53:26', '2025-09-26 14:53:26', 1),
(14, 'admin-usuarios-mostrar', 'web', 1, '2025-09-26 14:53:38', '2025-09-26 14:53:38', 1),
(15, 'admin-usuarios-editar', 'web', 1, '2025-09-26 14:53:48', '2025-09-26 14:53:48', 1),
(16, 'admin-usuarios-asignar', 'web', 1, '2025-09-26 14:53:59', '2025-09-29 01:21:06', 0),
(17, 'admin-usuarios-borrar', 'web', 1, '2025-09-26 14:54:11', '2025-09-26 14:54:11', 1),
(18, 'admin-usuarios-crear', 'web', 1, '2025-09-26 14:54:23', '2025-09-26 14:54:23', 1),
(19, 'admin-usuarios-eliminados', 'web', 1, '2025-09-26 14:54:35', '2025-09-26 14:54:35', 1),
(20, 'admin-usuarios-activar', 'web', 1, '2025-09-26 14:54:45', '2025-09-26 14:54:45', 1),
(21, 'admin-usuarios-imprimir', 'web', 1, '2025-09-26 14:54:56', '2025-09-26 14:54:56', 1),
(22, 'admin-trabajadores-index', 'web', 1, '2025-09-26 14:55:28', '2025-09-26 14:55:28', 1),
(23, 'admin-trabajadores-mostrar', 'web', 1, '2025-09-26 14:55:41', '2025-09-26 14:55:41', 1),
(24, 'admin-trabajadores-editar', 'web', 1, '2025-09-26 14:55:53', '2025-09-26 14:55:53', 1),
(25, 'admin-trabajadores-asignar', 'web', 1, '2025-09-26 14:56:06', '2025-09-29 01:20:54', 0),
(26, 'admin-trabajadores-borrar', 'web', 1, '2025-09-26 14:56:16', '2025-09-26 14:56:16', 1),
(27, 'admin-trabajadores-crear', 'web', 1, '2025-09-26 14:56:26', '2025-09-26 14:56:26', 1),
(28, 'admin-trabajadores-eliminados', 'web', 1, '2025-09-26 14:56:37', '2025-09-26 14:56:37', 1),
(29, 'admin-trabajadores-activar', 'web', 1, '2025-09-26 14:56:52', '2025-09-26 14:56:52', 1),
(30, 'admin-trabajadores-imprimir', 'web', 1, '2025-09-26 14:57:03', '2025-09-26 14:57:03', 1),
(31, 'admin-proyectos-index', 'web', 1, '2025-09-26 14:57:40', '2025-09-26 14:57:40', 1),
(32, 'admin-proyectos-mostrar', 'web', 1, '2025-09-26 14:57:54', '2025-09-26 14:57:54', 1),
(33, 'admin-proyectos-editar', 'web', 1, '2025-09-26 14:58:06', '2025-09-26 14:58:06', 1),
(34, 'admin-proyectos-asignar', 'web', 1, '2025-09-26 14:58:16', '2025-09-29 01:22:25', 0),
(35, 'admin-proyectos-borrar', 'web', 1, '2025-09-26 14:58:27', '2025-09-26 14:58:27', 1),
(36, 'admin-proyectos-crear', 'web', 1, '2025-09-26 14:59:20', '2025-09-26 14:59:20', 1),
(37, 'admin-proyectos-eliminados', 'web', 1, '2025-09-26 14:59:33', '2025-09-26 14:59:33', 1),
(38, 'admin-proyectos-activar', 'web', 1, '2025-09-26 14:59:44', '2025-09-26 14:59:44', 1),
(39, 'admin-proyectos-imprimir', 'web', 1, '2025-09-26 14:59:55', '2025-09-26 14:59:55', 1),
(40, 'admin-proveedores-index', 'web', 1, '2025-09-26 15:01:36', '2025-09-26 15:01:36', 1),
(41, 'admin-proveedores-mostrar', 'web', 1, '2025-09-26 15:01:49', '2025-09-26 15:01:49', 1),
(42, 'admin-proveedores-editar', 'web', 1, '2025-09-26 15:01:58', '2025-09-26 15:01:58', 1),
(43, 'admin-proveedores-asignar', 'web', 1, '2025-09-26 15:02:09', '2025-09-29 01:20:25', 0),
(44, 'admin-proveedores-borrar', 'web', 1, '2025-09-26 15:02:21', '2025-09-26 15:02:21', 1),
(45, 'admin-proveedores-crear', 'web', 1, '2025-09-26 15:02:34', '2025-09-26 15:02:34', 1),
(46, 'admin-proveedores-eliminados', 'web', 1, '2025-09-26 15:02:44', '2025-09-26 15:02:44', 1),
(47, 'admin-proveedores-activar', 'web', 1, '2025-09-26 15:02:57', '2025-09-26 15:02:57', 1),
(48, 'admin-proveedores-imprimir', 'web', 1, '2025-09-26 15:03:08', '2025-09-26 15:03:08', 1),
(49, 'htas-categorias-index', 'web', 1, '2025-09-26 15:16:41', '2025-09-26 15:16:41', 1),
(50, 'htas-categorias-mostrar', 'web', 1, '2025-09-26 15:16:55', '2025-09-26 15:16:55', 1),
(51, 'htas-categorias-editar', 'web', 1, '2025-09-26 15:17:07', '2025-09-26 15:17:07', 1),
(52, 'htas-categorias-borrar', 'web', 1, '2025-09-26 15:17:19', '2025-09-26 15:17:19', 1),
(53, 'htas-categorias-crear', 'web', 1, '2025-09-26 15:17:29', '2025-09-26 15:17:29', 1),
(54, 'htas-categorias-imprimir', 'web', 1, '2025-09-26 15:18:10', '2025-09-26 15:18:10', 1),
(55, 'htas-categorias-eliminados', 'web', 1, '2025-09-26 15:22:09', '2025-09-26 15:22:09', 1),
(56, 'htas-categorias-activar', 'web', 1, '2025-09-26 15:22:21', '2025-09-26 15:22:21', 1),
(57, 'mat-categorias-index', 'web', 1, '2025-09-26 15:22:47', '2025-09-26 15:22:47', 1),
(58, 'mat-categorias-mostrar', 'web', 1, '2025-09-26 15:23:00', '2025-09-26 15:23:00', 1),
(59, 'mat-categorias-editar', 'web', 1, '2025-09-26 15:23:12', '2025-09-26 15:23:12', 1),
(60, 'mat-categorias-borrar', 'web', 1, '2025-09-26 15:23:24', '2025-09-26 15:23:24', 1),
(61, 'mat-categorias-crear', 'web', 1, '2025-09-26 15:24:02', '2025-09-26 15:24:02', 1),
(62, 'mat-categorias-imprimir', 'web', 1, '2025-09-26 15:24:13', '2025-09-26 15:24:13', 1),
(63, 'mat-categorias-eliminados', 'web', 1, '2025-09-26 15:24:24', '2025-09-26 15:24:24', 1),
(64, 'mat-categorias-activar', 'web', 1, '2025-09-26 15:24:34', '2025-09-26 15:24:34', 1),
(65, 'consu-categorias-index', 'web', 1, '2025-09-26 15:24:52', '2025-09-26 15:24:52', 1),
(66, 'consu-categorias-mostrar', 'web', 1, '2025-09-26 15:25:04', '2025-09-26 15:25:04', 1),
(67, 'consu-categorias-editar', 'web', 1, '2025-09-26 15:25:15', '2025-09-26 15:25:15', 1),
(68, 'consu-categorias-borrar', 'web', 1, '2025-09-26 15:25:44', '2025-09-26 15:25:44', 1),
(69, 'consu-categorias-crear', 'web', 1, '2025-09-26 15:25:55', '2025-09-26 15:25:55', 1),
(70, 'consu-categorias-imprimir', 'web', 1, '2025-09-26 15:26:05', '2025-09-26 15:26:05', 1),
(71, 'consu-categorias-eliminados', 'web', 1, '2025-09-26 15:26:16', '2025-09-26 15:26:16', 1),
(72, 'consu-categorias-activar', 'web', 1, '2025-09-26 15:26:26', '2025-09-26 15:26:26', 1),
(73, 'elem-categorias-index', 'web', 1, '2025-09-26 15:27:16', '2025-09-26 15:27:16', 1),
(74, 'elem-categorias-mostrar', 'web', 1, '2025-09-26 15:27:34', '2025-09-26 15:27:34', 1),
(75, 'elem-categorias-editar', 'web', 1, '2025-09-26 15:27:45', '2025-09-26 15:27:45', 1),
(76, 'elem-categorias-borrar', 'web', 1, '2025-09-26 15:27:55', '2025-09-26 15:27:55', 1),
(77, 'elem-categorias-crear', 'web', 1, '2025-09-26 15:28:06', '2025-09-26 15:28:06', 1),
(78, 'elem-categorias-imprimir', 'web', 1, '2025-09-26 15:28:17', '2025-09-26 15:28:17', 1),
(79, 'elem-categorias-eliminados', 'web', 1, '2025-09-26 15:28:27', '2025-09-26 15:28:27', 1),
(80, 'elem-categorias-activar', 'web', 1, '2025-09-26 15:28:37', '2025-09-26 15:28:37', 1),
(81, 'htas-index', 'web', 1, '2025-09-26 18:35:48', '2025-09-26 18:35:48', 1),
(82, 'htas-crear', 'web', 1, '2025-09-26 18:35:59', '2025-09-26 18:35:59', 1),
(83, 'htas-imprimir', 'web', 1, '2025-09-26 18:36:09', '2025-09-26 18:36:09', 1),
(84, 'htas-mostrar', 'web', 1, '2025-09-26 18:36:21', '2025-09-26 18:36:21', 1),
(85, 'htas-editar', 'web', 1, '2025-09-26 18:36:31', '2025-09-26 18:36:31', 1),
(86, 'htas-borrar', 'web', 1, '2025-09-26 18:36:42', '2025-09-26 18:36:42', 1),
(87, 'htas-eliminados', 'web', 1, '2025-09-26 18:37:33', '2025-09-26 18:37:33', 1),
(88, 'htas-eliminados-imprimir', 'web', 1, '2025-09-26 18:37:57', '2025-09-26 18:37:57', 1),
(89, 'htas-activar', 'web', 1, '2025-09-26 18:38:07', '2025-09-26 18:38:07', 1),
(90, 'htas-prestar-index', 'web', 1, '2025-09-26 18:38:23', '2025-09-26 18:38:23', 1),
(91, 'htas-prestadas-index', 'web', 1, '2025-09-27 19:57:02', '2025-09-27 19:57:02', 1),
(92, 'htas-prestadas-crear', 'web', 1, '2025-09-27 19:57:14', '2025-09-27 19:57:14', 1),
(93, 'htas-prestadas-mostrar', 'web', 1, '2025-09-27 19:57:26', '2025-09-27 19:57:26', 1),
(94, 'htas-prestadas-imprimir', 'web', 1, '2025-09-27 19:57:37', '2025-09-27 19:57:37', 1),
(95, 'htas-prestadas-editar', 'web', 1, '2025-09-27 19:57:49', '2025-09-27 19:57:49', 1),
(96, 'htas-prestadas-borrar', 'web', 1, '2025-09-27 19:58:02', '2025-09-27 19:58:02', 1),
(97, 'htas-enuso-index', 'web', 1, '2025-09-27 19:58:50', '2025-09-27 19:58:50', 1),
(98, 'htas-enuso-imprimir', 'web', 1, '2025-09-27 19:59:03', '2025-09-27 19:59:03', 1),
(99, 'htas-atrasadas-index', 'web', 1, '2025-09-27 19:59:24', '2025-09-27 19:59:24', 1),
(100, 'htas-atrasadas-imprimir', 'web', 1, '2025-09-27 19:59:35', '2025-09-27 19:59:35', 1),
(101, 'htas-devoluciones-index', 'web', 1, '2025-09-27 20:00:04', '2025-09-27 20:00:04', 1),
(102, 'htas-devoluciones-crear', 'web', 1, '2025-09-27 20:00:44', '2025-09-27 20:00:44', 1),
(103, 'htas-devoluciones-mostrar', 'web', 1, '2025-09-27 20:00:56', '2025-09-27 20:00:56', 1),
(104, 'htas-devoluciones-imprimir', 'web', 1, '2025-09-27 20:01:07', '2025-09-27 20:01:07', 1),
(105, 'htas-devoluciones-editar', 'web', 1, '2025-09-27 20:01:17', '2025-09-27 20:01:17', 1),
(106, 'htas-devoluciones-borrar', 'web', 1, '2025-09-27 20:01:47', '2025-09-27 20:01:47', 1),
(107, 'htas-devoluciones-eliminados', 'web', 1, '2025-09-27 20:02:04', '2025-09-27 20:02:04', 1),
(108, 'htas-devoluciones-eliminados-activar', 'web', 1, '2025-09-27 20:02:19', '2025-09-27 20:02:19', 1),
(109, 'htas-devoluciones-eliminados-imprimir', 'web', 1, '2025-09-27 20:03:11', '2025-09-27 20:03:11', 1),
(110, 'htas-prestadas-eliminados', 'web', 1, '2025-09-27 20:07:32', '2025-09-27 20:07:32', 1),
(111, 'htas-prestadas-eliminados-activar', 'web', 1, '2025-09-27 20:08:20', '2025-09-27 20:08:20', 1),
(112, 'permisos-index', 'web', 1, '2025-09-27 20:36:14', '2025-09-27 20:36:14', 1),
(113, 'permisos-crear', 'web', 1, '2025-09-27 20:36:25', '2025-09-27 20:36:25', 1),
(114, 'permisos-imprimir', 'web', 1, '2025-09-27 20:36:35', '2025-09-27 20:36:35', 1),
(115, 'permisos-mostrar', 'web', 1, '2025-09-27 20:36:45', '2025-09-27 20:48:56', 1),
(116, 'permisos-editar', 'web', 1, '2025-09-27 20:36:56', '2025-09-27 20:36:56', 1),
(117, 'permisos-borrar', 'web', 1, '2025-09-27 20:37:08', '2025-09-27 20:37:08', 1),
(118, 'permisos-eliminados', 'web', 1, '2025-09-27 20:37:19', '2025-09-27 20:37:19', 1),
(119, 'permisos-eliminados-imprimir', 'web', 1, '2025-09-27 20:37:35', '2025-09-27 20:37:35', 1),
(120, 'admin-roles-imprimirpermisos', 'web', 1, '2025-09-28 22:37:34', '2025-09-28 22:37:34', 1),
(121, 'permisos-activar', 'web', 1, '2025-09-29 02:21:19', '2025-09-29 02:21:19', 1);

-- --------------------------------------------------------

--
-- Estructura de tabla para la tabla `proveedors`
--

CREATE TABLE `proveedors` (
  `id` bigint(20) UNSIGNED NOT NULL,
  `nombre` varchar(40) NOT NULL,
  `rut` varchar(15) NOT NULL,
  `sucursal` varchar(30) DEFAULT NULL,
  `nombre_contacto` varchar(40) DEFAULT NULL,
  `telefono` varchar(40) DEFAULT NULL,
  `email` varchar(40) DEFAULT NULL,
  `direccion` varchar(100) DEFAULT NULL,
  `ciudad` varchar(40) DEFAULT NULL,
  `region` int(11) DEFAULT NULL,
  `razon_social` varchar(100) DEFAULT NULL,
  `estado` int(11) NOT NULL DEFAULT 1,
  `empresa` int(11) NOT NULL DEFAULT 1,
  `herramientas` tinyint(1) NOT NULL DEFAULT 1,
  `materiales` tinyint(1) NOT NULL DEFAULT 1,
  `elementos` tinyint(1) NOT NULL DEFAULT 1,
  `consumibles` tinyint(1) NOT NULL DEFAULT 1,
  `fecha_ingreso` date NOT NULL,
  `ingresado_por` bigint(20) UNSIGNED NOT NULL,
  `fecha_baja` date DEFAULT NULL,
  `baja_por` varchar(60) DEFAULT NULL,
  `created_at` timestamp NULL DEFAULT NULL,
  `updated_at` timestamp NULL DEFAULT NULL
) ENGINE=InnoDB DEFAULT CHARSET=utf8 COLLATE=utf8_spanish2_ci;

--
-- Volcado de datos para la tabla `proveedors`
--

INSERT INTO `proveedors` (`id`, `nombre`, `rut`, `sucursal`, `nombre_contacto`, `telefono`, `email`, `direccion`, `ciudad`, `region`, `razon_social`, `estado`, `empresa`, `herramientas`, `materiales`, `elementos`, `consumibles`, `fecha_ingreso`, `ingresado_por`, `fecha_baja`, `baja_por`, `created_at`, `updated_at`) VALUES
(1, 'Tapia-Domingo', '72.307.782-3', NULL, 'José Torres', '+34 922 78 3793', 'icarmona@example.org', 'Carrer Moya, 76, Bajo 5º, 33419, Velázquez Alta', 'Talcahuano', 733, NULL, 1, 1, 1, 0, 0, 0, '2025-05-20', 1, NULL, NULL, '2025-05-30 14:57:10', '2025-05-30 14:57:10'),
(2, 'Aparicio-Gutiérrez e Hijo', '74.854.083-3', NULL, 'Yeray Gaitán', '+34 964 715891', 'eduardo59@example.com', 'Travessera Luna, 7, Ático 5º, 85415, Meza de San Pedro', 'Concepcion', 733, NULL, 1, 1, 0, 0, 1, 1, '2025-05-22', 1, NULL, NULL, '2025-05-30 14:57:10', '2025-05-30 14:57:10'),
(3, 'Pineda de Negrón', '71.946.564-2', NULL, 'Marc Zelaya', '+34 909 569471', 'pvaldez@example.com', 'Carrer Jordi, 387, 8º C, 72285, L\' Garica del Puerto', 'San Pedro de la Paz', 733, NULL, 1, 1, 0, 1, 1, 1, '2025-05-27', 1, NULL, NULL, '2025-05-30 14:57:10', '2025-05-30 14:57:10'),
(4, 'Global Terrazas e Hija', '70.333.813-9', NULL, 'Inés León', '+34 915 232134', 'escamilla.gonzalo@example.org', 'Travesía Mario, 21, 09º 4º, 99005, Los Yáñez', 'Hualpen', 733, NULL, 1, 1, 1, 0, 1, 1, '2025-05-30', 1, NULL, NULL, '2025-05-30 14:57:10', '2025-05-30 14:57:10'),
(5, 'Corporación Solano y Flia.', '78.378.127-2', NULL, 'Victoria Ordóñez', '917-78-0154', 'adrian.abeyta@example.org', 'Plaza Diego, 44, 0º F, 75343, La Delafuente del Puerto', 'Talcahuano', 733, NULL, 1, 1, 0, 1, 0, 0, '2025-05-29', 1, NULL, NULL, '2025-05-30 14:57:10', '2025-05-30 14:57:10'),
(6, 'Navas-Camarillo S. de H.', '78.469.971-2', NULL, 'Pablo Espinal', '+34 909118903', 'suarez.guillermo@example.org', 'Praza Eduardo, 56, 69º C, 19745, La Olmos', 'San Pedro de la Paz', 733, NULL, 1, 1, 1, 0, 0, 1, '2025-05-26', 1, NULL, NULL, '2025-05-30 14:57:10', '2025-05-30 14:57:10'),
(7, 'Requena, Noriega y Gallardo e Hijos', '79.667.182-4', NULL, 'Irene Viera', '922 80 2730', 'qjuarez@example.net', 'Plaza Orellana, 354, Entre suelo 0º, 30389, De la Cruz de Arriba', 'Concepcion', 733, NULL, 1, 1, 0, 0, 0, 0, '2025-05-17', 1, NULL, NULL, '2025-05-30 14:57:10', '2025-05-30 14:57:10'),
(8, 'Núñez de Ibarra', '72.977.903-5', NULL, 'Miguel Ángel Reyna', '938 61 5071', 'almanza.nicolas@example.net', 'Camino Jimena, 190, 09º B, 68810, L\' Cruz', 'Concepcion', 733, NULL, 1, 1, 1, 0, 1, 1, '2025-05-30', 1, NULL, NULL, '2025-05-30 14:57:10', '2025-05-30 14:57:10'),
(9, 'Viajes Rosas', '75.835.114-4', NULL, 'Andrea Juárez', '980 13 8559', 'rpelayo@example.org', 'Avenida Madrigal, 14, 0º F, 03247, Arriaga del Mirador', 'Hualpen', 733, NULL, 1, 1, 0, 0, 1, 1, '2025-05-28', 1, NULL, NULL, '2025-05-30 14:57:10', '2025-05-30 14:57:10'),
(10, 'Air Llorente', '79.003.293-9', NULL, 'Marc Arellano', '+34 989-711307', 'julia.puig@example.org', 'Paseo Sergio, 61, Bajo 7º, 91232, Urías del Puerto', 'San Pedro de la Paz', 733, NULL, 1, 1, 1, 0, 1, 0, '2025-05-20', 1, NULL, NULL, '2025-05-30 14:57:10', '2025-05-30 14:57:10'),
(11, 'Jaramillo-Bernal', '77.075.048-9', NULL, 'José Antonio Sierra', '925-18-8194', 'rael.rosario@example.org', 'Camiño Hugo, 4, Bajos, 97530, Negrón de Arriba', 'Talcahuano', 733, NULL, 1, 1, 0, 0, 1, 1, '2025-05-22', 1, NULL, NULL, '2025-05-30 14:57:10', '2025-05-30 14:57:10'),
(12, 'Montañez y Izquierdo e Hijo', '72.104.100-8', NULL, 'Teresa Tijerina', '+34 901 649560', 'inmaculada36@example.com', 'Avenida Rivas, 68, Bajo 2º, 51121, El Requena de Arriba', 'San Pedro de la Paz', 733, NULL, 1, 1, 0, 0, 0, 1, '2025-05-19', 1, NULL, NULL, '2025-05-30 14:57:10', '2025-05-30 14:57:10'),
(13, 'Asociación Ocasio-Montoya', '71.088.853-5', NULL, 'Margarita Zamora', '954-89-5040', 'saez.mario@example.net', 'Avinguda Noriega, 610, 75º D, 34702, Mendoza del Pozo', 'Talcahuano', 733, NULL, 1, 1, 0, 1, 0, 0, '2025-05-19', 1, NULL, NULL, '2025-05-30 14:57:10', '2025-05-30 14:57:10'),
(14, 'Global Verduzco y Asoc.', '71.171.659-1', NULL, 'Juan Alicea', '+34 926809183', 'lucas.puig@example.net', 'Carrer Aleix, 269, 5º B, 82164, Canales Alta', 'Talcahuano', 733, NULL, 1, 1, 0, 0, 0, 1, '2025-05-17', 1, NULL, NULL, '2025-05-30 14:57:10', '2025-05-30 14:57:10'),
(15, 'Alfonso-Villalba', '72.406.144-8', NULL, 'Abril Olivo', '992-619628', 'aurora16@example.net', 'Passeig Leo, 3, Bajo 5º, 74131, Las Nájera de la Sierra', 'San Pedro de la Paz', 733, NULL, 1, 1, 0, 0, 1, 0, '2025-05-27', 1, NULL, NULL, '2025-05-30 14:57:10', '2025-06-02 16:28:07'),
(16, 'Reséndez y Esteban', '79.241.076-7', NULL, 'Silvia Crespo', '978-58-8076', 'feliciano.josefa@example.net', 'Travessera Alcántar, 39, 95º E, 36311, Os Córdoba', 'San Pedro de la Paz', 733, NULL, 1, 1, 0, 0, 1, 1, '2025-05-17', 1, NULL, NULL, '2025-05-30 14:57:10', '2025-05-30 14:57:10'),
(17, 'Paz, Orta y Almanza y Asoc.', '78.667.679-4', NULL, 'Inmaculada Llorente', '+34 972 10 1286', 'rodrigo42@example.com', 'Camiño Gael, 8, 89º E, 34950, As Ordóñez', 'Hualpen', 733, NULL, 1, 1, 0, 1, 0, 0, '2025-05-31', 1, NULL, NULL, '2025-05-30 14:57:10', '2025-05-30 14:57:10'),
(18, 'Noriega y Vargas', '77.912.583-1', NULL, 'Emilia Ferrer', '+34 976 258190', 'ozuna.malak@example.net', 'Avinguda Orozco, 61, 5º A, 84672, A Ybarra', 'Talcahuano', 733, NULL, 1, 1, 0, 1, 1, 0, '2025-05-20', 1, NULL, NULL, '2025-05-30 14:57:10', '2025-05-30 14:57:10'),
(19, 'Miguel y Camarillo y Asoc.', '76.257.891-3', NULL, 'Mateo Farías', '+34 901-19-0592', 'alex.balderas@example.net', 'Rúa Laura, 254, 1º E, 75693, Portillo del Puerto', 'San Pedro de la Paz', 733, NULL, 1, 1, 1, 0, 0, 0, '2025-05-30', 1, NULL, NULL, '2025-05-30 14:57:10', '2025-05-30 14:57:10'),
(20, 'Fierro-Ureña SA', '78.457.504-0', NULL, 'Mateo Macías', '+34 975126725', 'saenz.miguelangel@example.net', 'Travessera Esquibel, 2, 99º C, 96560, Carrero de la Sierra', 'Concepcion', 733, NULL, 1, 1, 0, 1, 0, 0, '2025-05-29', 1, NULL, NULL, '2025-05-30 14:57:11', '2025-05-30 14:57:11'),
(21, 'Viajes Saldivar e Hijos', '79.217.296-0', NULL, 'Mara Serna', '+34 950 79 7318', 'ubenavides@example.org', 'Avinguda Centeno, 651, 3º, 09183, Ybarra de las Torres', 'San Pedro de la Paz', 733, NULL, 1, 1, 0, 1, 1, 0, '2025-05-18', 1, NULL, NULL, '2025-05-30 14:57:11', '2025-05-30 14:57:11'),
(22, 'Asociación Angulo', '76.556.829-1', NULL, 'Alonso Baeza', '975-648639', 'aleix76@example.com', 'Camiño Escobedo, 25, 1º, 02538, Mondragón de Ulla', 'Hualpen', 733, NULL, 1, 1, 1, 0, 0, 0, '2025-05-26', 1, NULL, NULL, '2025-05-30 14:57:11', '2025-05-30 14:57:11'),
(23, 'Empresa Estrada', '74.335.097-0', NULL, 'Adrián Cuellar', '967-07-8544', 'zmarroquin@example.com', 'Travessera Josefa, 21, 94º D, 43095, Os Madrid Alta', 'Concepcion', 733, NULL, 1, 1, 1, 0, 1, 0, '2025-05-22', 1, NULL, NULL, '2025-05-30 14:57:11', '2025-05-30 14:57:11'),
(24, 'Barreto y Rojas e Hijos', '76.831.411-9', NULL, 'Malak Salas', '974 34 4868', 'manuela55@example.com', 'Camiño Oliver, 87, 19º 6º, 14014, Los Carbajal Medio', 'Hualpen', 733, NULL, 1, 1, 1, 1, 1, 1, '2025-05-17', 1, NULL, NULL, '2025-05-30 14:57:11', '2025-05-30 14:57:11'),
(25, 'Heredia y Pedraza y Asoc.', '79.310.407-2', NULL, 'Francisco Javier Fierro', '+34 924607180', 'helena.gallegos@example.com', 'Plaza Aitor, 119, 0º A, 96600, Apodaca de San Pedro', 'San Pedro de la Paz', 733, NULL, 1, 1, 1, 1, 0, 1, '2025-05-18', 1, NULL, NULL, '2025-05-30 14:57:11', '2025-05-30 14:57:11'),
(26, 'Palacios y Jaime e Hijo', '78.223.025-0', NULL, 'Adrián Castellano', '988448915', 'ybarraza@example.org', 'Avinguda Helena, 95, 7º B, 97692, Los Saavedra de la Sierra', 'Hualpen', 733, NULL, 1, 1, 1, 1, 0, 1, '2025-05-26', 1, NULL, NULL, '2025-05-30 14:57:11', '2025-05-30 14:57:11'),
(27, 'Nazario-Pelayo', '71.828.682-0', NULL, 'Rubén Pons', '+34 968 11 1160', 'diego31@example.org', 'Avenida Valero, 459, 6º E, 84953, Partida de Lemos', 'Concepcion', 733, NULL, 1, 1, 1, 1, 1, 1, '2025-05-23', 1, NULL, NULL, '2025-05-30 14:57:11', '2025-05-30 14:57:11'),
(28, 'Rueda de Arce SA', '78.059.592-4', NULL, 'Alonso Bueno', '+34 900376020', 'calderon.nuria@example.net', 'Camino Carrión, 326, 7º A, 21501, Almaráz de San Pedro', 'Talcahuano', 733, NULL, 1, 1, 0, 1, 1, 1, '2025-05-26', 1, NULL, NULL, '2025-05-30 14:57:11', '2025-05-30 14:57:11'),
(29, 'Gonzáles-Negrete e Hija', '79.549.086-6', NULL, 'Alexandra Espino', '+34 905 909471', 'anamaria.guzman@example.net', 'Avenida Ortega, 2, Ático 0º, 52292, L\' Bañuelos de Ulla', 'Concepcion', 733, NULL, 1, 1, 0, 1, 1, 0, '2025-05-19', 1, NULL, NULL, '2025-05-30 14:57:11', '2025-05-30 14:57:11'),
(30, 'Montañez y Santamaría', '70.677.433-3', NULL, 'Jimena Arce', '+34 963 044728', 'furibe@example.net', 'Ronda Domenech, 8, Ático 0º, 77922, La Cobo', 'Concepcion', 733, NULL, 1, 1, 0, 1, 0, 0, '2025-05-24', 1, NULL, NULL, '2025-05-30 14:57:11', '2025-05-30 14:57:11'),
(32, 'Ferreteria El Roble', '71.126.452-8', 'San Pedro de la Paz', 'Luis Perez B.', '41220323', 'luisperez@elroble.cl', 'Los Canelos 1325 Local 4', 'San Pedro de la Paz', 733, 'Sociedad Perez y Gomez Ltda', 1, 1, 1, 1, 1, 1, '2025-06-02', 1, NULL, NULL, '2025-06-02 14:54:38', '2025-06-02 20:31:43');

-- --------------------------------------------------------

--
-- Estructura de tabla para la tabla `proyectos`
--

CREATE TABLE `proyectos` (
  `id` bigint(20) UNSIGNED NOT NULL,
  `nombre` varchar(120) NOT NULL,
  `empresa_id` bigint(20) UNSIGNED NOT NULL,
  `lugar` varchar(100) DEFAULT NULL,
  `fecha_inicio` date DEFAULT NULL,
  `fecha_fin` date DEFAULT NULL,
  `encargado` varchar(80) NOT NULL,
  `email_encargado` varchar(50) NOT NULL,
  `ingresado_por` bigint(20) UNSIGNED NOT NULL,
  `fecha_baja` date DEFAULT NULL,
  `baja_por` varchar(60) DEFAULT NULL,
  `estado` int(11) NOT NULL DEFAULT 1,
  `created_at` timestamp NULL DEFAULT NULL,
  `updated_at` timestamp NULL DEFAULT NULL
) ENGINE=InnoDB DEFAULT CHARSET=utf8 COLLATE=utf8_spanish2_ci;

--
-- Volcado de datos para la tabla `proyectos`
--

INSERT INTO `proyectos` (`id`, `nombre`, `empresa_id`, `lugar`, `fecha_inicio`, `fecha_fin`, `encargado`, `email_encargado`, `ingresado_por`, `fecha_baja`, `baja_por`, `estado`, `created_at`, `updated_at`) VALUES
(1, 'Galpon de acopio de aridos planta ARTEC', 1, 'Coelemu', '2025-01-01', '2025-11-19', 'Luis Felipe Garcia', 'flgarciac@example.org', 1, NULL, NULL, 1, '2025-05-01 19:34:21', '2025-05-01 19:34:21'),
(2, 'Puente peatonal Rio Amarillo', 1, 'Ñipas', '2025-01-13', '2026-01-01', 'Jaime Toledo S.', 'jaimetoledos@gmail.com', 1, NULL, NULL, 1, '2025-05-01 19:34:21', '2025-05-01 19:34:21'),
(3, 'Cerchas metalicas ampliacion planta FACAR', 1, 'Nacimiento', '2025-03-01', '2025-10-25', 'Claudio Ortega Garcia', 'cortegagarcia@gmail.com', 1, '2025-05-01', '1', 1, '2025-05-01 19:55:38', '2025-05-01 20:42:45'),
(4, 'Vigas de carga ampliacion planta Furbosa', 1, 'Nacimiento', '2025-08-01', '2025-12-31', 'Luis Claudio Astorga', 'lcastorga@furbosa.cl', 1, NULL, NULL, 1, '2025-08-21 02:54:47', '2025-08-21 02:54:47');

-- --------------------------------------------------------

--
-- Estructura de tabla para la tabla `roles`
--

CREATE TABLE `roles` (
  `id` bigint(20) UNSIGNED NOT NULL,
  `name` varchar(255) NOT NULL,
  `guard_name` varchar(255) NOT NULL,
  `estado` int(11) NOT NULL DEFAULT 1,
  `created_at` timestamp NULL DEFAULT NULL,
  `updated_at` timestamp NULL DEFAULT NULL
) ENGINE=InnoDB DEFAULT CHARSET=utf8 COLLATE=utf8_spanish2_ci;

--
-- Volcado de datos para la tabla `roles`
--

INSERT INTO `roles` (`id`, `name`, `guard_name`, `estado`, `created_at`, `updated_at`) VALUES
(1, 'admin', 'web', 1, '2025-04-30 20:00:50', '2025-09-28 01:08:14'),
(2, 'Gerencia', 'web', 1, '2025-04-30 20:00:50', '2025-04-30 20:00:50'),
(3, 'Supervisor', 'web', 1, '2025-04-30 20:00:50', '2025-04-30 20:00:50'),
(4, 'Operador', 'web', 1, '2025-04-30 20:00:50', '2025-05-07 19:56:03'),
(5, 'Bodeguero', 'web', 1, '2025-04-30 20:00:50', '2025-04-30 20:00:50'),
(6, 'Trabajador', 'web', 1, '2025-04-30 20:12:32', '2025-04-30 20:12:32');

-- --------------------------------------------------------

--
-- Estructura de tabla para la tabla `role_has_permissions`
--

CREATE TABLE `role_has_permissions` (
  `permission_id` bigint(20) UNSIGNED NOT NULL,
  `role_id` bigint(20) UNSIGNED NOT NULL
) ENGINE=InnoDB DEFAULT CHARSET=utf8 COLLATE=utf8_spanish2_ci;

--
-- Volcado de datos para la tabla `role_has_permissions`
--

INSERT INTO `role_has_permissions` (`permission_id`, `role_id`) VALUES
(2, 1),
(2, 2),
(2, 3),
(2, 4),
(2, 5),
(3, 1),
(3, 2),
(4, 1),
(4, 2),
(5, 1),
(5, 2),
(6, 1),
(6, 2),
(7, 1),
(7, 2),
(8, 1),
(9, 1),
(9, 2),
(10, 1),
(10, 2),
(11, 1),
(11, 2),
(12, 1),
(12, 2),
(13, 1),
(13, 2),
(13, 3),
(13, 4),
(14, 1),
(14, 2),
(14, 3),
(14, 4),
(15, 1),
(15, 2),
(15, 3),
(15, 4),
(16, 1),
(17, 1),
(17, 2),
(17, 3),
(18, 1),
(18, 2),
(18, 3),
(19, 1),
(19, 2),
(19, 3),
(19, 4),
(20, 1),
(20, 2),
(20, 3),
(20, 4),
(21, 1),
(21, 2),
(21, 3),
(21, 4),
(22, 1),
(22, 2),
(22, 3),
(22, 4),
(23, 1),
(23, 2),
(23, 3),
(23, 4),
(24, 1),
(24, 2),
(24, 3),
(24, 4),
(25, 1),
(26, 1),
(26, 2),
(26, 3),
(26, 4),
(27, 1),
(27, 2),
(27, 3),
(27, 4),
(28, 1),
(28, 2),
(28, 3),
(28, 4),
(29, 1),
(29, 2),
(29, 3),
(29, 4),
(30, 1),
(30, 2),
(30, 3),
(30, 4),
(31, 1),
(31, 2),
(31, 3),
(31, 4),
(32, 1),
(32, 2),
(32, 3),
(32, 4),
(33, 1),
(33, 2),
(33, 3),
(33, 4),
(34, 1),
(35, 1),
(35, 2),
(35, 3),
(35, 4),
(36, 1),
(36, 2),
(36, 3),
(36, 4),
(37, 1),
(37, 2),
(37, 3),
(37, 4),
(38, 1),
(38, 2),
(38, 3),
(38, 4),
(39, 1),
(39, 2),
(39, 3),
(39, 4),
(40, 1),
(40, 2),
(40, 3),
(40, 4),
(40, 5),
(41, 1),
(41, 2),
(41, 3),
(41, 4),
(41, 5),
(42, 1),
(42, 2),
(42, 3),
(42, 4),
(42, 5),
(43, 1),
(44, 1),
(44, 2),
(44, 3),
(44, 4),
(45, 1),
(45, 2),
(45, 3),
(45, 4),
(45, 5),
(46, 1),
(46, 2),
(46, 3),
(46, 4),
(46, 5),
(47, 1),
(47, 2),
(47, 3),
(47, 4),
(47, 5),
(48, 1),
(48, 2),
(48, 3),
(48, 4),
(48, 5),
(49, 1),
(49, 2),
(49, 3),
(49, 4),
(50, 1),
(50, 2),
(50, 3),
(50, 4),
(51, 1),
(51, 2),
(51, 3),
(51, 4),
(52, 1),
(52, 2),
(52, 3),
(52, 4),
(53, 1),
(53, 2),
(53, 3),
(53, 4),
(54, 1),
(54, 2),
(54, 3),
(54, 4),
(55, 1),
(55, 2),
(55, 3),
(55, 4),
(56, 1),
(56, 2),
(56, 3),
(56, 4),
(57, 1),
(57, 2),
(57, 3),
(57, 4),
(58, 1),
(58, 2),
(58, 3),
(58, 4),
(59, 1),
(59, 2),
(59, 3),
(59, 4),
(60, 1),
(60, 2),
(60, 3),
(60, 4),
(61, 1),
(61, 2),
(61, 3),
(61, 4),
(62, 1),
(62, 2),
(62, 3),
(62, 4),
(63, 1),
(63, 2),
(63, 3),
(63, 4),
(64, 1),
(64, 2),
(64, 3),
(64, 4),
(65, 1),
(65, 2),
(65, 3),
(65, 4),
(66, 1),
(66, 2),
(66, 3),
(66, 4),
(67, 1),
(67, 2),
(67, 3),
(67, 4),
(68, 1),
(68, 2),
(68, 3),
(68, 4),
(69, 1),
(69, 2),
(69, 3),
(69, 4),
(70, 1),
(70, 2),
(70, 3),
(70, 4),
(71, 1),
(71, 2),
(71, 3),
(71, 4),
(72, 1),
(72, 2),
(72, 3),
(72, 4),
(73, 1),
(73, 2),
(73, 3),
(73, 4),
(74, 1),
(74, 2),
(74, 3),
(74, 4),
(75, 1),
(75, 2),
(75, 3),
(75, 4),
(76, 1),
(76, 2),
(76, 3),
(76, 4),
(77, 1),
(77, 2),
(77, 3),
(77, 4),
(78, 1),
(78, 2),
(78, 3),
(78, 4),
(79, 1),
(79, 2),
(79, 3),
(79, 4),
(80, 1),
(80, 2),
(80, 3),
(80, 4),
(81, 1),
(81, 2),
(81, 3),
(81, 4),
(81, 5),
(82, 1),
(82, 3),
(82, 4),
(82, 5),
(83, 1),
(83, 2),
(83, 3),
(83, 4),
(83, 5),
(84, 1),
(84, 2),
(84, 3),
(84, 4),
(84, 5),
(85, 1),
(86, 1),
(86, 5),
(87, 1),
(87, 2),
(87, 3),
(87, 4),
(87, 5),
(88, 1),
(88, 2),
(88, 3),
(88, 4),
(88, 5),
(89, 1),
(89, 5),
(90, 1),
(90, 5),
(91, 1),
(91, 3),
(91, 4),
(91, 5),
(92, 1),
(92, 5),
(93, 1),
(93, 2),
(93, 3),
(93, 4),
(93, 5),
(94, 1),
(94, 2),
(94, 3),
(94, 4),
(94, 5),
(95, 1),
(95, 5),
(96, 1),
(96, 5),
(97, 1),
(97, 2),
(97, 3),
(97, 4),
(97, 5),
(98, 1),
(98, 2),
(98, 3),
(98, 4),
(98, 5),
(99, 1),
(99, 2),
(99, 3),
(99, 4),
(99, 5),
(100, 1),
(100, 2),
(100, 3),
(100, 4),
(100, 5),
(101, 1),
(101, 2),
(101, 3),
(101, 4),
(101, 5),
(102, 1),
(102, 5),
(103, 1),
(103, 2),
(103, 3),
(103, 4),
(103, 5),
(104, 1),
(104, 2),
(104, 3),
(104, 4),
(104, 5),
(105, 1),
(105, 5),
(106, 1),
(106, 5),
(107, 1),
(107, 2),
(107, 3),
(107, 4),
(107, 5),
(108, 1),
(108, 5),
(109, 1),
(109, 2),
(109, 3),
(109, 4),
(109, 5),
(110, 1),
(110, 2),
(110, 3),
(110, 4),
(110, 5),
(111, 1),
(111, 5),
(112, 1),
(112, 2),
(113, 1),
(114, 1),
(114, 2),
(115, 1),
(115, 2),
(116, 1),
(117, 1),
(118, 1),
(118, 2),
(119, 1),
(119, 2),
(120, 1),
(120, 2),
(121, 2);

-- --------------------------------------------------------

--
-- Estructura de tabla para la tabla `sessions`
--

CREATE TABLE `sessions` (
  `id` varchar(255) NOT NULL,
  `user_id` bigint(20) UNSIGNED DEFAULT NULL,
  `ip_address` varchar(45) DEFAULT NULL,
  `user_agent` text DEFAULT NULL,
  `payload` longtext NOT NULL,
  `last_activity` int(11) NOT NULL
) ENGINE=InnoDB DEFAULT CHARSET=utf8 COLLATE=utf8_spanish2_ci;

--
-- Volcado de datos para la tabla `sessions`
--

INSERT INTO `sessions` (`id`, `user_id`, `ip_address`, `user_agent`, `payload`, `last_activity`) VALUES
('7UDqe84n0vnaXeRVJGEXWpiYiKZDdHb2qRSuHKFG', 1, '::1', 'Mozilla/5.0 (Windows NT 10.0; Win64; x64) AppleWebKit/537.36 (KHTML, like Gecko) Chrome/138.0.0.0 Safari/537.36 OPR/122.0.0.0', 'YTo3OntzOjY6Il90b2tlbiI7czo0MDoibjdSdWFVQkFBRHIydXUwSlptWUJtS2p0T1VEck9DOHFERWFlQ0dLSiI7czo5OiJfcHJldmlvdXMiO2E6MTp7czozOiJ1cmwiO3M6NDQ6Imh0dHA6Ly9sb2NhbGhvc3Qvc2lzYm9kZWdhL3B1YmxpYy9tYXRlcmlhbGVzIjt9czo2OiJfZmxhc2giO2E6Mjp7czozOiJvbGQiO2E6MDp7fXM6MzoibmV3IjthOjA6e319czozOiJ1cmwiO2E6MDp7fXM6NTA6ImxvZ2luX3dlYl81OWJhMzZhZGRjMmIyZjk0MDE1ODBmMDE0YzdmNThlYTRlMzA5ODlkIjtpOjE7czo0OiJhdXRoIjthOjE6e3M6MjE6InBhc3N3b3JkX2NvbmZpcm1lZF9hdCI7aToxNzYwNzU0NjM3O31zOjIyOiJQSFBERUJVR0JBUl9TVEFDS19EQVRBIjthOjA6e319', 1760754727),
('tZ2Xuj7whb7qa4i4qifG3xB8eeecJx8WMpj3PdWo', NULL, '::1', 'Mozilla/5.0 (Windows NT 10.0; Win64; x64) AppleWebKit/537.36 (KHTML, like Gecko) Chrome/135.0.0.0 Safari/537.36 OPR/120.0.0.0', 'YTozOntzOjY6Il90b2tlbiI7czo0MDoiaEpPTVFIN3dZWE5HMHRmOTN0ZzhIRHFKMmJ3QjFib3dkZ0dPdE9tNiI7czo2OiJfZmxhc2giO2E6Mjp7czozOiJvbGQiO2E6MDp7fXM6MzoibmV3IjthOjA6e319czo5OiJfcHJldmlvdXMiO2E6MTp7czozOiJ1cmwiO3M6Mzk6Imh0dHA6Ly9sb2NhbGhvc3Qvc2lzYm9kZWdhL3B1YmxpYy9sb2dpbiI7fX0=', 1759176730);

-- --------------------------------------------------------

--
-- Estructura de tabla para la tabla `states`
--

CREATE TABLE `states` (
  `id` bigint(20) UNSIGNED NOT NULL,
  `country_id` bigint(20) UNSIGNED NOT NULL,
  `name` varchar(255) NOT NULL,
  `country_code` varchar(3) DEFAULT NULL
) ENGINE=InnoDB DEFAULT CHARSET=utf8 COLLATE=utf8_spanish2_ci;

--
-- Volcado de datos para la tabla `states`
--

INSERT INTO `states` (`id`, `country_id`, `name`, `country_code`) VALUES
(1, 1, 'Badakhshan', 'AF'),
(2, 1, 'Badghis', 'AF'),
(3, 1, 'Baghlan', 'AF'),
(4, 1, 'Balkh', 'AF'),
(5, 1, 'Bamyan', 'AF'),
(6, 1, 'Daykundi', 'AF'),
(7, 1, 'Farah', 'AF'),
(8, 1, 'Faryab', 'AF'),
(9, 1, 'Ghazni', 'AF'),
(10, 1, 'Ghōr', 'AF'),
(11, 1, 'Helmand', 'AF'),
(12, 1, 'Herat', 'AF'),
(13, 1, 'Jowzjan', 'AF'),
(14, 1, 'Kabul', 'AF'),
(15, 1, 'Kandahar', 'AF'),
(16, 1, 'Kapisa', 'AF'),
(17, 1, 'Khost', 'AF'),
(18, 1, 'Kunar', 'AF'),
(19, 1, 'Kunduz Province', 'AF'),
(20, 1, 'Laghman', 'AF'),
(21, 1, 'Logar', 'AF'),
(22, 1, 'Nangarhar', 'AF'),
(23, 1, 'Nimruz', 'AF'),
(24, 1, 'Nuristan', 'AF'),
(25, 1, 'Paktia', 'AF'),
(26, 1, 'Paktika', 'AF'),
(27, 1, 'Panjshir', 'AF'),
(28, 1, 'Parwan', 'AF'),
(29, 1, 'Samangan', 'AF'),
(30, 1, 'Sar-e Pol', 'AF'),
(31, 1, 'Takhar', 'AF'),
(32, 1, 'Urozgan', 'AF'),
(33, 1, 'Zabul', 'AF'),
(34, 3, 'Berat County', 'AL'),
(35, 3, 'Berat District', 'AL'),
(36, 3, 'Bulqizë District', 'AL'),
(37, 3, 'Delvinë District', 'AL'),
(38, 3, 'Devoll District', 'AL'),
(39, 3, 'Dibër County', 'AL'),
(40, 3, 'Dibër District', 'AL'),
(41, 3, 'Durrës County', 'AL'),
(42, 3, 'Durrës District', 'AL'),
(43, 3, 'Elbasan County', 'AL'),
(44, 3, 'Fier County', 'AL'),
(45, 3, 'Fier District', 'AL'),
(46, 3, 'Gjirokastër County', 'AL'),
(47, 3, 'Gjirokastër District', 'AL'),
(48, 3, 'Gramsh District', 'AL'),
(49, 3, 'Has District', 'AL'),
(50, 3, 'Kavajë District', 'AL'),
(51, 3, 'Kolonjë District', 'AL'),
(52, 3, 'Korçë County', 'AL'),
(53, 3, 'Korçë District', 'AL'),
(54, 3, 'Krujë District', 'AL'),
(55, 3, 'Kuçovë District', 'AL'),
(56, 3, 'Kukës County', 'AL'),
(57, 3, 'Kukës District', 'AL'),
(58, 3, 'Kurbin District', 'AL'),
(59, 3, 'Lezhë County', 'AL'),
(60, 3, 'Lezhë District', 'AL'),
(61, 3, 'Librazhd District', 'AL'),
(62, 3, 'Lushnjë District', 'AL'),
(63, 3, 'Malësi e Madhe District', 'AL'),
(64, 3, 'Mallakastër District', 'AL'),
(65, 3, 'Mat District', 'AL'),
(66, 3, 'Mirditë District', 'AL'),
(67, 3, 'Peqin District', 'AL'),
(68, 3, 'Përmet District', 'AL'),
(69, 3, 'Pogradec District', 'AL'),
(70, 3, 'Pukë District', 'AL'),
(71, 3, 'Sarandë District', 'AL'),
(72, 3, 'Shkodër County', 'AL'),
(73, 3, 'Shkodër District', 'AL'),
(74, 3, 'Skrapar District', 'AL'),
(75, 3, 'Tepelenë District', 'AL'),
(76, 3, 'Tirana County', 'AL'),
(77, 3, 'Tirana District', 'AL'),
(78, 3, 'Tropojë District', 'AL'),
(79, 3, 'Vlorë County', 'AL'),
(80, 3, 'Vlorë District', 'AL'),
(81, 4, 'Adrar', 'DZ'),
(82, 4, 'Aïn Defla', 'DZ'),
(83, 4, 'Aïn Témouchent', 'DZ'),
(84, 4, 'Algiers', 'DZ'),
(85, 4, 'Annaba', 'DZ'),
(86, 4, 'Batna', 'DZ'),
(87, 4, 'Béchar', 'DZ'),
(88, 4, 'Béjaïa', 'DZ'),
(89, 4, 'Béni Abbès', 'DZ'),
(90, 4, 'Biskra', 'DZ'),
(91, 4, 'Blida', 'DZ'),
(92, 4, 'Bordj Baji Mokhtar', 'DZ'),
(93, 4, 'Bordj Bou Arréridj', 'DZ'),
(94, 4, 'Bouïra', 'DZ'),
(95, 4, 'Boumerdès', 'DZ'),
(96, 4, 'Chlef', 'DZ'),
(97, 4, 'Constantine', 'DZ'),
(98, 4, 'Djanet', 'DZ'),
(99, 4, 'Djelfa', 'DZ'),
(100, 4, 'El Bayadh', 'DZ'),
(101, 4, 'El M\'ghair', 'DZ'),
(102, 4, 'El Menia', 'DZ'),
(103, 4, 'El Oued', 'DZ'),
(104, 4, 'El Tarf', 'DZ'),
(105, 4, 'Ghardaïa', 'DZ'),
(106, 4, 'Guelma', 'DZ'),
(107, 4, 'Illizi', 'DZ'),
(108, 4, 'In Guezzam', 'DZ'),
(109, 4, 'In Salah', 'DZ'),
(110, 4, 'Jijel', 'DZ'),
(111, 4, 'Khenchela', 'DZ'),
(112, 4, 'Laghouat', 'DZ'),
(113, 4, 'M\'Sila', 'DZ'),
(114, 4, 'Mascara', 'DZ'),
(115, 4, 'Médéa', 'DZ'),
(116, 4, 'Mila', 'DZ'),
(117, 4, 'Mostaganem', 'DZ'),
(118, 4, 'Naama', 'DZ'),
(119, 4, 'Oran', 'DZ'),
(120, 4, 'Ouargla', 'DZ'),
(121, 4, 'Ouled Djellal', 'DZ'),
(122, 4, 'Oum El Bouaghi', 'DZ'),
(123, 4, 'Relizane', 'DZ'),
(124, 4, 'Saïda', 'DZ'),
(125, 4, 'Sétif', 'DZ'),
(126, 4, 'Sidi Bel Abbès', 'DZ'),
(127, 4, 'Skikda', 'DZ'),
(128, 4, 'Souk Ahras', 'DZ'),
(129, 4, 'Tamanghasset', 'DZ'),
(130, 4, 'Tébessa', 'DZ'),
(131, 4, 'Tiaret', 'DZ'),
(132, 4, 'Timimoun', 'DZ'),
(133, 4, 'Tindouf', 'DZ'),
(134, 4, 'Tipasa', 'DZ'),
(135, 4, 'Tissemsilt', 'DZ'),
(136, 4, 'Tizi Ouzou', 'DZ'),
(137, 4, 'Tlemcen', 'DZ'),
(138, 4, 'Touggourt', 'DZ'),
(139, 6, 'Andorra la Vella', 'AD'),
(140, 6, 'Canillo', 'AD'),
(141, 6, 'Encamp', 'AD'),
(142, 6, 'Escaldes-Engordany', 'AD'),
(143, 6, 'La Massana', 'AD'),
(144, 6, 'Ordino', 'AD'),
(145, 6, 'Sant Julià de Lòria', 'AD'),
(146, 7, 'Bengo Province', 'AO'),
(147, 7, 'Benguela Province', 'AO'),
(148, 7, 'Bié Province', 'AO'),
(149, 7, 'Cabinda Province', 'AO'),
(150, 7, 'Cuando Cubango Province', 'AO'),
(151, 7, 'Cuanza Norte Province', 'AO'),
(152, 7, 'Cuanza Sul', 'AO'),
(153, 7, 'Cunene Province', 'AO'),
(154, 7, 'Huambo Province', 'AO'),
(155, 7, 'Huíla Province', 'AO'),
(156, 7, 'Luanda Province', 'AO'),
(157, 7, 'Lunda Norte Province', 'AO'),
(158, 7, 'Lunda Sul Province', 'AO'),
(159, 7, 'Malanje Province', 'AO'),
(160, 7, 'Moxico Province', 'AO'),
(161, 7, 'Uíge Province', 'AO'),
(162, 7, 'Zaire Province', 'AO'),
(163, 10, 'Barbuda', 'AG'),
(164, 10, 'Redonda', 'AG'),
(165, 10, 'Saint George Parish', 'AG'),
(166, 10, 'Saint John Parish', 'AG'),
(167, 10, 'Saint Mary Parish', 'AG'),
(168, 10, 'Saint Paul Parish', 'AG'),
(169, 10, 'Saint Peter Parish', 'AG'),
(170, 10, 'Saint Philip Parish', 'AG'),
(171, 11, 'Buenos Aires', 'AR'),
(172, 11, 'Catamarca', 'AR'),
(173, 11, 'Chaco', 'AR'),
(174, 11, 'Chubut', 'AR'),
(175, 11, 'Ciudad Autónoma de Buenos Aires', 'AR'),
(176, 11, 'Córdoba', 'AR'),
(177, 11, 'Corrientes', 'AR'),
(178, 11, 'Entre Ríos', 'AR'),
(179, 11, 'Formosa', 'AR'),
(180, 11, 'Jujuy', 'AR'),
(181, 11, 'La Pampa', 'AR'),
(182, 11, 'La Rioja', 'AR'),
(183, 11, 'Mendoza', 'AR'),
(184, 11, 'Misiones', 'AR'),
(185, 11, 'Neuquén', 'AR'),
(186, 11, 'Río Negro', 'AR'),
(187, 11, 'Salta', 'AR'),
(188, 11, 'San Juan', 'AR'),
(189, 11, 'San Luis', 'AR'),
(190, 11, 'Santa Cruz', 'AR'),
(191, 11, 'Santa Fe', 'AR'),
(192, 11, 'Santiago del Estero', 'AR'),
(193, 11, 'Tierra del Fuego', 'AR'),
(194, 11, 'Tucumán', 'AR'),
(195, 12, 'Aragatsotn Region', 'AM'),
(196, 12, 'Ararat Province', 'AM'),
(197, 12, 'Armavir Region', 'AM'),
(198, 12, 'Gegharkunik Province', 'AM'),
(199, 12, 'Kotayk Region', 'AM'),
(200, 12, 'Lori Region', 'AM'),
(201, 12, 'Shirak Region', 'AM'),
(202, 12, 'Syunik Province', 'AM'),
(203, 12, 'Tavush Region', 'AM'),
(204, 12, 'Vayots Dzor Region', 'AM'),
(205, 12, 'Yerevan', 'AM'),
(206, 14, 'Australian Capital Territory', 'AU'),
(207, 14, 'New South Wales', 'AU'),
(208, 14, 'Northern Territory', 'AU'),
(209, 14, 'Queensland', 'AU'),
(210, 14, 'South Australia', 'AU'),
(211, 14, 'Tasmania', 'AU'),
(212, 14, 'Victoria', 'AU'),
(213, 14, 'Western Australia', 'AU'),
(214, 15, 'Burgenland', 'AT'),
(215, 15, 'Carinthia', 'AT'),
(216, 15, 'Lower Austria', 'AT'),
(217, 15, 'Salzburg', 'AT'),
(218, 15, 'Styria', 'AT'),
(219, 15, 'Tyrol', 'AT'),
(220, 15, 'Upper Austria', 'AT'),
(221, 15, 'Vienna', 'AT'),
(222, 15, 'Vorarlberg', 'AT'),
(223, 16, 'Absheron District', 'AZ'),
(224, 16, 'Agdam District', 'AZ'),
(225, 16, 'Agdash District', 'AZ'),
(226, 16, 'Aghjabadi District', 'AZ'),
(227, 16, 'Agstafa District', 'AZ'),
(228, 16, 'Agsu District', 'AZ'),
(229, 16, 'Astara District', 'AZ'),
(230, 16, 'Babek District', 'AZ'),
(231, 16, 'Baku', 'AZ'),
(232, 16, 'Balakan District', 'AZ'),
(233, 16, 'Barda District', 'AZ'),
(234, 16, 'Beylagan District', 'AZ'),
(235, 16, 'Bilasuvar District', 'AZ'),
(236, 16, 'Dashkasan District', 'AZ'),
(237, 16, 'Fizuli District', 'AZ'),
(238, 16, 'Ganja', 'AZ'),
(239, 16, 'Gədəbəy', 'AZ'),
(240, 16, 'Gobustan District', 'AZ'),
(241, 16, 'Goranboy District', 'AZ'),
(242, 16, 'Goychay', 'AZ'),
(243, 16, 'Goygol District', 'AZ'),
(244, 16, 'Hajigabul District', 'AZ'),
(245, 16, 'Imishli District', 'AZ'),
(246, 16, 'Ismailli District', 'AZ'),
(247, 16, 'Jabrayil District', 'AZ'),
(248, 16, 'Jalilabad District', 'AZ'),
(249, 16, 'Julfa District', 'AZ'),
(250, 16, 'Kalbajar District', 'AZ'),
(251, 16, 'Kangarli District', 'AZ'),
(252, 16, 'Khachmaz District', 'AZ'),
(253, 16, 'Khizi District', 'AZ'),
(254, 16, 'Khojali District', 'AZ'),
(255, 16, 'Kurdamir District', 'AZ'),
(256, 16, 'Lachin District', 'AZ'),
(257, 16, 'Lankaran', 'AZ'),
(258, 16, 'Lankaran District', 'AZ'),
(259, 16, 'Lerik District', 'AZ'),
(260, 16, 'Martuni', 'AZ'),
(261, 16, 'Masally District', 'AZ'),
(262, 16, 'Mingachevir', 'AZ'),
(263, 16, 'Nakhchivan Autonomous Republic', 'AZ'),
(264, 16, 'Neftchala District', 'AZ'),
(265, 16, 'Oghuz District', 'AZ'),
(266, 16, 'Ordubad District', 'AZ'),
(267, 16, 'Qabala District', 'AZ'),
(268, 16, 'Qakh District', 'AZ'),
(269, 16, 'Qazakh District', 'AZ'),
(270, 16, 'Quba District', 'AZ'),
(271, 16, 'Qubadli District', 'AZ'),
(272, 16, 'Qusar District', 'AZ'),
(273, 16, 'Saatly District', 'AZ'),
(274, 16, 'Sabirabad District', 'AZ'),
(275, 16, 'Sadarak District', 'AZ'),
(276, 16, 'Salyan District', 'AZ'),
(277, 16, 'Samukh District', 'AZ'),
(278, 16, 'Shabran District', 'AZ'),
(279, 16, 'Shahbuz District', 'AZ'),
(280, 16, 'Shaki', 'AZ'),
(281, 16, 'Shaki District', 'AZ'),
(282, 16, 'Shamakhi District', 'AZ'),
(283, 16, 'Shamkir District', 'AZ'),
(284, 16, 'Sharur District', 'AZ'),
(285, 16, 'Shirvan', 'AZ'),
(286, 16, 'Shusha District', 'AZ'),
(287, 16, 'Siazan District', 'AZ'),
(288, 16, 'Sumqayit', 'AZ'),
(289, 16, 'Tartar District', 'AZ'),
(290, 16, 'Tovuz District', 'AZ'),
(291, 16, 'Ujar District', 'AZ'),
(292, 16, 'Yardymli District', 'AZ'),
(293, 16, 'Yevlakh', 'AZ'),
(294, 16, 'Yevlakh District', 'AZ'),
(295, 16, 'Zangilan District', 'AZ'),
(296, 16, 'Zaqatala District', 'AZ'),
(297, 16, 'Zardab District', 'AZ'),
(298, 17, 'Capital', 'BH'),
(299, 17, 'Central', 'BH'),
(300, 17, 'Muharraq', 'BH'),
(301, 17, 'Northern', 'BH'),
(302, 17, 'Southern', 'BH'),
(303, 18, 'Bagerhat District', 'BD'),
(304, 18, 'Bahadia', 'BD'),
(305, 18, 'Bandarban District', 'BD'),
(306, 18, 'Barguna District', 'BD'),
(307, 18, 'Barisal District', 'BD'),
(308, 18, 'Barisal Division', 'BD'),
(309, 18, 'Bhola District', 'BD'),
(310, 18, 'Bogra District', 'BD'),
(311, 18, 'Brahmanbaria District', 'BD'),
(312, 18, 'Chandpur District', 'BD'),
(313, 18, 'Chapai Nawabganj District', 'BD'),
(314, 18, 'Chittagong District', 'BD'),
(315, 18, 'Chittagong Division', 'BD'),
(316, 18, 'Chuadanga District', 'BD'),
(317, 18, 'Comilla District', 'BD'),
(318, 18, 'Cox\'s Bazar District', 'BD'),
(319, 18, 'Dhaka District', 'BD'),
(320, 18, 'Dhaka Division', 'BD'),
(321, 18, 'Dinajpur District', 'BD'),
(322, 18, 'Faridpur District', 'BD'),
(323, 18, 'Feni District', 'BD'),
(324, 18, 'Gaibandha District', 'BD'),
(325, 18, 'Gazipur District', 'BD'),
(326, 18, 'Gopalganj District', 'BD'),
(327, 18, 'Habiganj District', 'BD'),
(328, 18, 'Jamalpur District', 'BD'),
(329, 18, 'Jessore District', 'BD'),
(330, 18, 'Jhalokati District', 'BD'),
(331, 18, 'Jhenaidah District', 'BD'),
(332, 18, 'Joypurhat District', 'BD'),
(333, 18, 'Khagrachari District', 'BD'),
(334, 18, 'Khulna District', 'BD'),
(335, 18, 'Khulna Division', 'BD'),
(336, 18, 'Kishoreganj District', 'BD'),
(337, 18, 'Kurigram District', 'BD'),
(338, 18, 'Kushtia District', 'BD'),
(339, 18, 'Lakshmipur District', 'BD'),
(340, 18, 'Lalmonirhat District', 'BD'),
(341, 18, 'Madaripur District', 'BD'),
(342, 18, 'Meherpur District', 'BD'),
(343, 18, 'Moulvibazar District', 'BD'),
(344, 18, 'Munshiganj District', 'BD'),
(345, 18, 'Mymensingh District', 'BD'),
(346, 18, 'Mymensingh Division', 'BD'),
(347, 18, 'Naogaon District', 'BD'),
(348, 18, 'Narail District', 'BD'),
(349, 18, 'Narayanganj District', 'BD'),
(350, 18, 'Natore District', 'BD'),
(351, 18, 'Netrokona District', 'BD'),
(352, 18, 'Nilphamari District', 'BD'),
(353, 18, 'Noakhali District', 'BD'),
(354, 18, 'Pabna District', 'BD'),
(355, 18, 'Panchagarh District', 'BD'),
(356, 18, 'Patuakhali District', 'BD'),
(357, 18, 'Pirojpur District', 'BD'),
(358, 18, 'Rajbari District', 'BD'),
(359, 18, 'Rajshahi District', 'BD'),
(360, 18, 'Rajshahi Division', 'BD'),
(361, 18, 'Rangamati Hill District', 'BD'),
(362, 18, 'Rangpur District', 'BD'),
(363, 18, 'Rangpur Division', 'BD'),
(364, 18, 'Satkhira District', 'BD'),
(365, 18, 'Shariatpur District', 'BD'),
(366, 18, 'Sherpur District', 'BD'),
(367, 18, 'Sirajganj District', 'BD'),
(368, 18, 'Sunamganj District', 'BD'),
(369, 18, 'Sylhet District', 'BD'),
(370, 18, 'Sylhet Division', 'BD'),
(371, 18, 'Tangail District', 'BD'),
(372, 18, 'Thakurgaon District', 'BD'),
(373, 19, 'Christ Church', 'BB'),
(374, 19, 'Saint Andrew', 'BB'),
(375, 19, 'Saint George', 'BB'),
(376, 19, 'Saint James', 'BB'),
(377, 19, 'Saint John', 'BB'),
(378, 19, 'Saint Joseph', 'BB'),
(379, 19, 'Saint Lucy', 'BB'),
(380, 19, 'Saint Michael', 'BB'),
(381, 19, 'Saint Peter', 'BB'),
(382, 19, 'Saint Philip', 'BB'),
(383, 19, 'Saint Thomas', 'BB'),
(384, 20, 'Brest Region', 'BY'),
(385, 20, 'Gomel Region', 'BY'),
(386, 20, 'Grodno Region', 'BY'),
(387, 20, 'Minsk', 'BY'),
(388, 20, 'Minsk Region', 'BY'),
(389, 20, 'Mogilev Region', 'BY'),
(390, 20, 'Vitebsk Region', 'BY'),
(391, 21, 'Antwerp', 'BE'),
(392, 21, 'Brussels-Capital Region', 'BE'),
(393, 21, 'East Flanders', 'BE'),
(394, 21, 'Flanders', 'BE'),
(395, 21, 'Flemish Brabant', 'BE'),
(396, 21, 'Hainaut', 'BE'),
(397, 21, 'Liège', 'BE'),
(398, 21, 'Limburg', 'BE'),
(399, 21, 'Luxembourg', 'BE'),
(400, 21, 'Namur', 'BE'),
(401, 21, 'Wallonia', 'BE'),
(402, 21, 'Walloon Brabant', 'BE'),
(403, 21, 'West Flanders', 'BE'),
(404, 22, 'Belize District', 'BZ'),
(405, 22, 'Cayo District', 'BZ'),
(406, 22, 'Corozal District', 'BZ'),
(407, 22, 'Orange Walk District', 'BZ'),
(408, 22, 'Stann Creek District', 'BZ'),
(409, 22, 'Toledo District', 'BZ'),
(410, 23, 'Alibori Department', 'BJ'),
(411, 23, 'Atakora Department', 'BJ'),
(412, 23, 'Atlantique Department', 'BJ'),
(413, 23, 'Borgou Department', 'BJ'),
(414, 23, 'Collines Department', 'BJ'),
(415, 23, 'Donga Department', 'BJ'),
(416, 23, 'Kouffo Department', 'BJ'),
(417, 23, 'Littoral Department', 'BJ'),
(418, 23, 'Mono Department', 'BJ'),
(419, 23, 'Ouémé Department', 'BJ'),
(420, 23, 'Plateau Department', 'BJ'),
(421, 23, 'Zou Department', 'BJ'),
(422, 24, 'Devonshire Parish', 'BM'),
(423, 24, 'Hamilton Parish', 'BM'),
(424, 24, 'Paget Parish', 'BM'),
(425, 24, 'Pembroke Parish', 'BM'),
(426, 24, 'Saint George\'s Parish', 'BM'),
(427, 24, 'Sandys Parish', 'BM'),
(428, 24, 'Smith\'s Parish,', 'BM'),
(429, 24, 'Southampton Parish', 'BM'),
(430, 24, 'Warwick Parish', 'BM'),
(431, 25, 'Bumthang District', 'BT'),
(432, 25, 'Chukha District', 'BT'),
(433, 25, 'Dagana District', 'BT'),
(434, 25, 'Gasa District', 'BT'),
(435, 25, 'Haa District', 'BT'),
(436, 25, 'Lhuntse District', 'BT'),
(437, 25, 'Mongar District', 'BT'),
(438, 25, 'Paro District', 'BT'),
(439, 25, 'Pemagatshel District', 'BT'),
(440, 25, 'Punakha District', 'BT'),
(441, 25, 'Samdrup Jongkhar District', 'BT'),
(442, 25, 'Samtse District', 'BT'),
(443, 25, 'Sarpang District', 'BT'),
(444, 25, 'Thimphu District', 'BT'),
(445, 25, 'Trashigang District', 'BT'),
(446, 25, 'Trongsa District', 'BT'),
(447, 25, 'Tsirang District', 'BT'),
(448, 25, 'Wangdue Phodrang District', 'BT'),
(449, 25, 'Zhemgang District', 'BT'),
(450, 26, 'Beni Department', 'BO'),
(451, 26, 'Chuquisaca Department', 'BO'),
(452, 26, 'Cochabamba Department', 'BO'),
(453, 26, 'La Paz Department', 'BO'),
(454, 26, 'Oruro Department', 'BO'),
(455, 26, 'Pando Department', 'BO'),
(456, 26, 'Potosí Department', 'BO'),
(457, 26, 'Santa Cruz Department', 'BO'),
(458, 26, 'Tarija Department', 'BO'),
(459, 27, 'Bonaire', 'BQ'),
(460, 27, 'Saba', 'BQ'),
(461, 27, 'Sint Eustatius', 'BQ'),
(462, 28, 'Bosnian Podrinje Canton', 'BA'),
(463, 28, 'Brčko District', 'BA'),
(464, 28, 'Canton 10', 'BA'),
(465, 28, 'Central Bosnia Canton', 'BA'),
(466, 28, 'Federation of Bosnia and Herzegovina', 'BA'),
(467, 28, 'Herzegovina-Neretva Canton', 'BA'),
(468, 28, 'Posavina Canton', 'BA'),
(469, 28, 'Republika Srpska', 'BA'),
(470, 28, 'Sarajevo Canton', 'BA'),
(471, 28, 'Tuzla Canton', 'BA'),
(472, 28, 'Una-Sana Canton', 'BA'),
(473, 28, 'West Herzegovina Canton', 'BA'),
(474, 28, 'Zenica-Doboj Canton', 'BA'),
(475, 29, 'Central District', 'BW'),
(476, 29, 'Ghanzi District', 'BW'),
(477, 29, 'Kgalagadi District', 'BW'),
(478, 29, 'Kgatleng District', 'BW'),
(479, 29, 'Kweneng District', 'BW'),
(480, 29, 'Ngamiland', 'BW'),
(481, 29, 'North-East District', 'BW'),
(482, 29, 'North-West District', 'BW'),
(483, 29, 'South-East District', 'BW'),
(484, 29, 'Southern District', 'BW'),
(485, 31, 'Acre', 'BR'),
(486, 31, 'Alagoas', 'BR'),
(487, 31, 'Amapá', 'BR'),
(488, 31, 'Amazonas', 'BR'),
(489, 31, 'Bahia', 'BR'),
(490, 31, 'Ceará', 'BR'),
(491, 31, 'Distrito Federal', 'BR'),
(492, 31, 'Espírito Santo', 'BR'),
(493, 31, 'Goiás', 'BR'),
(494, 31, 'Maranhão', 'BR'),
(495, 31, 'Mato Grosso', 'BR'),
(496, 31, 'Mato Grosso do Sul', 'BR'),
(497, 31, 'Minas Gerais', 'BR'),
(498, 31, 'Pará', 'BR'),
(499, 31, 'Paraíba', 'BR'),
(500, 31, 'Paraná', 'BR'),
(501, 31, 'Pernambuco', 'BR'),
(502, 31, 'Piauí', 'BR'),
(503, 31, 'Rio de Janeiro', 'BR'),
(504, 31, 'Rio Grande do Norte', 'BR'),
(505, 31, 'Rio Grande do Sul', 'BR'),
(506, 31, 'Rondônia', 'BR'),
(507, 31, 'Roraima', 'BR'),
(508, 31, 'Santa Catarina', 'BR'),
(509, 31, 'São Paulo', 'BR'),
(510, 31, 'Sergipe', 'BR'),
(511, 31, 'Tocantins', 'BR'),
(512, 33, 'Belait District', 'BN'),
(513, 33, 'Brunei-Muara District', 'BN'),
(514, 33, 'Temburong District', 'BN'),
(515, 33, 'Tutong District', 'BN'),
(516, 34, 'Blagoevgrad Province', 'BG'),
(517, 34, 'Burgas Province', 'BG'),
(518, 34, 'Dobrich Province', 'BG'),
(519, 34, 'Gabrovo Province', 'BG'),
(520, 34, 'Haskovo Province', 'BG'),
(521, 34, 'Kardzhali Province', 'BG'),
(522, 34, 'Kyustendil Province', 'BG'),
(523, 34, 'Lovech Province', 'BG'),
(524, 34, 'Montana Province', 'BG'),
(525, 34, 'Pazardzhik Province', 'BG'),
(526, 34, 'Pernik Province', 'BG'),
(527, 34, 'Pleven Province', 'BG'),
(528, 34, 'Plovdiv Province', 'BG'),
(529, 34, 'Razgrad Province', 'BG'),
(530, 34, 'Ruse Province', 'BG'),
(531, 34, 'Shumen', 'BG'),
(532, 34, 'Silistra Province', 'BG'),
(533, 34, 'Sliven Province', 'BG'),
(534, 34, 'Smolyan Province', 'BG'),
(535, 34, 'Sofia City Province', 'BG'),
(536, 34, 'Sofia Province', 'BG'),
(537, 34, 'Stara Zagora Province', 'BG'),
(538, 34, 'Targovishte Province', 'BG'),
(539, 34, 'Varna Province', 'BG'),
(540, 34, 'Veliko Tarnovo Province', 'BG'),
(541, 34, 'Vidin Province', 'BG'),
(542, 34, 'Vratsa Province', 'BG'),
(543, 34, 'Yambol Province', 'BG'),
(544, 35, 'Balé Province', 'BF'),
(545, 35, 'Bam Province', 'BF'),
(546, 35, 'Banwa Province', 'BF'),
(547, 35, 'Bazèga Province', 'BF'),
(548, 35, 'Boucle du Mouhoun Region', 'BF'),
(549, 35, 'Bougouriba Province', 'BF'),
(550, 35, 'Boulgou', 'BF'),
(551, 35, 'Cascades Region', 'BF'),
(552, 35, 'Centre', 'BF'),
(553, 35, 'Centre-Est Region', 'BF'),
(554, 35, 'Centre-Nord Region', 'BF'),
(555, 35, 'Centre-Ouest Region', 'BF'),
(556, 35, 'Centre-Sud Region', 'BF'),
(557, 35, 'Comoé Province', 'BF'),
(558, 35, 'Est Region', 'BF'),
(559, 35, 'Ganzourgou Province', 'BF'),
(560, 35, 'Gnagna Province', 'BF'),
(561, 35, 'Gourma Province', 'BF'),
(562, 35, 'Hauts-Bassins Region', 'BF'),
(563, 35, 'Houet Province', 'BF'),
(564, 35, 'Ioba Province', 'BF'),
(565, 35, 'Kadiogo Province', 'BF'),
(566, 35, 'Kénédougou Province', 'BF'),
(567, 35, 'Komondjari Province', 'BF'),
(568, 35, 'Kompienga Province', 'BF'),
(569, 35, 'Kossi Province', 'BF'),
(570, 35, 'Koulpélogo Province', 'BF'),
(571, 35, 'Kouritenga Province', 'BF'),
(572, 35, 'Kourwéogo Province', 'BF'),
(573, 35, 'Léraba Province', 'BF'),
(574, 35, 'Loroum Province', 'BF'),
(575, 35, 'Mouhoun', 'BF'),
(576, 35, 'Nahouri Province', 'BF'),
(577, 35, 'Namentenga Province', 'BF'),
(578, 35, 'Nayala Province', 'BF'),
(579, 35, 'Nord Region, Burkina Faso', 'BF'),
(580, 35, 'Noumbiel Province', 'BF'),
(581, 35, 'Oubritenga Province', 'BF'),
(582, 35, 'Oudalan Province', 'BF'),
(583, 35, 'Passoré Province', 'BF'),
(584, 35, 'Plateau-Central Region', 'BF'),
(585, 35, 'Poni Province', 'BF'),
(586, 35, 'Sahel Region', 'BF'),
(587, 35, 'Sanguié Province', 'BF'),
(588, 35, 'Sanmatenga Province', 'BF'),
(589, 35, 'Séno Province', 'BF'),
(590, 35, 'Sissili Province', 'BF'),
(591, 35, 'Soum Province', 'BF'),
(592, 35, 'Sourou Province', 'BF'),
(593, 35, 'Sud-Ouest Region', 'BF'),
(594, 35, 'Tapoa Province', 'BF'),
(595, 35, 'Tuy Province', 'BF'),
(596, 35, 'Yagha Province', 'BF'),
(597, 35, 'Yatenga Province', 'BF'),
(598, 35, 'Ziro Province', 'BF'),
(599, 35, 'Zondoma Province', 'BF'),
(600, 35, 'Zoundwéogo Province', 'BF'),
(601, 36, 'Bubanza Province', 'BI'),
(602, 36, 'Bujumbura Mairie Province', 'BI'),
(603, 36, 'Bujumbura Rural Province', 'BI'),
(604, 36, 'Bururi Province', 'BI'),
(605, 36, 'Cankuzo Province', 'BI'),
(606, 36, 'Cibitoke Province', 'BI'),
(607, 36, 'Gitega Province', 'BI'),
(608, 36, 'Karuzi Province', 'BI'),
(609, 36, 'Kayanza Province', 'BI'),
(610, 36, 'Kirundo Province', 'BI'),
(611, 36, 'Makamba Province', 'BI'),
(612, 36, 'Muramvya Province', 'BI'),
(613, 36, 'Muyinga Province', 'BI'),
(614, 36, 'Mwaro Province', 'BI'),
(615, 36, 'Ngozi Province', 'BI'),
(616, 36, 'Rumonge Province', 'BI'),
(617, 36, 'Rutana Province', 'BI'),
(618, 36, 'Ruyigi Province', 'BI'),
(619, 37, 'Banteay Meanchey', 'KH'),
(620, 37, 'Battambang', 'KH'),
(621, 37, 'Kampong Cham', 'KH'),
(622, 37, 'Kampong Chhnang', 'KH'),
(623, 37, 'Kampong Speu', 'KH'),
(624, 37, 'Kampong Thom', 'KH'),
(625, 37, 'Kampot', 'KH'),
(626, 37, 'Kandal', 'KH'),
(627, 37, 'Kep', 'KH'),
(628, 37, 'Koh Kong', 'KH'),
(629, 37, 'Kratie', 'KH'),
(630, 37, 'Mondulkiri', 'KH'),
(631, 37, 'Oddar Meanchey', 'KH'),
(632, 37, 'Pailin', 'KH'),
(633, 37, 'Phnom Penh', 'KH'),
(634, 37, 'Preah Vihear', 'KH'),
(635, 37, 'Prey Veng', 'KH'),
(636, 37, 'Pursat', 'KH'),
(637, 37, 'Ratanakiri', 'KH'),
(638, 37, 'Siem Reap', 'KH'),
(639, 37, 'Sihanoukville', 'KH'),
(640, 37, 'Stung Treng', 'KH'),
(641, 37, 'Svay Rieng', 'KH'),
(642, 37, 'Takeo', 'KH'),
(643, 38, 'Adamawa', 'CM'),
(644, 38, 'Centre', 'CM'),
(645, 38, 'East', 'CM'),
(646, 38, 'Far North', 'CM'),
(647, 38, 'Littoral', 'CM'),
(648, 38, 'North', 'CM'),
(649, 38, 'Northwest', 'CM'),
(650, 38, 'South', 'CM'),
(651, 38, 'Southwest', 'CM'),
(652, 38, 'West', 'CM'),
(653, 39, 'Alberta', 'CA'),
(654, 39, 'British Columbia', 'CA'),
(655, 39, 'Manitoba', 'CA'),
(656, 39, 'New Brunswick', 'CA'),
(657, 39, 'Newfoundland and Labrador', 'CA'),
(658, 39, 'Northwest Territories', 'CA'),
(659, 39, 'Nova Scotia', 'CA'),
(660, 39, 'Nunavut', 'CA'),
(661, 39, 'Ontario', 'CA'),
(662, 39, 'Prince Edward Island', 'CA'),
(663, 39, 'Quebec', 'CA'),
(664, 39, 'Saskatchewan', 'CA'),
(665, 39, 'Yukon', 'CA'),
(666, 40, 'Barlavento Islands', 'CV'),
(667, 40, 'Boa Vista', 'CV'),
(668, 40, 'Brava', 'CV'),
(669, 40, 'Maio Municipality', 'CV'),
(670, 40, 'Mosteiros', 'CV'),
(671, 40, 'Paul', 'CV'),
(672, 40, 'Porto Novo', 'CV'),
(673, 40, 'Praia', 'CV'),
(674, 40, 'Ribeira Brava Municipality', 'CV'),
(675, 40, 'Ribeira Grande', 'CV'),
(676, 40, 'Ribeira Grande de Santiago', 'CV'),
(677, 40, 'Sal', 'CV'),
(678, 40, 'Santa Catarina', 'CV'),
(679, 40, 'Santa Catarina do Fogo', 'CV'),
(680, 40, 'Santa Cruz', 'CV'),
(681, 40, 'São Domingos', 'CV'),
(682, 40, 'São Filipe', 'CV'),
(683, 40, 'São Lourenço dos Órgãos', 'CV'),
(684, 40, 'São Miguel', 'CV'),
(685, 40, 'São Vicente', 'CV'),
(686, 40, 'Sotavento Islands', 'CV'),
(687, 40, 'Tarrafal', 'CV'),
(688, 40, 'Tarrafal de São Nicolau', 'CV'),
(689, 42, 'Bamingui-Bangoran Prefecture', 'CF'),
(690, 42, 'Bangui', 'CF'),
(691, 42, 'Basse-Kotto Prefecture', 'CF'),
(692, 42, 'Haut-Mbomou Prefecture', 'CF'),
(693, 42, 'Haute-Kotto Prefecture', 'CF'),
(694, 42, 'Kémo Prefecture', 'CF'),
(695, 42, 'Lobaye Prefecture', 'CF'),
(696, 42, 'Mambéré-Kadéï', 'CF'),
(697, 42, 'Mbomou Prefecture', 'CF'),
(698, 42, 'Nana-Grébizi Economic Prefecture', 'CF'),
(699, 42, 'Nana-Mambéré Prefecture', 'CF'),
(700, 42, 'Ombella-M\'Poko Prefecture', 'CF'),
(701, 42, 'Ouaka Prefecture', 'CF'),
(702, 42, 'Ouham Prefecture', 'CF'),
(703, 42, 'Ouham-Pendé Prefecture', 'CF'),
(704, 42, 'Sangha-Mbaéré', 'CF'),
(705, 42, 'Vakaga Prefecture', 'CF'),
(706, 43, 'Bahr el Gazel', 'TD'),
(707, 43, 'Batha', 'TD'),
(708, 43, 'Borkou', 'TD'),
(709, 43, 'Chari-Baguirmi', 'TD'),
(710, 43, 'Ennedi-Est', 'TD'),
(711, 43, 'Ennedi-Ouest', 'TD'),
(712, 43, 'Guéra', 'TD'),
(713, 43, 'Hadjer-Lamis', 'TD'),
(714, 43, 'Kanem', 'TD'),
(715, 43, 'Lac', 'TD'),
(716, 43, 'Logone Occidental', 'TD'),
(717, 43, 'Logone Oriental', 'TD'),
(718, 43, 'Mandoul', 'TD'),
(719, 43, 'Mayo-Kebbi Est', 'TD'),
(720, 43, 'Mayo-Kebbi Ouest', 'TD'),
(721, 43, 'Moyen-Chari', 'TD'),
(722, 43, 'N\'Djamena', 'TD'),
(723, 43, 'Ouaddaï', 'TD'),
(724, 43, 'Salamat', 'TD'),
(725, 43, 'Sila', 'TD'),
(726, 43, 'Tandjilé', 'TD'),
(727, 43, 'Tibesti', 'TD'),
(728, 43, 'Wadi Fira', 'TD'),
(729, 44, 'Aisén del General Carlos Ibañez del Campo', 'CL'),
(730, 44, 'Antofagasta', 'CL'),
(731, 44, 'Arica y Parinacota', 'CL'),
(732, 44, 'Atacama', 'CL'),
(733, 44, 'Biobío', 'CL'),
(734, 44, 'Coquimbo', 'CL'),
(735, 44, 'La Araucanía', 'CL'),
(736, 44, 'Libertador General Bernardo O\'Higgins', 'CL'),
(737, 44, 'Los Lagos', 'CL'),
(738, 44, 'Los Ríos', 'CL'),
(739, 44, 'Magallanes y de la Antártica Chilena', 'CL'),
(740, 44, 'Maule', 'CL'),
(741, 44, 'Ñuble', 'CL'),
(742, 44, 'Región Metropolitana de Santiago', 'CL'),
(743, 44, 'Tarapacá', 'CL'),
(744, 44, 'Valparaíso', 'CL'),
(745, 45, 'Anhui', 'CN'),
(746, 45, 'Beijing', 'CN'),
(747, 45, 'Chongqing', 'CN'),
(748, 45, 'Fujian', 'CN'),
(749, 45, 'Gansu', 'CN'),
(750, 45, 'Guangdong', 'CN'),
(751, 45, 'Guangxi Zhuang', 'CN'),
(752, 45, 'Guizhou', 'CN'),
(753, 45, 'Hainan', 'CN'),
(754, 45, 'Hebei', 'CN'),
(755, 45, 'Heilongjiang', 'CN'),
(756, 45, 'Henan', 'CN'),
(757, 45, 'Hong Kong SAR', 'CN'),
(758, 45, 'Hubei', 'CN'),
(759, 45, 'Hunan', 'CN'),
(760, 45, 'Inner Mongolia', 'CN'),
(761, 45, 'Jiangsu', 'CN'),
(762, 45, 'Jiangxi', 'CN'),
(763, 45, 'Jilin', 'CN'),
(764, 45, 'Liaoning', 'CN'),
(765, 45, 'Macau SAR', 'CN'),
(766, 45, 'Ningxia Huizu', 'CN'),
(767, 45, 'Qinghai', 'CN'),
(768, 45, 'Shaanxi', 'CN'),
(769, 45, 'Shandong', 'CN'),
(770, 45, 'Shanghai', 'CN'),
(771, 45, 'Shanxi', 'CN'),
(772, 45, 'Sichuan', 'CN'),
(773, 45, 'Taiwan', 'CN'),
(774, 45, 'Tianjin', 'CN'),
(775, 45, 'Xinjiang', 'CN'),
(776, 45, 'Xizang', 'CN'),
(777, 45, 'Yunnan', 'CN'),
(778, 45, 'Zhejiang', 'CN'),
(779, 48, 'Amazonas', 'CO'),
(780, 48, 'Antioquia', 'CO'),
(781, 48, 'Arauca', 'CO'),
(782, 48, 'Archipiélago de San Andrés, Providencia y Santa Catalina', 'CO'),
(783, 48, 'Atlántico', 'CO'),
(784, 48, 'Bogotá D.C.', 'CO'),
(785, 48, 'Bolívar', 'CO'),
(786, 48, 'Boyacá', 'CO'),
(787, 48, 'Caldas', 'CO'),
(788, 48, 'Caquetá', 'CO'),
(789, 48, 'Casanare', 'CO'),
(790, 48, 'Cauca', 'CO'),
(791, 48, 'Cesar', 'CO'),
(792, 48, 'Chocó', 'CO'),
(793, 48, 'Córdoba', 'CO'),
(794, 48, 'Cundinamarca', 'CO'),
(795, 48, 'Guainía', 'CO'),
(796, 48, 'Guaviare', 'CO'),
(797, 48, 'Huila', 'CO'),
(798, 48, 'La Guajira', 'CO'),
(799, 48, 'Magdalena', 'CO'),
(800, 48, 'Meta', 'CO'),
(801, 48, 'Nariño', 'CO'),
(802, 48, 'Norte de Santander', 'CO'),
(803, 48, 'Putumayo', 'CO'),
(804, 48, 'Quindío', 'CO'),
(805, 48, 'Risaralda', 'CO'),
(806, 48, 'Santander', 'CO'),
(807, 48, 'Sucre', 'CO'),
(808, 48, 'Tolima', 'CO'),
(809, 48, 'Valle del Cauca', 'CO'),
(810, 48, 'Vaupés', 'CO'),
(811, 48, 'Vichada', 'CO'),
(812, 49, 'Anjouan', 'KM'),
(813, 49, 'Grande Comore', 'KM'),
(814, 49, 'Mohéli', 'KM'),
(815, 50, 'Bouenza Department', 'CG'),
(816, 50, 'Brazzaville', 'CG'),
(817, 50, 'Cuvette Department', 'CG'),
(818, 50, 'Cuvette-Ouest Department', 'CG'),
(819, 50, 'Kouilou Department', 'CG'),
(820, 50, 'Lékoumou Department', 'CG'),
(821, 50, 'Likouala Department', 'CG'),
(822, 50, 'Niari Department', 'CG'),
(823, 50, 'Plateaux Department', 'CG'),
(824, 50, 'Pointe-Noire', 'CG'),
(825, 50, 'Pool Department', 'CG'),
(826, 50, 'Sangha Department', 'CG'),
(827, 52, 'Alajuela Province', 'CR'),
(828, 52, 'Guanacaste Province', 'CR'),
(829, 52, 'Heredia Province', 'CR'),
(830, 52, 'Limón Province', 'CR'),
(831, 52, 'Provincia de Cartago', 'CR'),
(832, 52, 'Puntarenas Province', 'CR'),
(833, 52, 'San José Province', 'CR'),
(834, 53, 'Abidjan', 'CI'),
(835, 53, 'Agnéby', 'CI'),
(836, 53, 'Bafing Region', 'CI'),
(837, 53, 'Bas-Sassandra District', 'CI'),
(838, 53, 'Bas-Sassandra Region', 'CI'),
(839, 53, 'Comoé District', 'CI'),
(840, 53, 'Denguélé District', 'CI'),
(841, 53, 'Denguélé Region', 'CI'),
(842, 53, 'Dix-Huit Montagnes', 'CI'),
(843, 53, 'Fromager', 'CI'),
(844, 53, 'Gôh-Djiboua District', 'CI'),
(845, 53, 'Haut-Sassandra', 'CI'),
(846, 53, 'Lacs District', 'CI'),
(847, 53, 'Lacs Region', 'CI'),
(848, 53, 'Lagunes District', 'CI'),
(849, 53, 'Lagunes region', 'CI'),
(850, 53, 'Marahoué Region', 'CI'),
(851, 53, 'Montagnes District', 'CI'),
(852, 53, 'Moyen-Cavally', 'CI'),
(853, 53, 'Moyen-Comoé', 'CI'),
(854, 53, 'N\'zi-Comoé', 'CI'),
(855, 53, 'Sassandra-Marahoué District', 'CI'),
(856, 53, 'Savanes Region', 'CI'),
(857, 53, 'Sud-Bandama', 'CI'),
(858, 53, 'Sud-Comoé', 'CI'),
(859, 53, 'Vallée du Bandama District', 'CI'),
(860, 53, 'Vallée du Bandama Region', 'CI'),
(861, 53, 'Woroba District', 'CI'),
(862, 53, 'Worodougou', 'CI'),
(863, 53, 'Yamoussoukro', 'CI'),
(864, 53, 'Zanzan Region', 'CI'),
(865, 54, 'Bjelovar-Bilogora', 'HR'),
(866, 54, 'Brod-Posavina', 'HR'),
(867, 54, 'Dubrovnik-Neretva', 'HR'),
(868, 54, 'Istria', 'HR'),
(869, 54, 'Karlovac', 'HR'),
(870, 54, 'Koprivnica-Križevci', 'HR'),
(871, 54, 'Krapina-Zagorje', 'HR'),
(872, 54, 'Lika-Senj', 'HR'),
(873, 54, 'Međimurje', 'HR'),
(874, 54, 'Osijek-Baranja', 'HR'),
(875, 54, 'Požega-Slavonia', 'HR'),
(876, 54, 'Primorje-Gorski Kotar', 'HR'),
(877, 54, 'Šibenik-Knin', 'HR'),
(878, 54, 'Sisak-Moslavina', 'HR'),
(879, 54, 'Split-Dalmatia', 'HR'),
(880, 54, 'Varaždin', 'HR'),
(881, 54, 'Virovitica-Podravina', 'HR'),
(882, 54, 'Vukovar-Syrmia', 'HR'),
(883, 54, 'Zadar', 'HR'),
(884, 54, 'Zagreb', 'HR'),
(885, 54, 'Zagreb', 'HR'),
(886, 55, 'Artemisa Province', 'CU'),
(887, 55, 'Camagüey Province', 'CU'),
(888, 55, 'Ciego de Ávila Province', 'CU'),
(889, 55, 'Cienfuegos Province', 'CU'),
(890, 55, 'Granma Province', 'CU'),
(891, 55, 'Guantánamo Province', 'CU'),
(892, 55, 'Havana Province', 'CU'),
(893, 55, 'Holguín Province', 'CU'),
(894, 55, 'Isla de la Juventud', 'CU'),
(895, 55, 'Las Tunas Province', 'CU'),
(896, 55, 'Matanzas Province', 'CU'),
(897, 55, 'Mayabeque Province', 'CU'),
(898, 55, 'Pinar del Río Province', 'CU'),
(899, 55, 'Sancti Spíritus Province', 'CU'),
(900, 55, 'Santiago de Cuba Province', 'CU'),
(901, 55, 'Villa Clara Province', 'CU'),
(902, 57, 'Famagusta District (Mağusa)', 'CY'),
(903, 57, 'Kyrenia District (Keryneia)', 'CY'),
(904, 57, 'Larnaca District (Larnaka)', 'CY'),
(905, 57, 'Limassol District (Leymasun)', 'CY'),
(906, 57, 'Nicosia District (Lefkoşa)', 'CY'),
(907, 57, 'Paphos District (Pafos)', 'CY'),
(908, 58, 'Benešov', 'CZ'),
(909, 58, 'Beroun', 'CZ'),
(910, 58, 'Blansko', 'CZ'),
(911, 58, 'Břeclav', 'CZ'),
(912, 58, 'Brno-město', 'CZ'),
(913, 58, 'Brno-venkov', 'CZ'),
(914, 58, 'Bruntál', 'CZ'),
(915, 58, 'Česká Lípa', 'CZ'),
(916, 58, 'České Budějovice', 'CZ'),
(917, 58, 'Český Krumlov', 'CZ'),
(918, 58, 'Cheb', 'CZ'),
(919, 58, 'Chomutov', 'CZ'),
(920, 58, 'Chrudim', 'CZ'),
(921, 58, 'Děčín', 'CZ'),
(922, 58, 'Domažlice', 'CZ'),
(923, 58, 'Frýdek-Místek', 'CZ'),
(924, 58, 'Havlíčkův Brod', 'CZ'),
(925, 58, 'Hodonín', 'CZ'),
(926, 58, 'Hradec Králové', 'CZ'),
(927, 58, 'Jablonec nad Nisou', 'CZ'),
(928, 58, 'Jeseník', 'CZ'),
(929, 58, 'Jičín', 'CZ'),
(930, 58, 'Jihlava', 'CZ'),
(931, 58, 'Jihočeský kraj', 'CZ'),
(932, 58, 'Jihomoravský kraj', 'CZ'),
(933, 58, 'Jindřichův Hradec', 'CZ'),
(934, 58, 'Karlovarský kraj', 'CZ'),
(935, 58, 'Karlovy Vary', 'CZ'),
(936, 58, 'Karviná', 'CZ'),
(937, 58, 'Kladno', 'CZ'),
(938, 58, 'Klatovy', 'CZ'),
(939, 58, 'Kolín', 'CZ'),
(940, 58, 'Kraj Vysočina', 'CZ'),
(941, 58, 'Královéhradecký kraj', 'CZ'),
(942, 58, 'Kroměříž', 'CZ'),
(943, 58, 'Kutná Hora', 'CZ'),
(944, 58, 'Liberec', 'CZ'),
(945, 58, 'Liberecký kraj', 'CZ'),
(946, 58, 'Litoměřice', 'CZ'),
(947, 58, 'Louny', 'CZ'),
(948, 58, 'Mělník', 'CZ'),
(949, 58, 'Mladá Boleslav', 'CZ'),
(950, 58, 'Moravskoslezský kraj', 'CZ'),
(951, 58, 'Most', 'CZ'),
(952, 58, 'Náchod', 'CZ'),
(953, 58, 'Nový Jičín', 'CZ'),
(954, 58, 'Nymburk', 'CZ'),
(955, 58, 'Olomouc', 'CZ'),
(956, 58, 'Olomoucký kraj', 'CZ'),
(957, 58, 'Opava', 'CZ'),
(958, 58, 'Ostrava-město', 'CZ'),
(959, 58, 'Pardubice', 'CZ'),
(960, 58, 'Pardubický kraj', 'CZ'),
(961, 58, 'Pelhřimov', 'CZ'),
(962, 58, 'Písek', 'CZ'),
(963, 58, 'Plzeň-jih', 'CZ'),
(964, 58, 'Plzeň-město', 'CZ'),
(965, 58, 'Plzeň-sever', 'CZ'),
(966, 58, 'Plzeňský kraj', 'CZ'),
(967, 58, 'Prachatice', 'CZ'),
(968, 58, 'Praha-východ', 'CZ'),
(969, 58, 'Praha-západ', 'CZ'),
(970, 58, 'Praha, Hlavní město', 'CZ'),
(971, 58, 'Přerov', 'CZ'),
(972, 58, 'Příbram', 'CZ'),
(973, 58, 'Prostějov', 'CZ'),
(974, 58, 'Rakovník', 'CZ'),
(975, 58, 'Rokycany', 'CZ'),
(976, 58, 'Rychnov nad Kněžnou', 'CZ'),
(977, 58, 'Semily', 'CZ'),
(978, 58, 'Sokolov', 'CZ'),
(979, 58, 'Strakonice', 'CZ'),
(980, 58, 'Středočeský kraj', 'CZ'),
(981, 58, 'Šumperk', 'CZ'),
(982, 58, 'Svitavy', 'CZ'),
(983, 58, 'Tábor', 'CZ'),
(984, 58, 'Tachov', 'CZ'),
(985, 58, 'Teplice', 'CZ'),
(986, 58, 'Třebíč', 'CZ'),
(987, 58, 'Trutnov', 'CZ'),
(988, 58, 'Uherské Hradiště', 'CZ'),
(989, 58, 'Ústecký kraj', 'CZ'),
(990, 58, 'Ústí nad Labem', 'CZ'),
(991, 58, 'Ústí nad Orlicí', 'CZ'),
(992, 58, 'Vsetín', 'CZ'),
(993, 58, 'Vyškov', 'CZ'),
(994, 58, 'Žďár nad Sázavou', 'CZ'),
(995, 58, 'Zlín', 'CZ'),
(996, 58, 'Zlínský kraj', 'CZ'),
(997, 58, 'Znojmo', 'CZ'),
(998, 59, 'Bas-Uélé', 'CD'),
(999, 59, 'Équateur', 'CD'),
(1000, 59, 'Haut-Katanga', 'CD'),
(1001, 59, 'Haut-Lomami', 'CD'),
(1002, 59, 'Haut-Uélé', 'CD'),
(1003, 59, 'Ituri', 'CD'),
(1004, 59, 'Kasaï', 'CD'),
(1005, 59, 'Kasaï Central', 'CD'),
(1006, 59, 'Kasaï Oriental', 'CD'),
(1007, 59, 'Kinshasa', 'CD'),
(1008, 59, 'Kongo Central', 'CD'),
(1009, 59, 'Kwango', 'CD'),
(1010, 59, 'Kwilu', 'CD'),
(1011, 59, 'Lomami', 'CD'),
(1012, 59, 'Lualaba', 'CD'),
(1013, 59, 'Mai-Ndombe', 'CD'),
(1014, 59, 'Maniema', 'CD'),
(1015, 59, 'Mongala', 'CD'),
(1016, 59, 'Nord-Kivu', 'CD'),
(1017, 59, 'Nord-Ubangi', 'CD'),
(1018, 59, 'Sankuru', 'CD'),
(1019, 59, 'Sud-Kivu', 'CD'),
(1020, 59, 'Sud-Ubangi', 'CD'),
(1021, 59, 'Tanganyika', 'CD'),
(1022, 59, 'Tshopo', 'CD'),
(1023, 59, 'Tshuapa', 'CD'),
(1024, 60, 'Capital Region of Denmark', 'DK'),
(1025, 60, 'Central Denmark Region', 'DK'),
(1026, 60, 'North Denmark Region', 'DK'),
(1027, 60, 'Region of Southern Denmark', 'DK'),
(1028, 60, 'Region Zealand', 'DK'),
(1029, 61, 'Ali Sabieh Region', 'DJ'),
(1030, 61, 'Arta Region', 'DJ'),
(1031, 61, 'Dikhil Region', 'DJ'),
(1032, 61, 'Djibouti', 'DJ'),
(1033, 61, 'Obock Region', 'DJ'),
(1034, 61, 'Tadjourah Region', 'DJ'),
(1035, 62, 'Saint Andrew Parish', 'DM'),
(1036, 62, 'Saint David Parish', 'DM'),
(1037, 62, 'Saint George Parish', 'DM'),
(1038, 62, 'Saint John Parish', 'DM'),
(1039, 62, 'Saint Joseph Parish', 'DM'),
(1040, 62, 'Saint Luke Parish', 'DM'),
(1041, 62, 'Saint Mark Parish', 'DM'),
(1042, 62, 'Saint Patrick Parish', 'DM'),
(1043, 62, 'Saint Paul Parish', 'DM'),
(1044, 62, 'Saint Peter Parish', 'DM'),
(1045, 63, 'Azua Province', 'DO'),
(1046, 63, 'Baoruco Province', 'DO'),
(1047, 63, 'Barahona Province', 'DO'),
(1048, 63, 'Dajabón Province', 'DO'),
(1049, 63, 'Distrito Nacional', 'DO'),
(1050, 63, 'Duarte Province', 'DO'),
(1051, 63, 'El Seibo Province', 'DO'),
(1052, 63, 'Espaillat Province', 'DO'),
(1053, 63, 'Hato Mayor Province', 'DO'),
(1054, 63, 'Hermanas Mirabal Province', 'DO'),
(1055, 63, 'Independencia', 'DO'),
(1056, 63, 'La Altagracia Province', 'DO'),
(1057, 63, 'La Romana Province', 'DO'),
(1058, 63, 'La Vega Province', 'DO'),
(1059, 63, 'María Trinidad Sánchez Province', 'DO'),
(1060, 63, 'Monseñor Nouel Province', 'DO'),
(1061, 63, 'Monte Cristi Province', 'DO'),
(1062, 63, 'Monte Plata Province', 'DO'),
(1063, 63, 'Pedernales Province', 'DO'),
(1064, 63, 'Peravia Province', 'DO'),
(1065, 63, 'Puerto Plata Province', 'DO'),
(1066, 63, 'Samaná Province', 'DO'),
(1067, 63, 'San Cristóbal Province', 'DO'),
(1068, 63, 'San José de Ocoa Province', 'DO'),
(1069, 63, 'San Juan Province', 'DO'),
(1070, 63, 'San Pedro de Macorís', 'DO'),
(1071, 63, 'Sánchez Ramírez Province', 'DO'),
(1072, 63, 'Santiago Province', 'DO'),
(1073, 63, 'Santiago Rodríguez Province', 'DO'),
(1074, 63, 'Santo Domingo Province', 'DO'),
(1075, 63, 'Valverde Province', 'DO'),
(1076, 64, 'Aileu municipality', 'TL'),
(1077, 64, 'Ainaro Municipality', 'TL'),
(1078, 64, 'Baucau Municipality', 'TL'),
(1079, 64, 'Bobonaro Municipality', 'TL'),
(1080, 64, 'Cova Lima Municipality', 'TL'),
(1081, 64, 'Dili municipality', 'TL'),
(1082, 64, 'Ermera District', 'TL'),
(1083, 64, 'Lautém Municipality', 'TL'),
(1084, 64, 'Liquiçá Municipality', 'TL'),
(1085, 64, 'Manatuto District', 'TL'),
(1086, 64, 'Manufahi Municipality', 'TL'),
(1087, 64, 'Viqueque Municipality', 'TL'),
(1088, 65, 'Azuay', 'EC'),
(1089, 65, 'Bolívar', 'EC'),
(1090, 65, 'Cañar', 'EC'),
(1091, 65, 'Carchi', 'EC'),
(1092, 65, 'Chimborazo', 'EC'),
(1093, 65, 'Cotopaxi', 'EC'),
(1094, 65, 'El Oro', 'EC'),
(1095, 65, 'Esmeraldas', 'EC'),
(1096, 65, 'Galápagos', 'EC'),
(1097, 65, 'Guayas', 'EC'),
(1098, 65, 'Imbabura', 'EC'),
(1099, 65, 'Loja', 'EC'),
(1100, 65, 'Los Ríos', 'EC'),
(1101, 65, 'Manabí', 'EC'),
(1102, 65, 'Morona-Santiago', 'EC'),
(1103, 65, 'Napo', 'EC'),
(1104, 65, 'Orellana', 'EC'),
(1105, 65, 'Pastaza', 'EC'),
(1106, 65, 'Pichincha', 'EC'),
(1107, 65, 'Santa Elena', 'EC'),
(1108, 65, 'Santo Domingo de los Tsáchilas', 'EC'),
(1109, 65, 'Sucumbíos', 'EC'),
(1110, 65, 'Tungurahua', 'EC'),
(1111, 65, 'Zamora Chinchipe', 'EC'),
(1112, 66, 'Alexandria', 'EG'),
(1113, 66, 'Aswan', 'EG'),
(1114, 66, 'Asyut', 'EG'),
(1115, 66, 'Beheira', 'EG'),
(1116, 66, 'Beni Suef', 'EG'),
(1117, 66, 'Cairo', 'EG'),
(1118, 66, 'Dakahlia', 'EG'),
(1119, 66, 'Damietta', 'EG'),
(1120, 66, 'Faiyum', 'EG'),
(1121, 66, 'Gharbia', 'EG'),
(1122, 66, 'Giza', 'EG'),
(1123, 66, 'Ismailia', 'EG'),
(1124, 66, 'Kafr el-Sheikh', 'EG'),
(1125, 66, 'Luxor', 'EG'),
(1126, 66, 'Matrouh', 'EG'),
(1127, 66, 'Minya', 'EG'),
(1128, 66, 'Monufia', 'EG'),
(1129, 66, 'New Valley', 'EG'),
(1130, 66, 'North Sinai', 'EG'),
(1131, 66, 'Port Said', 'EG'),
(1132, 66, 'Qalyubia', 'EG'),
(1133, 66, 'Qena', 'EG'),
(1134, 66, 'Red Sea', 'EG'),
(1135, 66, 'Sharqia', 'EG'),
(1136, 66, 'Sohag', 'EG'),
(1137, 66, 'South Sinai', 'EG'),
(1138, 66, 'Suez', 'EG'),
(1139, 67, 'Ahuachapán Department', 'SV'),
(1140, 67, 'Cabañas Department', 'SV'),
(1141, 67, 'Chalatenango Department', 'SV'),
(1142, 67, 'Cuscatlán Department', 'SV'),
(1143, 67, 'La Libertad Department', 'SV'),
(1144, 67, 'La Paz Department', 'SV'),
(1145, 67, 'La Unión Department', 'SV'),
(1146, 67, 'Morazán Department', 'SV'),
(1147, 67, 'San Miguel Department', 'SV'),
(1148, 67, 'San Salvador Department', 'SV'),
(1149, 67, 'San Vicente Department', 'SV'),
(1150, 67, 'Santa Ana Department', 'SV'),
(1151, 67, 'Sonsonate Department', 'SV'),
(1152, 67, 'Usulután Department', 'SV'),
(1153, 68, 'Annobón Province', 'GQ'),
(1154, 68, 'Bioko Norte Province', 'GQ'),
(1155, 68, 'Bioko Sur Province', 'GQ'),
(1156, 68, 'Centro Sur Province', 'GQ'),
(1157, 68, 'Insular Region', 'GQ'),
(1158, 68, 'Kié-Ntem Province', 'GQ'),
(1159, 68, 'Litoral Province', 'GQ'),
(1160, 68, 'Río Muni', 'GQ'),
(1161, 68, 'Wele-Nzas Province', 'GQ'),
(1162, 69, 'Anseba Region', 'ER'),
(1163, 69, 'Debub Region', 'ER'),
(1164, 69, 'Gash-Barka Region', 'ER'),
(1165, 69, 'Maekel Region', 'ER'),
(1166, 69, 'Northern Red Sea Region', 'ER'),
(1167, 69, 'Southern Red Sea Region', 'ER'),
(1168, 70, 'Harju County', 'EE'),
(1169, 70, 'Hiiu County', 'EE'),
(1170, 70, 'Ida-Viru County', 'EE'),
(1171, 70, 'Järva County', 'EE'),
(1172, 70, 'Jõgeva County', 'EE'),
(1173, 70, 'Lääne County', 'EE'),
(1174, 70, 'Lääne-Viru County', 'EE'),
(1175, 70, 'Pärnu County', 'EE'),
(1176, 70, 'Põlva County', 'EE'),
(1177, 70, 'Rapla County', 'EE'),
(1178, 70, 'Saare County', 'EE'),
(1179, 70, 'Tartu County', 'EE'),
(1180, 70, 'Valga County', 'EE'),
(1181, 70, 'Viljandi County', 'EE'),
(1182, 70, 'Võru County', 'EE'),
(1183, 71, 'Addis Ababa', 'ET'),
(1184, 71, 'Afar Region', 'ET'),
(1185, 71, 'Amhara Region', 'ET'),
(1186, 71, 'Benishangul-Gumuz Region', 'ET'),
(1187, 71, 'Dire Dawa', 'ET'),
(1188, 71, 'Gambela Region', 'ET'),
(1189, 71, 'Harari Region', 'ET'),
(1190, 71, 'Oromia Region', 'ET'),
(1191, 71, 'Somali Region', 'ET'),
(1192, 71, 'Southern Nations, Nationalities, and Peoples\' Region', 'ET'),
(1193, 71, 'Tigray Region', 'ET'),
(1194, 74, 'Ba', 'FJ'),
(1195, 74, 'Bua', 'FJ'),
(1196, 74, 'Cakaudrove', 'FJ'),
(1197, 74, 'Central Division', 'FJ'),
(1198, 74, 'Eastern Division', 'FJ'),
(1199, 74, 'Kadavu', 'FJ'),
(1200, 74, 'Lau', 'FJ'),
(1201, 74, 'Lomaiviti', 'FJ'),
(1202, 74, 'Macuata', 'FJ'),
(1203, 74, 'Nadroga-Navosa', 'FJ'),
(1204, 74, 'Naitasiri', 'FJ'),
(1205, 74, 'Namosi', 'FJ'),
(1206, 74, 'Northern Division', 'FJ'),
(1207, 74, 'Ra', 'FJ'),
(1208, 74, 'Rewa', 'FJ'),
(1209, 74, 'Rotuma', 'FJ'),
(1210, 74, 'Serua', 'FJ'),
(1211, 74, 'Tailevu', 'FJ'),
(1212, 74, 'Western Division', 'FJ'),
(1213, 75, 'Åland Islands', 'FI'),
(1214, 75, 'Central Finland', 'FI'),
(1215, 75, 'Central Ostrobothnia', 'FI'),
(1216, 75, 'Finland Proper', 'FI'),
(1217, 75, 'Kainuu', 'FI'),
(1218, 75, 'Kymenlaakso', 'FI'),
(1219, 75, 'Lapland', 'FI'),
(1220, 75, 'North Karelia', 'FI'),
(1221, 75, 'Northern Ostrobothnia', 'FI'),
(1222, 75, 'Northern Savonia', 'FI'),
(1223, 75, 'Ostrobothnia', 'FI'),
(1224, 75, 'Päijänne Tavastia', 'FI'),
(1225, 75, 'Pirkanmaa', 'FI'),
(1226, 75, 'Satakunta', 'FI'),
(1227, 75, 'South Karelia', 'FI'),
(1228, 75, 'Southern Ostrobothnia', 'FI'),
(1229, 75, 'Southern Savonia', 'FI'),
(1230, 75, 'Tavastia Proper', 'FI'),
(1231, 75, 'Uusimaa', 'FI'),
(1232, 76, 'Ain', 'FR'),
(1233, 76, 'Aisne', 'FR'),
(1234, 76, 'Allier', 'FR'),
(1235, 76, 'Alpes-de-Haute-Provence', 'FR'),
(1236, 76, 'Alpes-Maritimes', 'FR'),
(1237, 76, 'Alsace', 'FR'),
(1238, 76, 'Ardèche', 'FR'),
(1239, 76, 'Ardennes', 'FR'),
(1240, 76, 'Ariège', 'FR'),
(1241, 76, 'Aube', 'FR'),
(1242, 76, 'Aude', 'FR'),
(1243, 76, 'Auvergne-Rhône-Alpes', 'FR'),
(1244, 76, 'Aveyron', 'FR'),
(1245, 76, 'Bas-Rhin', 'FR'),
(1246, 76, 'Bouches-du-Rhône', 'FR'),
(1247, 76, 'Bourgogne-Franche-Comté', 'FR'),
(1248, 76, 'Bretagne', 'FR'),
(1249, 76, 'Calvados', 'FR'),
(1250, 76, 'Cantal', 'FR'),
(1251, 76, 'Centre-Val de Loire', 'FR'),
(1252, 76, 'Charente', 'FR'),
(1253, 76, 'Charente-Maritime', 'FR'),
(1254, 76, 'Cher', 'FR'),
(1255, 76, 'Clipperton', 'FR'),
(1256, 76, 'Corrèze', 'FR'),
(1257, 76, 'Corse', 'FR'),
(1258, 76, 'Corse-du-Sud', 'FR'),
(1259, 76, 'Côte-d\'Or', 'FR'),
(1260, 76, 'Côtes-d\'Armor', 'FR'),
(1261, 76, 'Creuse', 'FR'),
(1262, 76, 'Deux-Sèvres', 'FR'),
(1263, 76, 'Dordogne', 'FR'),
(1264, 76, 'Doubs', 'FR'),
(1265, 76, 'Drôme', 'FR'),
(1266, 76, 'Essonne', 'FR'),
(1267, 76, 'Eure', 'FR'),
(1268, 76, 'Eure-et-Loir', 'FR'),
(1269, 76, 'Finistère', 'FR'),
(1270, 76, 'French Guiana', 'FR'),
(1271, 76, 'French Polynesia', 'FR'),
(1272, 76, 'French Southern and Antarctic Lands', 'FR'),
(1273, 76, 'Gard', 'FR'),
(1274, 76, 'Gers', 'FR'),
(1275, 76, 'Gironde', 'FR'),
(1276, 76, 'Grand-Est', 'FR'),
(1277, 76, 'Guadeloupe', 'FR'),
(1278, 76, 'Haut-Rhin', 'FR'),
(1279, 76, 'Haute-Corse', 'FR'),
(1280, 76, 'Haute-Garonne', 'FR'),
(1281, 76, 'Haute-Loire', 'FR'),
(1282, 76, 'Haute-Marne', 'FR'),
(1283, 76, 'Haute-Saône', 'FR'),
(1284, 76, 'Haute-Savoie', 'FR'),
(1285, 76, 'Haute-Vienne', 'FR'),
(1286, 76, 'Hautes-Alpes', 'FR'),
(1287, 76, 'Hautes-Pyrénées', 'FR'),
(1288, 76, 'Hauts-de-France', 'FR'),
(1289, 76, 'Hauts-de-Seine', 'FR'),
(1290, 76, 'Hérault', 'FR'),
(1291, 76, 'Île-de-France', 'FR'),
(1292, 76, 'Ille-et-Vilaine', 'FR'),
(1293, 76, 'Indre', 'FR'),
(1294, 76, 'Indre-et-Loire', 'FR'),
(1295, 76, 'Isère', 'FR'),
(1296, 76, 'Jura', 'FR'),
(1297, 76, 'La Réunion', 'FR'),
(1298, 76, 'Landes', 'FR'),
(1299, 76, 'Loir-et-Cher', 'FR'),
(1300, 76, 'Loire', 'FR'),
(1301, 76, 'Loire-Atlantique', 'FR'),
(1302, 76, 'Loiret', 'FR'),
(1303, 76, 'Lot', 'FR'),
(1304, 76, 'Lot-et-Garonne', 'FR'),
(1305, 76, 'Lozère', 'FR'),
(1306, 76, 'Maine-et-Loire', 'FR'),
(1307, 76, 'Manche', 'FR'),
(1308, 76, 'Marne', 'FR'),
(1309, 76, 'Martinique', 'FR'),
(1310, 76, 'Mayenne', 'FR'),
(1311, 76, 'Mayotte', 'FR'),
(1312, 76, 'Métropole de Lyon', 'FR'),
(1313, 76, 'Meurthe-et-Moselle', 'FR'),
(1314, 76, 'Meuse', 'FR'),
(1315, 76, 'Morbihan', 'FR'),
(1316, 76, 'Moselle', 'FR'),
(1317, 76, 'Nièvre', 'FR'),
(1318, 76, 'Nord', 'FR'),
(1319, 76, 'Normandie', 'FR'),
(1320, 76, 'Nouvelle-Aquitaine', 'FR'),
(1321, 76, 'Occitanie', 'FR'),
(1322, 76, 'Oise', 'FR'),
(1323, 76, 'Orne', 'FR'),
(1324, 76, 'Paris', 'FR'),
(1325, 76, 'Pas-de-Calais', 'FR'),
(1326, 76, 'Pays-de-la-Loire', 'FR'),
(1327, 76, 'Provence-Alpes-Côte-d’Azur', 'FR'),
(1328, 76, 'Puy-de-Dôme', 'FR'),
(1329, 76, 'Pyrénées-Atlantiques', 'FR'),
(1330, 76, 'Pyrénées-Orientales', 'FR'),
(1331, 76, 'Rhône', 'FR'),
(1332, 76, 'Saint Pierre and Miquelon', 'FR'),
(1333, 76, 'Saint-Barthélemy', 'FR'),
(1334, 76, 'Saint-Martin', 'FR'),
(1335, 76, 'Saône-et-Loire', 'FR'),
(1336, 76, 'Sarthe', 'FR'),
(1337, 76, 'Savoie', 'FR'),
(1338, 76, 'Seine-et-Marne', 'FR'),
(1339, 76, 'Seine-Maritime', 'FR'),
(1340, 76, 'Seine-Saint-Denis', 'FR'),
(1341, 76, 'Somme', 'FR'),
(1342, 76, 'Tarn', 'FR'),
(1343, 76, 'Tarn-et-Garonne', 'FR'),
(1344, 76, 'Territoire de Belfort', 'FR'),
(1345, 76, 'Val-d\'Oise', 'FR'),
(1346, 76, 'Val-de-Marne', 'FR'),
(1347, 76, 'Var', 'FR'),
(1348, 76, 'Vaucluse', 'FR'),
(1349, 76, 'Vendée', 'FR'),
(1350, 76, 'Vienne', 'FR'),
(1351, 76, 'Vosges', 'FR'),
(1352, 76, 'Wallis and Futuna', 'FR'),
(1353, 76, 'Yonne', 'FR'),
(1354, 76, 'Yvelines', 'FR'),
(1355, 80, 'Estuaire Province', 'GA'),
(1356, 80, 'Haut-Ogooué Province', 'GA'),
(1357, 80, 'Moyen-Ogooué Province', 'GA'),
(1358, 80, 'Ngounié Province', 'GA'),
(1359, 80, 'Nyanga Province', 'GA'),
(1360, 80, 'Ogooué-Ivindo Province', 'GA'),
(1361, 80, 'Ogooué-Lolo Province', 'GA'),
(1362, 80, 'Ogooué-Maritime Province', 'GA'),
(1363, 80, 'Woleu-Ntem Province', 'GA'),
(1364, 81, 'Banjul', 'GM'),
(1365, 81, 'Central River Division', 'GM'),
(1366, 81, 'Lower River Division', 'GM'),
(1367, 81, 'North Bank Division', 'GM'),
(1368, 81, 'Upper River Division', 'GM'),
(1369, 81, 'West Coast Division', 'GM'),
(1370, 82, 'Adjara', 'GE'),
(1371, 82, 'Autonomous Republic of Abkhazia', 'GE'),
(1372, 82, 'Guria', 'GE'),
(1373, 82, 'Imereti', 'GE'),
(1374, 82, 'Kakheti', 'GE'),
(1375, 82, 'Khelvachauri Municipality', 'GE'),
(1376, 82, 'Kvemo Kartli', 'GE'),
(1377, 82, 'Mtskheta-Mtianeti', 'GE'),
(1378, 82, 'Racha-Lechkhumi and Kvemo Svaneti', 'GE'),
(1379, 82, 'Samegrelo-Zemo Svaneti', 'GE'),
(1380, 82, 'Samtskhe-Javakheti', 'GE'),
(1381, 82, 'Senaki Municipality', 'GE'),
(1382, 82, 'Shida Kartli', 'GE'),
(1383, 82, 'Tbilisi', 'GE'),
(1384, 83, 'Baden-Württemberg', 'DE'),
(1385, 83, 'Bavaria', 'DE'),
(1386, 83, 'Berlin', 'DE'),
(1387, 83, 'Brandenburg', 'DE'),
(1388, 83, 'Bremen', 'DE'),
(1389, 83, 'Hamburg', 'DE'),
(1390, 83, 'Hesse', 'DE'),
(1391, 83, 'Lower Saxony', 'DE'),
(1392, 83, 'Mecklenburg-Vorpommern', 'DE'),
(1393, 83, 'North Rhine-Westphalia', 'DE'),
(1394, 83, 'Rhineland-Palatinate', 'DE'),
(1395, 83, 'Saarland', 'DE'),
(1396, 83, 'Saxony', 'DE'),
(1397, 83, 'Saxony-Anhalt', 'DE'),
(1398, 83, 'Schleswig-Holstein', 'DE'),
(1399, 83, 'Thuringia', 'DE'),
(1400, 84, 'Ahafo', 'GH'),
(1401, 84, 'Ashanti', 'GH'),
(1402, 84, 'Bono', 'GH'),
(1403, 84, 'Bono East', 'GH'),
(1404, 84, 'Central', 'GH'),
(1405, 84, 'Eastern', 'GH'),
(1406, 84, 'Greater Accra', 'GH'),
(1407, 84, 'North East', 'GH'),
(1408, 84, 'Northern', 'GH'),
(1409, 84, 'Oti', 'GH'),
(1410, 84, 'Savannah', 'GH'),
(1411, 84, 'Upper East', 'GH'),
(1412, 84, 'Upper West', 'GH'),
(1413, 84, 'Volta', 'GH'),
(1414, 84, 'Western', 'GH'),
(1415, 84, 'Western North', 'GH'),
(1416, 86, 'Achaea Regional Unit', 'GR'),
(1417, 86, 'Aetolia-Acarnania Regional Unit', 'GR'),
(1418, 86, 'Arcadia Prefecture', 'GR'),
(1419, 86, 'Argolis Regional Unit', 'GR'),
(1420, 86, 'Attica Region', 'GR'),
(1421, 86, 'Boeotia Regional Unit', 'GR'),
(1422, 86, 'Central Greece Region', 'GR'),
(1423, 86, 'Central Macedonia', 'GR'),
(1424, 86, 'Chania Regional Unit', 'GR'),
(1425, 86, 'Corfu Prefecture', 'GR'),
(1426, 86, 'Corinthia Regional Unit', 'GR'),
(1427, 86, 'Crete Region', 'GR'),
(1428, 86, 'Drama Regional Unit', 'GR'),
(1429, 86, 'East Attica Regional Unit', 'GR'),
(1430, 86, 'East Macedonia and Thrace', 'GR'),
(1431, 86, 'Epirus Region', 'GR'),
(1432, 86, 'Euboea', 'GR'),
(1433, 86, 'Grevena Prefecture', 'GR'),
(1434, 86, 'Imathia Regional Unit', 'GR'),
(1435, 86, 'Ioannina Regional Unit', 'GR'),
(1436, 86, 'Ionian Islands Region', 'GR'),
(1437, 86, 'Karditsa Regional Unit', 'GR'),
(1438, 86, 'Kastoria Regional Unit', 'GR'),
(1439, 86, 'Kefalonia Prefecture', 'GR'),
(1440, 86, 'Kilkis Regional Unit', 'GR'),
(1441, 86, 'Kozani Prefecture', 'GR'),
(1442, 86, 'Laconia', 'GR'),
(1443, 86, 'Larissa Prefecture', 'GR'),
(1444, 86, 'Lefkada Regional Unit', 'GR'),
(1445, 86, 'Pella Regional Unit', 'GR'),
(1446, 86, 'Peloponnese Region', 'GR'),
(1447, 86, 'Phthiotis Prefecture', 'GR'),
(1448, 86, 'Preveza Prefecture', 'GR'),
(1449, 86, 'Serres Prefecture', 'GR'),
(1450, 86, 'South Aegean', 'GR'),
(1451, 86, 'Thessaloniki Regional Unit', 'GR'),
(1452, 86, 'West Greece Region', 'GR'),
(1453, 86, 'West Macedonia Region', 'GR'),
(1454, 88, 'Carriacou and Petite Martinique', 'GD'),
(1455, 88, 'Saint Andrew Parish', 'GD'),
(1456, 88, 'Saint David Parish', 'GD'),
(1457, 88, 'Saint George Parish', 'GD'),
(1458, 88, 'Saint John Parish', 'GD'),
(1459, 88, 'Saint Mark Parish', 'GD'),
(1460, 88, 'Saint Patrick Parish', 'GD'),
(1461, 91, 'Alta Verapaz Department', 'GT'),
(1462, 91, 'Baja Verapaz Department', 'GT'),
(1463, 91, 'Chimaltenango Department', 'GT'),
(1464, 91, 'Chiquimula Department', 'GT'),
(1465, 91, 'El Progreso Department', 'GT'),
(1466, 91, 'Escuintla Department', 'GT'),
(1467, 91, 'Guatemala Department', 'GT'),
(1468, 91, 'Huehuetenango Department', 'GT'),
(1469, 91, 'Izabal Department', 'GT'),
(1470, 91, 'Jalapa Department', 'GT'),
(1471, 91, 'Jutiapa Department', 'GT'),
(1472, 91, 'Petén Department', 'GT'),
(1473, 91, 'Quetzaltenango Department', 'GT'),
(1474, 91, 'Quiché Department', 'GT'),
(1475, 91, 'Retalhuleu Department', 'GT'),
(1476, 91, 'Sacatepéquez Department', 'GT'),
(1477, 91, 'San Marcos Department', 'GT'),
(1478, 91, 'Santa Rosa Department', 'GT'),
(1479, 91, 'Sololá Department', 'GT'),
(1480, 91, 'Suchitepéquez Department', 'GT'),
(1481, 91, 'Totonicapán Department', 'GT'),
(1482, 93, 'Beyla Prefecture', 'GN'),
(1483, 93, 'Boffa Prefecture', 'GN'),
(1484, 93, 'Boké Prefecture', 'GN'),
(1485, 93, 'Boké Region', 'GN'),
(1486, 93, 'Conakry', 'GN'),
(1487, 93, 'Coyah Prefecture', 'GN'),
(1488, 93, 'Dabola Prefecture', 'GN'),
(1489, 93, 'Dalaba Prefecture', 'GN'),
(1490, 93, 'Dinguiraye Prefecture', 'GN'),
(1491, 93, 'Dubréka Prefecture', 'GN'),
(1492, 93, 'Faranah Prefecture', 'GN'),
(1493, 93, 'Forécariah Prefecture', 'GN'),
(1494, 93, 'Fria Prefecture', 'GN'),
(1495, 93, 'Gaoual Prefecture', 'GN'),
(1496, 93, 'Guéckédou Prefecture', 'GN'),
(1497, 93, 'Kankan Prefecture', 'GN'),
(1498, 93, 'Kankan Region', 'GN'),
(1499, 93, 'Kérouané Prefecture', 'GN'),
(1500, 93, 'Kindia Prefecture', 'GN'),
(1501, 93, 'Kindia Region', 'GN'),
(1502, 93, 'Kissidougou Prefecture', 'GN'),
(1503, 93, 'Koubia Prefecture', 'GN'),
(1504, 93, 'Koundara Prefecture', 'GN'),
(1505, 93, 'Kouroussa Prefecture', 'GN'),
(1506, 93, 'Labé Prefecture', 'GN'),
(1507, 93, 'Labé Region', 'GN'),
(1508, 93, 'Lélouma Prefecture', 'GN'),
(1509, 93, 'Lola Prefecture', 'GN'),
(1510, 93, 'Macenta Prefecture', 'GN'),
(1511, 93, 'Mali Prefecture', 'GN'),
(1512, 93, 'Mamou Prefecture', 'GN'),
(1513, 93, 'Mamou Region', 'GN'),
(1514, 93, 'Mandiana Prefecture', 'GN'),
(1515, 93, 'Nzérékoré Prefecture', 'GN'),
(1516, 93, 'Nzérékoré Region', 'GN'),
(1517, 93, 'Pita Prefecture', 'GN'),
(1518, 93, 'Siguiri Prefecture', 'GN'),
(1519, 93, 'Télimélé Prefecture', 'GN'),
(1520, 93, 'Tougué Prefecture', 'GN'),
(1521, 93, 'Yomou Prefecture', 'GN'),
(1522, 94, 'Bafatá', 'GW'),
(1523, 94, 'Biombo Region', 'GW'),
(1524, 94, 'Bolama Region', 'GW'),
(1525, 94, 'Cacheu Region', 'GW'),
(1526, 94, 'Gabú Region', 'GW'),
(1527, 94, 'Leste Province', 'GW'),
(1528, 94, 'Norte Province', 'GW'),
(1529, 94, 'Oio Region', 'GW'),
(1530, 94, 'Quinara Region', 'GW'),
(1531, 94, 'Sul Province', 'GW'),
(1532, 94, 'Tombali Region', 'GW'),
(1533, 95, 'Barima-Waini', 'GY'),
(1534, 95, 'Cuyuni-Mazaruni', 'GY'),
(1535, 95, 'Demerara-Mahaica', 'GY'),
(1536, 95, 'East Berbice-Corentyne', 'GY'),
(1537, 95, 'Essequibo Islands-West Demerara', 'GY');
INSERT INTO `states` (`id`, `country_id`, `name`, `country_code`) VALUES
(1538, 95, 'Mahaica-Berbice', 'GY'),
(1539, 95, 'Pomeroon-Supenaam', 'GY'),
(1540, 95, 'Potaro-Siparuni', 'GY'),
(1541, 95, 'Upper Demerara-Berbice', 'GY'),
(1542, 95, 'Upper Takutu-Upper Essequibo', 'GY'),
(1543, 96, 'Artibonite', 'HT'),
(1544, 96, 'Centre', 'HT'),
(1545, 96, 'Grand\'Anse', 'HT'),
(1546, 96, 'Nippes', 'HT'),
(1547, 96, 'Nord', 'HT'),
(1548, 96, 'Nord-Est', 'HT'),
(1549, 96, 'Nord-Ouest', 'HT'),
(1550, 96, 'Ouest', 'HT'),
(1551, 96, 'Sud', 'HT'),
(1552, 96, 'Sud-Est', 'HT'),
(1553, 98, 'Atlántida Department', 'HN'),
(1554, 98, 'Bay Islands Department', 'HN'),
(1555, 98, 'Choluteca Department', 'HN'),
(1556, 98, 'Colón Department', 'HN'),
(1557, 98, 'Comayagua Department', 'HN'),
(1558, 98, 'Copán Department', 'HN'),
(1559, 98, 'Cortés Department', 'HN'),
(1560, 98, 'El Paraíso Department', 'HN'),
(1561, 98, 'Francisco Morazán Department', 'HN'),
(1562, 98, 'Gracias a Dios Department', 'HN'),
(1563, 98, 'Intibucá Department', 'HN'),
(1564, 98, 'La Paz Department', 'HN'),
(1565, 98, 'Lempira Department', 'HN'),
(1566, 98, 'Ocotepeque Department', 'HN'),
(1567, 98, 'Olancho Department', 'HN'),
(1568, 98, 'Santa Bárbara Department', 'HN'),
(1569, 98, 'Valle Department', 'HN'),
(1570, 98, 'Yoro Department', 'HN'),
(1571, 99, 'Central and Western District', 'HK'),
(1572, 99, 'Eastern', 'HK'),
(1573, 99, 'Islands District', 'HK'),
(1574, 99, 'Kowloon City', 'HK'),
(1575, 99, 'Kwai Tsing', 'HK'),
(1576, 99, 'Kwun Tong', 'HK'),
(1577, 99, 'North', 'HK'),
(1578, 99, 'Sai Kung District', 'HK'),
(1579, 99, 'Sha Tin', 'HK'),
(1580, 99, 'Sham Shui Po', 'HK'),
(1581, 99, 'Southern', 'HK'),
(1582, 99, 'Tai Po District', 'KH'),
(1583, 99, 'Tsuen Wan District', 'HK'),
(1584, 99, 'Tuen Mun', 'HK'),
(1585, 99, 'Wan Chai', 'HK'),
(1586, 99, 'Wong Tai Sin', 'HK'),
(1587, 99, 'Yau Tsim Mong', 'HK'),
(1588, 99, 'Yuen Long District', 'HK'),
(1589, 100, 'Bács-Kiskun', 'HU'),
(1590, 100, 'Baranya', 'HU'),
(1591, 100, 'Békés', 'HU'),
(1592, 100, 'Békéscsaba', 'HU'),
(1593, 100, 'Borsod-Abaúj-Zemplén', 'HU'),
(1594, 100, 'Budapest', 'HU'),
(1595, 100, 'Csongrád County', 'HU'),
(1596, 100, 'Debrecen', 'HU'),
(1597, 100, 'Dunaújváros', 'HU'),
(1598, 100, 'Eger', 'HU'),
(1599, 100, 'Érd', 'HU'),
(1600, 100, 'Fejér County', 'HU'),
(1601, 100, 'Győr', 'HU'),
(1602, 100, 'Győr-Moson-Sopron County', 'HU'),
(1603, 100, 'Hajdú-Bihar County', 'HU'),
(1604, 100, 'Heves County', 'HU'),
(1605, 100, 'Hódmezővásárhely', 'HU'),
(1606, 100, 'Jász-Nagykun-Szolnok County', 'HU'),
(1607, 100, 'Kaposvár', 'HU'),
(1608, 100, 'Kecskemét', 'HU'),
(1609, 100, 'Komárom-Esztergom', 'HU'),
(1610, 100, 'Miskolc', 'HU'),
(1611, 100, 'Nagykanizsa', 'HU'),
(1612, 100, 'Nógrád County', 'HU'),
(1613, 100, 'Nyíregyháza', 'HU'),
(1614, 100, 'Pécs', 'HU'),
(1615, 100, 'Pest County', 'HU'),
(1616, 100, 'Salgótarján', 'HU'),
(1617, 100, 'Somogy County', 'HU'),
(1618, 100, 'Sopron', 'HU'),
(1619, 100, 'Szabolcs-Szatmár-Bereg County', 'HU'),
(1620, 100, 'Szeged', 'HU'),
(1621, 100, 'Székesfehérvár', 'HU'),
(1622, 100, 'Szekszárd', 'HU'),
(1623, 100, 'Szolnok', 'HU'),
(1624, 100, 'Szombathely', 'HU'),
(1625, 100, 'Tatabánya', 'HU'),
(1626, 100, 'Tolna County', 'HU'),
(1627, 100, 'Vas County', 'HU'),
(1628, 100, 'Veszprém', 'HU'),
(1629, 100, 'Veszprém County', 'HU'),
(1630, 100, 'Zala County', 'HU'),
(1631, 100, 'Zalaegerszeg', 'HU'),
(1632, 101, 'Capital Region', 'IS'),
(1633, 101, 'Eastern Region', 'IS'),
(1634, 101, 'Northeastern Region', 'IS'),
(1635, 101, 'Northwestern Region', 'IS'),
(1636, 101, 'Southern Peninsula Region', 'IS'),
(1637, 101, 'Southern Region', 'IS'),
(1638, 101, 'Western Region', 'IS'),
(1639, 101, 'Westfjords', 'IS'),
(1640, 102, 'Andaman and Nicobar Islands', 'IN'),
(1641, 102, 'Andhra Pradesh', 'IN'),
(1642, 102, 'Arunachal Pradesh', 'IN'),
(1643, 102, 'Assam', 'IN'),
(1644, 102, 'Bihar', 'IN'),
(1645, 102, 'Chandigarh', 'IN'),
(1646, 102, 'Chhattisgarh', 'IN'),
(1647, 102, 'Dadra and Nagar Haveli and Daman and Diu', 'IN'),
(1648, 102, 'Delhi', 'IN'),
(1649, 102, 'Goa', 'IN'),
(1650, 102, 'Gujarat', 'IN'),
(1651, 102, 'Haryana', 'IN'),
(1652, 102, 'Himachal Pradesh', 'IN'),
(1653, 102, 'Jammu and Kashmir', 'IN'),
(1654, 102, 'Jharkhand', 'IN'),
(1655, 102, 'Karnataka', 'IN'),
(1656, 102, 'Kerala', 'IN'),
(1657, 102, 'Ladakh', 'IN'),
(1658, 102, 'Lakshadweep', 'IN'),
(1659, 102, 'Madhya Pradesh', 'IN'),
(1660, 102, 'Maharashtra', 'IN'),
(1661, 102, 'Manipur', 'IN'),
(1662, 102, 'Meghalaya', 'IN'),
(1663, 102, 'Mizoram', 'IN'),
(1664, 102, 'Nagaland', 'IN'),
(1665, 102, 'Odisha', 'IN'),
(1666, 102, 'Puducherry', 'IN'),
(1667, 102, 'Punjab', 'IN'),
(1668, 102, 'Rajasthan', 'IN'),
(1669, 102, 'Sikkim', 'IN'),
(1670, 102, 'Tamil Nadu', 'IN'),
(1671, 102, 'Telangana', 'IN'),
(1672, 102, 'Tripura', 'IN'),
(1673, 102, 'Uttar Pradesh', 'IN'),
(1674, 102, 'Uttarakhand', 'IN'),
(1675, 102, 'West Bengal', 'IN'),
(1676, 103, 'Aceh', 'ID'),
(1677, 103, 'Bali', 'ID'),
(1678, 103, 'Banten', 'ID'),
(1679, 103, 'Bengkulu', 'ID'),
(1680, 103, 'DI Yogyakarta', 'ID'),
(1681, 103, 'DKI Jakarta', 'ID'),
(1682, 103, 'Gorontalo', 'ID'),
(1683, 103, 'Jambi', 'ID'),
(1684, 103, 'Jawa Barat', 'ID'),
(1685, 103, 'Jawa Tengah', 'ID'),
(1686, 103, 'Jawa Timur', 'ID'),
(1687, 103, 'Kalimantan Barat', 'ID'),
(1688, 103, 'Kalimantan Selatan', 'ID'),
(1689, 103, 'Kalimantan Tengah', 'ID'),
(1690, 103, 'Kalimantan Timur', 'ID'),
(1691, 103, 'Kalimantan Utara', 'ID'),
(1692, 103, 'Kepulauan Bangka Belitung', 'ID'),
(1693, 103, 'Kepulauan Riau', 'ID'),
(1694, 103, 'Lampung', 'ID'),
(1695, 103, 'Maluku', 'ID'),
(1696, 103, 'Maluku Utara', 'ID'),
(1697, 103, 'Nusa Tenggara Barat', 'ID'),
(1698, 103, 'Nusa Tenggara Timur', 'ID'),
(1699, 103, 'Papua', 'ID'),
(1700, 103, 'Papua Barat', 'ID'),
(1701, 103, 'Riau', 'ID'),
(1702, 103, 'Sulawesi Barat', 'ID'),
(1703, 103, 'Sulawesi Selatan', 'ID'),
(1704, 103, 'Sulawesi Tengah', 'ID'),
(1705, 103, 'Sulawesi Tenggara', 'ID'),
(1706, 103, 'Sulawesi Utara', 'ID'),
(1707, 103, 'Sumatera Barat', 'ID'),
(1708, 103, 'Sumatera Selatan', 'ID'),
(1709, 103, 'Sumatera Utara', 'ID'),
(1710, 104, 'Alborz', 'IR'),
(1711, 104, 'Ardabil', 'IR'),
(1712, 104, 'Bushehr', 'IR'),
(1713, 104, 'Chaharmahal and Bakhtiari', 'IR'),
(1714, 104, 'East Azerbaijan', 'IR'),
(1715, 104, 'Fars', 'IR'),
(1716, 104, 'Gilan', 'IR'),
(1717, 104, 'Golestan', 'IR'),
(1718, 104, 'Hamadan', 'IR'),
(1719, 104, 'Hormozgan', 'IR'),
(1720, 104, 'Ilam', 'IR'),
(1721, 104, 'Isfahan', 'IR'),
(1722, 104, 'Kerman', 'IR'),
(1723, 104, 'Kermanshah', 'IR'),
(1724, 104, 'Khuzestan', 'IR'),
(1725, 104, 'Kohgiluyeh and Boyer-Ahmad', 'IR'),
(1726, 104, 'Kurdistan', 'IR'),
(1727, 104, 'Lorestan', 'IR'),
(1728, 104, 'Markazi', 'IR'),
(1729, 104, 'Mazandaran', 'IR'),
(1730, 104, 'North Khorasan', 'IR'),
(1731, 104, 'Qazvin', 'IR'),
(1732, 104, 'Qom', 'IR'),
(1733, 104, 'Razavi Khorasan', 'IR'),
(1734, 104, 'Semnan', 'IR'),
(1735, 104, 'Sistan and Baluchestan', 'IR'),
(1736, 104, 'South Khorasan', 'IR'),
(1737, 104, 'Tehran', 'IR'),
(1738, 104, 'West Azarbaijan', 'IR'),
(1739, 104, 'Yazd', 'IR'),
(1740, 104, 'Zanjan', 'IR'),
(1741, 105, 'Al Anbar', 'IQ'),
(1742, 105, 'Al Muthanna', 'IQ'),
(1743, 105, 'Al-Qādisiyyah', 'IQ'),
(1744, 105, 'Babylon', 'IQ'),
(1745, 105, 'Baghdad', 'IQ'),
(1746, 105, 'Basra', 'IQ'),
(1747, 105, 'Dhi Qar', 'IQ'),
(1748, 105, 'Diyala', 'IQ'),
(1749, 105, 'Dohuk', 'IQ'),
(1750, 105, 'Erbil', 'IQ'),
(1751, 105, 'Karbala', 'IQ'),
(1752, 105, 'Kirkuk', 'IQ'),
(1753, 105, 'Maysan', 'IQ'),
(1754, 105, 'Najaf', 'IQ'),
(1755, 105, 'Nineveh', 'IQ'),
(1756, 105, 'Saladin', 'IQ'),
(1757, 105, 'Sulaymaniyah', 'IQ'),
(1758, 105, 'Wasit', 'IQ'),
(1759, 106, 'Carlow', 'IE'),
(1760, 106, 'Cavan', 'IE'),
(1761, 106, 'Clare', 'IE'),
(1762, 106, 'Connacht', 'IE'),
(1763, 106, 'Cork', 'IE'),
(1764, 106, 'Donegal', 'IE'),
(1765, 106, 'Dublin', 'IE'),
(1766, 106, 'Galway', 'IE'),
(1767, 106, 'Kerry', 'IE'),
(1768, 106, 'Kildare', 'IE'),
(1769, 106, 'Kilkenny', 'IE'),
(1770, 106, 'Laois', 'IE'),
(1771, 106, 'Leinster', 'IE'),
(1772, 106, 'Limerick', 'IE'),
(1773, 106, 'Longford', 'IE'),
(1774, 106, 'Louth', 'IE'),
(1775, 106, 'Mayo', 'IE'),
(1776, 106, 'Meath', 'IE'),
(1777, 106, 'Monaghan', 'IE'),
(1778, 106, 'Munster', 'IE'),
(1779, 106, 'Offaly', 'IE'),
(1780, 106, 'Roscommon', 'IE'),
(1781, 106, 'Sligo', 'IE'),
(1782, 106, 'Tipperary', 'IE'),
(1783, 106, 'Ulster', 'IE'),
(1784, 106, 'Waterford', 'IE'),
(1785, 106, 'Westmeath', 'IE'),
(1786, 106, 'Wexford', 'IE'),
(1787, 106, 'Wicklow', 'IE'),
(1788, 107, 'Central District', 'IL'),
(1789, 107, 'Haifa District', 'IL'),
(1790, 107, 'Jerusalem District', 'IL'),
(1791, 107, 'Northern District', 'IL'),
(1792, 107, 'Southern District', 'IL'),
(1793, 107, 'Tel Aviv District', 'IL'),
(1794, 108, 'Abruzzo', 'IT'),
(1795, 108, 'Agrigento', 'IT'),
(1796, 108, 'Alessandria', 'IT'),
(1797, 108, 'Ancona', 'IT'),
(1798, 108, 'Aosta Valley', 'IT'),
(1799, 108, 'Apulia', 'IT'),
(1800, 108, 'Ascoli Piceno', 'IT'),
(1801, 108, 'Asti', 'IT'),
(1802, 108, 'Avellino', 'IT'),
(1803, 108, 'Barletta-Andria-Trani', 'IT'),
(1804, 108, 'Basilicata', 'IT'),
(1805, 108, 'Belluno', 'IT'),
(1806, 108, 'Benevento', 'IT'),
(1807, 108, 'Bergamo', 'IT'),
(1808, 108, 'Biella', 'IT'),
(1809, 108, 'Brescia', 'IT'),
(1810, 108, 'Brindisi', 'IT'),
(1811, 108, 'Calabria', 'IT'),
(1812, 108, 'Caltanissetta', 'IT'),
(1813, 108, 'Campania', 'IT'),
(1814, 108, 'Campobasso', 'IT'),
(1815, 108, 'Caserta', 'IT'),
(1816, 108, 'Catanzaro', 'IT'),
(1817, 108, 'Chieti', 'IT'),
(1818, 108, 'Como', 'IT'),
(1819, 108, 'Cosenza', 'IT'),
(1820, 108, 'Cremona', 'IT'),
(1821, 108, 'Crotone', 'IT'),
(1822, 108, 'Cuneo', 'IT'),
(1823, 108, 'Emilia-Romagna', 'IT'),
(1824, 108, 'Enna', 'IT'),
(1825, 108, 'Fermo', 'IT'),
(1826, 108, 'Ferrara', 'IT'),
(1827, 108, 'Foggia', 'IT'),
(1828, 108, 'Forlì-Cesena', 'IT'),
(1829, 108, 'Friuli–Venezia Giulia', 'IT'),
(1830, 108, 'Frosinone', 'IT'),
(1831, 108, 'Gorizia', 'IT'),
(1832, 108, 'Grosseto', 'IT'),
(1833, 108, 'Imperia', 'IT'),
(1834, 108, 'Isernia', 'IT'),
(1835, 108, 'L\'Aquila', 'IT'),
(1836, 108, 'La Spezia', 'IT'),
(1837, 108, 'Latina', 'IT'),
(1838, 108, 'Lazio', 'IT'),
(1839, 108, 'Lecce', 'IT'),
(1840, 108, 'Lecco', 'IT'),
(1841, 108, 'Liguria', 'IT'),
(1842, 108, 'Livorno', 'IT'),
(1843, 108, 'Lodi', 'IT'),
(1844, 108, 'Lombardy', 'IT'),
(1845, 108, 'Lucca', 'IT'),
(1846, 108, 'Macerata', 'IT'),
(1847, 108, 'Mantua', 'IT'),
(1848, 108, 'Marche', 'IT'),
(1849, 108, 'Massa and Carrara', 'IT'),
(1850, 108, 'Matera', 'IT'),
(1851, 108, 'Modena', 'IT'),
(1852, 108, 'Molise', 'IT'),
(1853, 108, 'Monza and Brianza', 'IT'),
(1854, 108, 'Novara', 'IT'),
(1855, 108, 'Nuoro', 'IT'),
(1856, 108, 'Oristano', 'IT'),
(1857, 108, 'Padua', 'IT'),
(1858, 108, 'Palermo', 'IT'),
(1859, 108, 'Parma', 'IT'),
(1860, 108, 'Pavia', 'IT'),
(1861, 108, 'Perugia', 'IT'),
(1862, 108, 'Pesaro and Urbino', 'IT'),
(1863, 108, 'Pescara', 'IT'),
(1864, 108, 'Piacenza', 'IT'),
(1865, 108, 'Piedmont', 'IT'),
(1866, 108, 'Pisa', 'IT'),
(1867, 108, 'Pistoia', 'IT'),
(1868, 108, 'Pordenone', 'IT'),
(1869, 108, 'Potenza', 'IT'),
(1870, 108, 'Prato', 'IT'),
(1871, 108, 'Ragusa', 'IT'),
(1872, 108, 'Ravenna', 'IT'),
(1873, 108, 'Reggio Emilia', 'IT'),
(1874, 108, 'Rieti', 'IT'),
(1875, 108, 'Rimini', 'IT'),
(1876, 108, 'Rovigo', 'IT'),
(1877, 108, 'Salerno', 'IT'),
(1878, 108, 'Sardinia', 'IT'),
(1879, 108, 'Sassari', 'IT'),
(1880, 108, 'Savona', 'IT'),
(1881, 108, 'Sicily', 'IT'),
(1882, 108, 'Siena', 'IT'),
(1883, 108, 'Siracusa', 'IT'),
(1884, 108, 'Sondrio', 'IT'),
(1885, 108, 'South Sardinia', 'IT'),
(1886, 108, 'Taranto', 'IT'),
(1887, 108, 'Teramo', 'IT'),
(1888, 108, 'Terni', 'IT'),
(1889, 108, 'Trapani', 'IT'),
(1890, 108, 'Trentino-South Tyrol', 'IT'),
(1891, 108, 'Treviso', 'IT'),
(1892, 108, 'Trieste', 'IT'),
(1893, 108, 'Tuscany', 'IT'),
(1894, 108, 'Udine', 'IT'),
(1895, 108, 'Umbria', 'IT'),
(1896, 108, 'Varese', 'IT'),
(1897, 108, 'Veneto', 'IT'),
(1898, 108, 'Verbano-Cusio-Ossola', 'IT'),
(1899, 108, 'Vercelli', 'IT'),
(1900, 108, 'Verona', 'IT'),
(1901, 108, 'Vibo Valentia', 'IT'),
(1902, 108, 'Vicenza', 'IT'),
(1903, 108, 'Viterbo', 'IT'),
(1904, 108, 'Torino', 'IT'),
(1905, 108, 'Aosta', 'IT'),
(1906, 108, 'Genova', 'IT'),
(1907, 108, 'Milano', 'IT'),
(1908, 108, 'Bolzano', 'IT'),
(1909, 108, 'Trento', 'IT'),
(1910, 108, 'Venezia', 'IT'),
(1911, 108, 'Bologna', 'IT'),
(1912, 108, 'Firenze', 'IT'),
(1913, 108, 'Arezzo', 'IT'),
(1914, 108, 'Roma', 'IT'),
(1915, 108, 'Napoli', 'IT'),
(1916, 108, 'Bari', 'IT'),
(1917, 108, 'Reggio Calabria', 'IT'),
(1918, 108, 'Messina', 'IT'),
(1919, 108, 'Catania', 'IT'),
(1920, 108, 'Cagliari', 'IT'),
(1921, 109, 'Clarendon Parish', 'JM'),
(1922, 109, 'Hanover Parish', 'JM'),
(1923, 109, 'Kingston Parish', 'JM'),
(1924, 109, 'Manchester Parish', 'JM'),
(1925, 109, 'Portland Parish', 'JM'),
(1926, 109, 'Saint Andrew', 'JM'),
(1927, 109, 'Saint Ann Parish', 'JM'),
(1928, 109, 'Saint Catherine Parish', 'JM'),
(1929, 109, 'Saint Elizabeth Parish', 'JM'),
(1930, 109, 'Saint James Parish', 'JM'),
(1931, 109, 'Saint Mary Parish', 'JM'),
(1932, 109, 'Saint Thomas Parish', 'JM'),
(1933, 109, 'Trelawny Parish', 'JM'),
(1934, 109, 'Westmoreland Parish', 'JM'),
(1935, 110, 'Aichi Prefecture', 'JP'),
(1936, 110, 'Akita Prefecture', 'JP'),
(1937, 110, 'Aomori Prefecture', 'JP'),
(1938, 110, 'Chiba Prefecture', 'JP'),
(1939, 110, 'Ehime Prefecture', 'JP'),
(1940, 110, 'Fukui Prefecture', 'JP'),
(1941, 110, 'Fukuoka Prefecture', 'JP'),
(1942, 110, 'Fukushima Prefecture', 'JP'),
(1943, 110, 'Gifu Prefecture', 'JP'),
(1944, 110, 'Gunma Prefecture', 'JP'),
(1945, 110, 'Hiroshima Prefecture', 'JP'),
(1946, 110, 'Hokkaidō Prefecture', 'JP'),
(1947, 110, 'Hyōgo Prefecture', 'JP'),
(1948, 110, 'Ibaraki Prefecture', 'JP'),
(1949, 110, 'Ishikawa Prefecture', 'JP'),
(1950, 110, 'Iwate Prefecture', 'JP'),
(1951, 110, 'Kagawa Prefecture', 'JP'),
(1952, 110, 'Kagoshima Prefecture', 'JP'),
(1953, 110, 'Kanagawa Prefecture', 'JP'),
(1954, 110, 'Kōchi Prefecture', 'JP'),
(1955, 110, 'Kumamoto Prefecture', 'JP'),
(1956, 110, 'Kyōto Prefecture', 'JP'),
(1957, 110, 'Mie Prefecture', 'JP'),
(1958, 110, 'Miyagi Prefecture', 'JP'),
(1959, 110, 'Miyazaki Prefecture', 'JP'),
(1960, 110, 'Nagano Prefecture', 'JP'),
(1961, 110, 'Nagasaki Prefecture', 'JP'),
(1962, 110, 'Nara Prefecture', 'JP'),
(1963, 110, 'Niigata Prefecture', 'JP'),
(1964, 110, 'Ōita Prefecture', 'JP'),
(1965, 110, 'Okayama Prefecture', 'JP'),
(1966, 110, 'Okinawa Prefecture', 'JP'),
(1967, 110, 'Ōsaka Prefecture', 'JP'),
(1968, 110, 'Saga Prefecture', 'JP'),
(1969, 110, 'Saitama Prefecture', 'JP'),
(1970, 110, 'Shiga Prefecture', 'JP'),
(1971, 110, 'Shimane Prefecture', 'JP'),
(1972, 110, 'Shizuoka Prefecture', 'JP'),
(1973, 110, 'Tochigi Prefecture', 'JP'),
(1974, 110, 'Tokushima Prefecture', 'JP'),
(1975, 110, 'Tokyo', 'JP'),
(1976, 110, 'Tottori Prefecture', 'JP'),
(1977, 110, 'Toyama Prefecture', 'JP'),
(1978, 110, 'Wakayama Prefecture', 'JP'),
(1979, 110, 'Yamagata Prefecture', 'JP'),
(1980, 110, 'Yamaguchi Prefecture', 'JP'),
(1981, 110, 'Yamanashi Prefecture', 'JP'),
(1982, 112, 'Ajloun', 'JO'),
(1983, 112, 'Amman', 'JO'),
(1984, 112, 'Aqaba', 'JO'),
(1985, 112, 'Balqa', 'JO'),
(1986, 112, 'Irbid', 'JO'),
(1987, 112, 'Jerash', 'JO'),
(1988, 112, 'Karak', 'JO'),
(1989, 112, 'Ma\'an', 'JO'),
(1990, 112, 'Madaba', 'JO'),
(1991, 112, 'Mafraq', 'JO'),
(1992, 112, 'Tafilah', 'JO'),
(1993, 112, 'Zarqa', 'JO'),
(1994, 113, 'Akmola Region', 'KZ'),
(1995, 113, 'Aktobe Region', 'KZ'),
(1996, 113, 'Almaty', 'KZ'),
(1997, 113, 'Almaty Region', 'KZ'),
(1998, 113, 'Atyrau Region', 'KZ'),
(1999, 113, 'Baikonur', 'KZ'),
(2000, 113, 'East Kazakhstan Region', 'KZ'),
(2001, 113, 'Jambyl Region', 'KZ'),
(2002, 113, 'Karaganda Region', 'KZ'),
(2003, 113, 'Kostanay Region', 'KZ'),
(2004, 113, 'Kyzylorda Region', 'KZ'),
(2005, 113, 'Mangystau Region', 'KZ'),
(2006, 113, 'North Kazakhstan Region', 'KZ'),
(2007, 113, 'Nur-Sultan', 'KZ'),
(2008, 113, 'Pavlodar Region', 'KZ'),
(2009, 113, 'Turkestan Region', 'KZ'),
(2010, 113, 'West Kazakhstan Province', 'KZ'),
(2011, 114, 'Baringo', 'KE'),
(2012, 114, 'Bomet', 'KE'),
(2013, 114, 'Bungoma', 'KE'),
(2014, 114, 'Busia', 'KE'),
(2015, 114, 'Elgeyo-Marakwet', 'KE'),
(2016, 114, 'Embu', 'KE'),
(2017, 114, 'Garissa', 'KE'),
(2018, 114, 'Homa Bay', 'KE'),
(2019, 114, 'Isiolo', 'KE'),
(2020, 114, 'Kajiado', 'KE'),
(2021, 114, 'Kakamega', 'KE'),
(2022, 114, 'Kericho', 'KE'),
(2023, 114, 'Kiambu', 'KE'),
(2024, 114, 'Kilifi', 'KE'),
(2025, 114, 'Kirinyaga', 'KE'),
(2026, 114, 'Kisii', 'KE'),
(2027, 114, 'Kisumu', 'KE'),
(2028, 114, 'Kitui', 'KE'),
(2029, 114, 'Kwale', 'KE'),
(2030, 114, 'Laikipia', 'KE'),
(2031, 114, 'Lamu', 'KE'),
(2032, 114, 'Machakos', 'KE'),
(2033, 114, 'Makueni', 'KE'),
(2034, 114, 'Mandera', 'KE'),
(2035, 114, 'Marsabit', 'KE'),
(2036, 114, 'Meru', 'KE'),
(2037, 114, 'Migori', 'KE'),
(2038, 114, 'Mombasa', 'KE'),
(2039, 114, 'Murang\'a', 'KE'),
(2040, 114, 'Nairobi City', 'KE'),
(2041, 114, 'Nakuru', 'KE'),
(2042, 114, 'Nandi', 'KE'),
(2043, 114, 'Narok', 'KE'),
(2044, 114, 'Nyamira', 'KE'),
(2045, 114, 'Nyandarua', 'KE'),
(2046, 114, 'Nyeri', 'KE'),
(2047, 114, 'Samburu', 'KE'),
(2048, 114, 'Siaya', 'KE'),
(2049, 114, 'Taita–Taveta', 'KE'),
(2050, 114, 'Tana River', 'KE'),
(2051, 114, 'Tharaka-Nithi', 'KE'),
(2052, 114, 'Trans Nzoia', 'KE'),
(2053, 114, 'Turkana', 'KE'),
(2054, 114, 'Uasin Gishu', 'KE'),
(2055, 114, 'Vihiga', 'KE'),
(2056, 114, 'Wajir', 'KE'),
(2057, 114, 'West Pokot', 'KE'),
(2058, 115, 'Gilbert Islands', 'KI'),
(2059, 115, 'Line Islands', 'KI'),
(2060, 115, 'Phoenix Islands', 'KI'),
(2061, 116, 'Đakovica District (Gjakove)', 'XK'),
(2062, 116, 'Gjilan District', 'XK'),
(2063, 116, 'Kosovska Mitrovica District', 'XK'),
(2064, 116, 'Peć District', 'XK'),
(2065, 116, 'Pristina (Priştine)', 'XK'),
(2066, 116, 'Prizren District', 'XK'),
(2067, 116, 'Uroševac District (Ferizaj)', 'XK'),
(2068, 117, 'Al Ahmadi', 'KW'),
(2069, 117, 'Al Farwaniyah', 'KW'),
(2070, 117, 'Al Jahra', 'KW'),
(2071, 117, 'Capital', 'KW'),
(2072, 117, 'Hawalli', 'KW'),
(2073, 117, 'Mubarak Al-Kabeer', 'KW'),
(2074, 118, 'Batken Region', 'KG'),
(2075, 118, 'Bishkek', 'KG'),
(2076, 118, 'Chuy Region', 'KG'),
(2077, 118, 'Issyk-Kul Region', 'KG'),
(2078, 118, 'Jalal-Abad Region', 'KG'),
(2079, 118, 'Naryn Region', 'KG'),
(2080, 118, 'Osh', 'KG'),
(2081, 118, 'Osh Region', 'KG'),
(2082, 118, 'Talas Region', 'KG'),
(2083, 119, 'Attapeu Province', 'LA'),
(2084, 119, 'Bokeo Province', 'LA'),
(2085, 119, 'Bolikhamsai Province', 'LA'),
(2086, 119, 'Champasak Province', 'LA'),
(2087, 119, 'Houaphanh Province', 'LA'),
(2088, 119, 'Khammouane Province', 'LA'),
(2089, 119, 'Luang Namtha Province', 'LA'),
(2090, 119, 'Luang Prabang Province', 'LA'),
(2091, 119, 'Oudomxay Province', 'LA'),
(2092, 119, 'Phongsaly Province', 'LA'),
(2093, 119, 'Sainyabuli Province', 'LA'),
(2094, 119, 'Salavan Province', 'LA'),
(2095, 119, 'Savannakhet Province', 'LA'),
(2096, 119, 'Sekong Province', 'LA'),
(2097, 119, 'Vientiane Prefecture', 'LA'),
(2098, 119, 'Vientiane Province', 'LA'),
(2099, 119, 'Xaisomboun', 'LA'),
(2100, 119, 'Xaisomboun Province', 'LA'),
(2101, 119, 'Xiangkhouang Province', 'LA'),
(2102, 120, 'Aglona Municipality', 'LV'),
(2103, 120, 'Aizkraukle Municipality', 'LV'),
(2104, 120, 'Aizpute Municipality', 'LV'),
(2105, 120, 'Aknīste Municipality', 'LV'),
(2106, 120, 'Aloja Municipality', 'LV'),
(2107, 120, 'Alsunga Municipality', 'LV'),
(2108, 120, 'Alūksne Municipality', 'LV'),
(2109, 120, 'Amata Municipality', 'LV'),
(2110, 120, 'Ape Municipality', 'LV'),
(2111, 120, 'Auce Municipality', 'LV'),
(2112, 120, 'Babīte Municipality', 'LV'),
(2113, 120, 'Baldone Municipality', 'LV'),
(2114, 120, 'Baltinava Municipality', 'LV'),
(2115, 120, 'Balvi Municipality', 'LV'),
(2116, 120, 'Bauska Municipality', 'LV'),
(2117, 120, 'Beverīna Municipality', 'LV'),
(2118, 120, 'Brocēni Municipality', 'LV'),
(2119, 120, 'Burtnieki Municipality', 'LV'),
(2120, 120, 'Carnikava Municipality', 'LV'),
(2121, 120, 'Cēsis Municipality', 'LV'),
(2122, 120, 'Cesvaine Municipality', 'LV'),
(2123, 120, 'Cibla Municipality', 'LV'),
(2124, 120, 'Dagda Municipality', 'LV'),
(2125, 120, 'Daugavpils', 'LV'),
(2126, 120, 'Daugavpils Municipality', 'LV'),
(2127, 120, 'Dobele Municipality', 'LV'),
(2128, 120, 'Dundaga Municipality', 'LV'),
(2129, 120, 'Durbe Municipality', 'LV'),
(2130, 120, 'Engure Municipality', 'LV'),
(2131, 120, 'Ērgļi Municipality', 'LV'),
(2132, 120, 'Garkalne Municipality', 'LV'),
(2133, 120, 'Grobiņa Municipality', 'LV'),
(2134, 120, 'Gulbene Municipality', 'LV'),
(2135, 120, 'Iecava Municipality', 'LV'),
(2136, 120, 'Ikšķile Municipality', 'LV'),
(2137, 120, 'Ilūkste Municipality', 'LV'),
(2138, 120, 'Inčukalns Municipality', 'LV'),
(2139, 120, 'Jaunjelgava Municipality', 'LV'),
(2140, 120, 'Jaunpiebalga Municipality', 'LV'),
(2141, 120, 'Jaunpils Municipality', 'LV'),
(2142, 120, 'Jēkabpils', 'LV'),
(2143, 120, 'Jēkabpils Municipality', 'LV'),
(2144, 120, 'Jelgava', 'LV'),
(2145, 120, 'Jelgava Municipality', 'LV'),
(2146, 120, 'Jūrmala', 'LV'),
(2147, 120, 'Kandava Municipality', 'LV'),
(2148, 120, 'Kārsava Municipality', 'LV'),
(2149, 120, 'Ķegums Municipality', 'LV'),
(2150, 120, 'Ķekava Municipality', 'LV'),
(2151, 120, 'Kocēni Municipality', 'LV'),
(2152, 120, 'Koknese Municipality', 'LV'),
(2153, 120, 'Krāslava Municipality', 'LV'),
(2154, 120, 'Krimulda Municipality', 'LV'),
(2155, 120, 'Krustpils Municipality', 'LV'),
(2156, 120, 'Kuldīga Municipality', 'LV'),
(2157, 120, 'Lielvārde Municipality', 'LV'),
(2158, 120, 'Liepāja', 'LV'),
(2159, 120, 'Līgatne Municipality', 'LV'),
(2160, 120, 'Limbaži Municipality', 'LV'),
(2161, 120, 'Līvāni Municipality', 'LV'),
(2162, 120, 'Lubāna Municipality', 'LV'),
(2163, 120, 'Ludza Municipality', 'LV'),
(2164, 120, 'Madona Municipality', 'LV'),
(2165, 120, 'Mālpils Municipality', 'LV'),
(2166, 120, 'Mārupe Municipality', 'LV'),
(2167, 120, 'Mazsalaca Municipality', 'LV'),
(2168, 120, 'Mērsrags Municipality', 'LV'),
(2169, 120, 'Naukšēni Municipality', 'LV'),
(2170, 120, 'Nereta Municipality', 'LV'),
(2171, 120, 'Nīca Municipality', 'LV'),
(2172, 120, 'Ogre Municipality', 'LV'),
(2173, 120, 'Olaine Municipality', 'LV'),
(2174, 120, 'Ozolnieki Municipality', 'LV'),
(2175, 120, 'Pārgauja Municipality', 'LV'),
(2176, 120, 'Pāvilosta Municipality', 'LV'),
(2177, 120, 'Pļaviņas Municipality', 'LV'),
(2178, 120, 'Preiļi Municipality', 'LV'),
(2179, 120, 'Priekule Municipality', 'LV'),
(2180, 120, 'Priekuļi Municipality', 'LV'),
(2181, 120, 'Rauna Municipality', 'LV'),
(2182, 120, 'Rēzekne', 'LV'),
(2183, 120, 'Rēzekne Municipality', 'LV'),
(2184, 120, 'Riebiņi Municipality', 'LV'),
(2185, 120, 'Riga', 'LV'),
(2186, 120, 'Roja Municipality', 'LV'),
(2187, 120, 'Ropaži Municipality', 'LV'),
(2188, 120, 'Rucava Municipality', 'LV'),
(2189, 120, 'Rugāji Municipality', 'LV'),
(2190, 120, 'Rūjiena Municipality', 'LV'),
(2191, 120, 'Rundāle Municipality', 'LV'),
(2192, 120, 'Sala Municipality', 'LV'),
(2193, 120, 'Salacgrīva Municipality', 'LV'),
(2194, 120, 'Salaspils Municipality', 'LV'),
(2195, 120, 'Saldus Municipality', 'LV'),
(2196, 120, 'Saulkrasti Municipality', 'LV'),
(2197, 120, 'Sēja Municipality', 'LV'),
(2198, 120, 'Sigulda Municipality', 'LV'),
(2199, 120, 'Skrīveri Municipality', 'LV'),
(2200, 120, 'Skrunda Municipality', 'LV'),
(2201, 120, 'Smiltene Municipality', 'LV'),
(2202, 120, 'Stopiņi Municipality', 'LV'),
(2203, 120, 'Strenči Municipality', 'LV'),
(2204, 120, 'Talsi Municipality', 'LV'),
(2205, 120, 'Tērvete Municipality', 'LV'),
(2206, 120, 'Tukums Municipality', 'LV'),
(2207, 120, 'Vaiņode Municipality', 'LV'),
(2208, 120, 'Valka Municipality', 'LV'),
(2209, 120, 'Valmiera', 'LV'),
(2210, 120, 'Varakļāni Municipality', 'LV'),
(2211, 120, 'Vārkava Municipality', 'LV'),
(2212, 120, 'Vecpiebalga Municipality', 'LV'),
(2213, 120, 'Vecumnieki Municipality', 'LV'),
(2214, 120, 'Ventspils', 'LV'),
(2215, 120, 'Ventspils Municipality', 'LV'),
(2216, 120, 'Viesīte Municipality', 'LV'),
(2217, 120, 'Viļaka Municipality', 'LV'),
(2218, 120, 'Viļāni Municipality', 'LV'),
(2219, 120, 'Zilupe Municipality', 'LV'),
(2220, 121, 'Akkar', 'LB'),
(2221, 121, 'Baalbek-Hermel', 'LB'),
(2222, 121, 'Beirut', 'LB'),
(2223, 121, 'Beqaa', 'LB'),
(2224, 121, 'Mount Lebanon', 'LB'),
(2225, 121, 'Nabatieh', 'LB'),
(2226, 121, 'North', 'LB'),
(2227, 121, 'South', 'LB'),
(2228, 122, 'Berea District', 'LS'),
(2229, 122, 'Butha-Buthe District', 'LS'),
(2230, 122, 'Leribe District', 'LS'),
(2231, 122, 'Mafeteng District', 'LS'),
(2232, 122, 'Maseru District', 'LS'),
(2233, 122, 'Mohale\'s Hoek District', 'LS'),
(2234, 122, 'Mokhotlong District', 'LS'),
(2235, 122, 'Qacha\'s Nek District', 'LS'),
(2236, 122, 'Quthing District', 'LS'),
(2237, 122, 'Thaba-Tseka District', 'LS'),
(2238, 123, 'Bomi County', 'LR'),
(2239, 123, 'Bong County', 'LR'),
(2240, 123, 'Gbarpolu County', 'LR'),
(2241, 123, 'Grand Bassa County', 'LR'),
(2242, 123, 'Grand Cape Mount County', 'LR'),
(2243, 123, 'Grand Gedeh County', 'LR'),
(2244, 123, 'Grand Kru County', 'LR'),
(2245, 123, 'Lofa County', 'LR'),
(2246, 123, 'Margibi County', 'LR'),
(2247, 123, 'Maryland County', 'LR'),
(2248, 123, 'Montserrado County', 'LR'),
(2249, 123, 'Nimba', 'LR'),
(2250, 123, 'River Cess County', 'LR'),
(2251, 123, 'River Gee County', 'LR'),
(2252, 123, 'Sinoe County', 'LR'),
(2253, 124, 'Al Wahat District', 'LY'),
(2254, 124, 'Benghazi', 'LY'),
(2255, 124, 'Derna District', 'LY'),
(2256, 124, 'Ghat District', 'LY'),
(2257, 124, 'Jabal al Akhdar', 'LY'),
(2258, 124, 'Jabal al Gharbi District', 'LY'),
(2259, 124, 'Jafara', 'LY'),
(2260, 124, 'Jufra', 'LY'),
(2261, 124, 'Kufra District', 'LY'),
(2262, 124, 'Marj District', 'LY'),
(2263, 124, 'Misrata District', 'LY'),
(2264, 124, 'Murqub', 'LY'),
(2265, 124, 'Murzuq District', 'LY'),
(2266, 124, 'Nalut District', 'LY'),
(2267, 124, 'Nuqat al Khams', 'LY'),
(2268, 124, 'Sabha District', 'LY'),
(2269, 124, 'Sirte District', 'LY'),
(2270, 124, 'Tripoli District', 'LY'),
(2271, 124, 'Wadi al Hayaa District', 'LY'),
(2272, 124, 'Wadi al Shatii District', 'LY'),
(2273, 124, 'Zawiya District', 'LY'),
(2274, 125, 'Balzers', 'LI'),
(2275, 125, 'Eschen', 'LI'),
(2276, 125, 'Gamprin', 'LI'),
(2277, 125, 'Mauren', 'LI'),
(2278, 125, 'Planken', 'LI'),
(2279, 125, 'Ruggell', 'LI'),
(2280, 125, 'Schaan', 'LI'),
(2281, 125, 'Schellenberg', 'LI'),
(2282, 125, 'Triesen', 'LI'),
(2283, 125, 'Triesenberg', 'LI'),
(2284, 125, 'Vaduz', 'LI'),
(2285, 126, 'Akmenė District Municipality', 'LT'),
(2286, 126, 'Alytus City Municipality', 'LT'),
(2287, 126, 'Alytus County', 'LT'),
(2288, 126, 'Alytus District Municipality', 'LT'),
(2289, 126, 'Birštonas Municipality', 'LT'),
(2290, 126, 'Biržai District Municipality', 'LT'),
(2291, 126, 'Druskininkai municipality', 'LT'),
(2292, 126, 'Elektrėnai municipality', 'LT'),
(2293, 126, 'Ignalina District Municipality', 'LT'),
(2294, 126, 'Jonava District Municipality', 'LT'),
(2295, 126, 'Joniškis District Municipality', 'LT'),
(2296, 126, 'Jurbarkas District Municipality', 'LT'),
(2297, 126, 'Kaišiadorys District Municipality', 'LT'),
(2298, 126, 'Kalvarija municipality', 'LT'),
(2299, 126, 'Kaunas City Municipality', 'LT'),
(2300, 126, 'Kaunas County', 'LT'),
(2301, 126, 'Kaunas District Municipality', 'LT'),
(2302, 126, 'Kazlų Rūda municipality', 'LT'),
(2303, 126, 'Kėdainiai District Municipality', 'LT'),
(2304, 126, 'Kelmė District Municipality', 'LT'),
(2305, 126, 'Klaipeda City Municipality', 'LT'),
(2306, 126, 'Klaipėda County', 'LT'),
(2307, 126, 'Klaipėda District Municipality', 'LT'),
(2308, 126, 'Kretinga District Municipality', 'LT'),
(2309, 126, 'Kupiškis District Municipality', 'LT'),
(2310, 126, 'Lazdijai District Municipality', 'LT'),
(2311, 126, 'Marijampolė County', 'LT'),
(2312, 126, 'Marijampolė Municipality', 'LT'),
(2313, 126, 'Mažeikiai District Municipality', 'LT'),
(2314, 126, 'Molėtai District Municipality', 'LT'),
(2315, 126, 'Neringa Municipality', 'LT'),
(2316, 126, 'Pagėgiai municipality', 'LT'),
(2317, 126, 'Pakruojis District Municipality', 'LT'),
(2318, 126, 'Palanga City Municipality', 'LT'),
(2319, 126, 'Panevėžys City Municipality', 'LT'),
(2320, 126, 'Panevėžys County', 'LT'),
(2321, 126, 'Panevėžys District Municipality', 'LT'),
(2322, 126, 'Pasvalys District Municipality', 'LT'),
(2323, 126, 'Plungė District Municipality', 'LT'),
(2324, 126, 'Prienai District Municipality', 'LT'),
(2325, 126, 'Radviliškis District Municipality', 'LT'),
(2326, 126, 'Raseiniai District Municipality', 'LT'),
(2327, 126, 'Rietavas municipality', 'LT'),
(2328, 126, 'Rokiškis District Municipality', 'LT'),
(2329, 126, 'Šakiai District Municipality', 'LT'),
(2330, 126, 'Šalčininkai District Municipality', 'LT'),
(2331, 126, 'Šiauliai City Municipality', 'LT'),
(2332, 126, 'Šiauliai County', 'LT'),
(2333, 126, 'Šiauliai District Municipality', 'LT'),
(2334, 126, 'Šilalė District Municipality', 'LT'),
(2335, 126, 'Šilutė District Municipality', 'LT'),
(2336, 126, 'Širvintos District Municipality', 'LT'),
(2337, 126, 'Skuodas District Municipality', 'LT'),
(2338, 126, 'Švenčionys District Municipality', 'LT'),
(2339, 126, 'Tauragė County', 'LT'),
(2340, 126, 'Tauragė District Municipality', 'LT'),
(2341, 126, 'Telšiai County', 'LT'),
(2342, 126, 'Telšiai District Municipality', 'LT'),
(2343, 126, 'Trakai District Municipality', 'LT'),
(2344, 126, 'Ukmergė District Municipality', 'LT'),
(2345, 126, 'Utena County', 'LT'),
(2346, 126, 'Utena District Municipality', 'LT'),
(2347, 126, 'Varėna District Municipality', 'LT'),
(2348, 126, 'Vilkaviškis District Municipality', 'LT'),
(2349, 126, 'Vilnius City Municipality', 'LT'),
(2350, 126, 'Vilnius County', 'LT'),
(2351, 126, 'Vilnius District Municipality', 'LT'),
(2352, 126, 'Visaginas Municipality', 'LT'),
(2353, 126, 'Zarasai District Municipality', 'LT'),
(2354, 127, 'Canton of Capellen', 'LU'),
(2355, 127, 'Canton of Clervaux', 'LU'),
(2356, 127, 'Canton of Diekirch', 'LU'),
(2357, 127, 'Canton of Echternach', 'LU'),
(2358, 127, 'Canton of Esch-sur-Alzette', 'LU'),
(2359, 127, 'Canton of Grevenmacher', 'LU'),
(2360, 127, 'Canton of Luxembourg', 'LU'),
(2361, 127, 'Canton of Mersch', 'LU'),
(2362, 127, 'Canton of Redange', 'LU'),
(2363, 127, 'Canton of Remich', 'LU'),
(2364, 127, 'Canton of Vianden', 'LU'),
(2365, 127, 'Canton of Wiltz', 'LU'),
(2366, 127, 'Diekirch District', 'LU'),
(2367, 127, 'Grevenmacher District', 'LU'),
(2368, 127, 'Luxembourg District', 'LU'),
(2369, 129, 'Aerodrom Municipality', 'MK'),
(2370, 129, 'Aračinovo Municipality', 'MK'),
(2371, 129, 'Berovo Municipality', 'MK'),
(2372, 129, 'Bitola Municipality', 'MK'),
(2373, 129, 'Bogdanci Municipality', 'MK'),
(2374, 129, 'Bogovinje Municipality', 'MK'),
(2375, 129, 'Bosilovo Municipality', 'MK'),
(2376, 129, 'Brvenica Municipality', 'MK'),
(2377, 129, 'Butel Municipality', 'MK'),
(2378, 129, 'Čair Municipality', 'MK'),
(2379, 129, 'Čaška Municipality', 'MK'),
(2380, 129, 'Centar Municipality', 'MK'),
(2381, 129, 'Centar Župa Municipality', 'MK'),
(2382, 129, 'Češinovo-Obleševo Municipality', 'MK'),
(2383, 129, 'Čučer-Sandevo Municipality', 'MK'),
(2384, 129, 'Debarca Municipality', 'MK'),
(2385, 129, 'Delčevo Municipality', 'MK'),
(2386, 129, 'Demir Hisar Municipality', 'MK'),
(2387, 129, 'Demir Kapija Municipality', 'MK'),
(2388, 129, 'Dojran Municipality', 'MK'),
(2389, 129, 'Dolneni Municipality', 'MK'),
(2390, 129, 'Drugovo Municipality', 'MK'),
(2391, 129, 'Gazi Baba Municipality', 'MK'),
(2392, 129, 'Gevgelija Municipality', 'MK'),
(2393, 129, 'Gjorče Petrov Municipality', 'MK'),
(2394, 129, 'Gostivar Municipality', 'MK'),
(2395, 129, 'Gradsko Municipality', 'MK'),
(2396, 129, 'Greater Skopje', 'MK'),
(2397, 129, 'Ilinden Municipality', 'MK'),
(2398, 129, 'Jegunovce Municipality', 'MK'),
(2399, 129, 'Karbinci', 'MK'),
(2400, 129, 'Karpoš Municipality', 'MK'),
(2401, 129, 'Kavadarci Municipality', 'MK'),
(2402, 129, 'Kičevo Municipality', 'MK'),
(2403, 129, 'Kisela Voda Municipality', 'MK'),
(2404, 129, 'Kočani Municipality', 'MK'),
(2405, 129, 'Konče Municipality', 'MK'),
(2406, 129, 'Kratovo Municipality', 'MK'),
(2407, 129, 'Kriva Palanka Municipality', 'MK'),
(2408, 129, 'Krivogaštani Municipality', 'MK'),
(2409, 129, 'Kruševo Municipality', 'MK'),
(2410, 129, 'Kumanovo Municipality', 'MK'),
(2411, 129, 'Lipkovo Municipality', 'MK'),
(2412, 129, 'Lozovo Municipality', 'MK'),
(2413, 129, 'Makedonska Kamenica Municipality', 'MK'),
(2414, 129, 'Makedonski Brod Municipality', 'MK'),
(2415, 129, 'Mavrovo and Rostuša Municipality', 'MK'),
(2416, 129, 'Mogila Municipality', 'MK'),
(2417, 129, 'Negotino Municipality', 'MK'),
(2418, 129, 'Novaci Municipality', 'MK'),
(2419, 129, 'Novo Selo Municipality', 'MK'),
(2420, 129, 'Ohrid Municipality', 'MK'),
(2421, 129, 'Oslomej Municipality', 'MK'),
(2422, 129, 'Pehčevo Municipality', 'MK'),
(2423, 129, 'Petrovec Municipality', 'MK'),
(2424, 129, 'Plasnica Municipality', 'MK'),
(2425, 129, 'Prilep Municipality', 'MK'),
(2426, 129, 'Probištip Municipality', 'MK'),
(2427, 129, 'Radoviš Municipality', 'MK'),
(2428, 129, 'Rankovce Municipality', 'MK'),
(2429, 129, 'Resen Municipality', 'MK'),
(2430, 129, 'Rosoman Municipality', 'MK'),
(2431, 129, 'Saraj Municipality', 'MK'),
(2432, 129, 'Sopište Municipality', 'MK'),
(2433, 129, 'Staro Nagoričane Municipality', 'MK'),
(2434, 129, 'Štip Municipality', 'MK'),
(2435, 129, 'Struga Municipality', 'MK'),
(2436, 129, 'Strumica Municipality', 'MK'),
(2437, 129, 'Studeničani Municipality', 'MK'),
(2438, 129, 'Šuto Orizari Municipality', 'MK'),
(2439, 129, 'Sveti Nikole Municipality', 'MK'),
(2440, 129, 'Tearce Municipality', 'MK'),
(2441, 129, 'Tetovo Municipality', 'MK'),
(2442, 129, 'Valandovo Municipality', 'MK'),
(2443, 129, 'Vasilevo Municipality', 'MK'),
(2444, 129, 'Veles Municipality', 'MK'),
(2445, 129, 'Vevčani Municipality', 'MK'),
(2446, 129, 'Vinica Municipality', 'MK'),
(2447, 129, 'Vraneštica Municipality', 'MK'),
(2448, 129, 'Vrapčište Municipality', 'MK'),
(2449, 129, 'Zajas Municipality', 'MK'),
(2450, 129, 'Zelenikovo Municipality', 'MK'),
(2451, 129, 'Želino Municipality', 'MK'),
(2452, 129, 'Zrnovci Municipality', 'MK'),
(2453, 130, 'Antananarivo Province', 'MG'),
(2454, 130, 'Antsiranana Province', 'MG'),
(2455, 130, 'Fianarantsoa Province', 'MG'),
(2456, 130, 'Mahajanga Province', 'MG'),
(2457, 130, 'Toamasina Province', 'MG'),
(2458, 130, 'Toliara Province', 'MG'),
(2459, 131, 'Balaka District', 'MW'),
(2460, 131, 'Blantyre District', 'MW'),
(2461, 131, 'Central Region', 'MW'),
(2462, 131, 'Chikwawa District', 'MW'),
(2463, 131, 'Chiradzulu District', 'MW'),
(2464, 131, 'Chitipa district', 'MW'),
(2465, 131, 'Dedza District', 'MW'),
(2466, 131, 'Dowa District', 'MW'),
(2467, 131, 'Karonga District', 'MW'),
(2468, 131, 'Kasungu District', 'MW'),
(2469, 131, 'Likoma District', 'MW'),
(2470, 131, 'Lilongwe District', 'MW'),
(2471, 131, 'Machinga District', 'MW'),
(2472, 131, 'Mangochi District', 'MW'),
(2473, 131, 'Mchinji District', 'MW'),
(2474, 131, 'Mulanje District', 'MW'),
(2475, 131, 'Mwanza District', 'MW'),
(2476, 131, 'Mzimba District', 'MW'),
(2477, 131, 'Nkhata Bay District', 'MW'),
(2478, 131, 'Nkhotakota District', 'MW'),
(2479, 131, 'Northern Region', 'MW'),
(2480, 131, 'Nsanje District', 'MW'),
(2481, 131, 'Ntcheu District', 'MW'),
(2482, 131, 'Ntchisi District', 'MW'),
(2483, 131, 'Phalombe District', 'MW'),
(2484, 131, 'Rumphi District', 'MW'),
(2485, 131, 'Salima District', 'MW'),
(2486, 131, 'Southern Region', 'MW'),
(2487, 131, 'Thyolo District', 'MW'),
(2488, 131, 'Zomba District', 'MW'),
(2489, 132, 'Johor', 'MY'),
(2490, 132, 'Kedah', 'MY'),
(2491, 132, 'Kelantan', 'MY'),
(2492, 132, 'Kuala Lumpur', 'MY'),
(2493, 132, 'Labuan', 'MY'),
(2494, 132, 'Malacca', 'MY'),
(2495, 132, 'Negeri Sembilan', 'MY'),
(2496, 132, 'Pahang', 'MY'),
(2497, 132, 'Penang', 'MY'),
(2498, 132, 'Perak', 'MY'),
(2499, 132, 'Perlis', 'MY'),
(2500, 132, 'Putrajaya', 'MY'),
(2501, 132, 'Sabah', 'MY'),
(2502, 132, 'Sarawak', 'MY'),
(2503, 132, 'Selangor', 'MY'),
(2504, 132, 'Terengganu', 'MY'),
(2505, 133, 'Addu Atoll', 'MV'),
(2506, 133, 'Alif Alif Atoll', 'MV'),
(2507, 133, 'Alif Dhaal Atoll', 'MV'),
(2508, 133, 'Central Province', 'MV'),
(2509, 133, 'Dhaalu Atoll', 'MV'),
(2510, 133, 'Faafu Atoll', 'MV'),
(2511, 133, 'Gaafu Alif Atoll', 'MV'),
(2512, 133, 'Gaafu Dhaalu Atoll', 'MV'),
(2513, 133, 'Gnaviyani Atoll', 'MV'),
(2514, 133, 'Haa Alif Atoll', 'MV'),
(2515, 133, 'Haa Dhaalu Atoll', 'MV'),
(2516, 133, 'Kaafu Atoll', 'MV'),
(2517, 133, 'Laamu Atoll', 'MV'),
(2518, 133, 'Lhaviyani Atoll', 'MV'),
(2519, 133, 'Malé', 'MV'),
(2520, 133, 'Meemu Atoll', 'MV'),
(2521, 133, 'Noonu Atoll', 'MV'),
(2522, 133, 'North Central Province', 'MV'),
(2523, 133, 'North Province', 'MV'),
(2524, 133, 'Raa Atoll', 'MV'),
(2525, 133, 'Shaviyani Atoll', 'MV'),
(2526, 133, 'South Central Province', 'MV'),
(2527, 133, 'South Province', 'MV'),
(2528, 133, 'Thaa Atoll', 'MV'),
(2529, 133, 'Upper South Province', 'MV'),
(2530, 133, 'Vaavu Atoll', 'MV'),
(2531, 134, 'Bamako', 'ML'),
(2532, 134, 'Gao Region', 'ML'),
(2533, 134, 'Kayes Region', 'ML'),
(2534, 134, 'Kidal Region', 'ML'),
(2535, 134, 'Koulikoro Region', 'ML'),
(2536, 134, 'Ménaka Region', 'ML'),
(2537, 134, 'Mopti Region', 'ML'),
(2538, 134, 'Ségou Region', 'ML'),
(2539, 134, 'Sikasso Region', 'ML'),
(2540, 134, 'Taoudénit Region', 'ML'),
(2541, 134, 'Tombouctou Region', 'ML'),
(2542, 135, 'Attard', 'MT'),
(2543, 135, 'Balzan', 'MT'),
(2544, 135, 'Birgu', 'MT'),
(2545, 135, 'Birkirkara', 'MT'),
(2546, 135, 'Birżebbuġa', 'MT'),
(2547, 135, 'Cospicua', 'MT'),
(2548, 135, 'Dingli', 'MT'),
(2549, 135, 'Fgura', 'MT'),
(2550, 135, 'Floriana', 'MT'),
(2551, 135, 'Fontana', 'MT'),
(2552, 135, 'Għajnsielem', 'MT'),
(2553, 135, 'Għarb', 'MT'),
(2554, 135, 'Għargħur', 'MT'),
(2555, 135, 'Għasri', 'MT'),
(2556, 135, 'Għaxaq', 'MT'),
(2557, 135, 'Gudja', 'MT'),
(2558, 135, 'Gżira', 'MT'),
(2559, 135, 'Ħamrun', 'MT'),
(2560, 135, 'Iklin', 'MT'),
(2561, 135, 'Kalkara', 'MT'),
(2562, 135, 'Kerċem', 'MT'),
(2563, 135, 'Kirkop', 'MT'),
(2564, 135, 'Lija', 'MT'),
(2565, 135, 'Luqa', 'MT'),
(2566, 135, 'Marsa', 'MT'),
(2567, 135, 'Marsaskala', 'MT'),
(2568, 135, 'Marsaxlokk', 'MT'),
(2569, 135, 'Mdina', 'MT'),
(2570, 135, 'Mellieħa', 'MT'),
(2571, 135, 'Mġarr', 'MT'),
(2572, 135, 'Mosta', 'MT'),
(2573, 135, 'Mqabba', 'MT'),
(2574, 135, 'Msida', 'MT'),
(2575, 135, 'Mtarfa', 'MT'),
(2576, 135, 'Munxar', 'MT'),
(2577, 135, 'Nadur', 'MT'),
(2578, 135, 'Naxxar', 'MT'),
(2579, 135, 'Paola', 'MT'),
(2580, 135, 'Pembroke', 'MT'),
(2581, 135, 'Pietà', 'MT'),
(2582, 135, 'Qala', 'MT'),
(2583, 135, 'Qormi', 'MT'),
(2584, 135, 'Qrendi', 'MT'),
(2585, 135, 'Rabat', 'MT'),
(2586, 135, 'Saint Lawrence', 'MT'),
(2587, 135, 'San Ġwann', 'MT'),
(2588, 135, 'Sannat', 'MT'),
(2589, 135, 'Santa Luċija', 'MT'),
(2590, 135, 'Santa Venera', 'MT'),
(2591, 135, 'Senglea', 'MT'),
(2592, 135, 'Siġġiewi', 'MT'),
(2593, 135, 'Sliema', 'MT'),
(2594, 135, 'St. Julian\'s', 'MT'),
(2595, 135, 'St. Paul\'s Bay', 'MT'),
(2596, 135, 'Swieqi', 'MT'),
(2597, 135, 'Ta\' Xbiex', 'MT'),
(2598, 135, 'Tarxien', 'MT'),
(2599, 135, 'Valletta', 'MT'),
(2600, 135, 'Victoria', 'MT'),
(2601, 135, 'Xagħra', 'MT'),
(2602, 135, 'Xewkija', 'MT'),
(2603, 135, 'Xgħajra', 'MT'),
(2604, 135, 'Żabbar', 'MT'),
(2605, 135, 'Żebbuġ Gozo', 'MT'),
(2606, 135, 'Żebbuġ Malta', 'MT'),
(2607, 135, 'Żejtun', 'MT'),
(2608, 135, 'Żurrieq', 'MT'),
(2609, 137, 'Ralik Chain', 'MH'),
(2610, 137, 'Ratak Chain', 'MH'),
(2611, 139, 'Adrar', 'MR'),
(2612, 139, 'Assaba', 'MR'),
(2613, 139, 'Brakna', 'MR'),
(2614, 139, 'Dakhlet Nouadhibou', 'MR'),
(2615, 139, 'Gorgol', 'MR'),
(2616, 139, 'Guidimaka', 'MR'),
(2617, 139, 'Hodh Ech Chargui', 'MR'),
(2618, 139, 'Hodh El Gharbi', 'MR'),
(2619, 139, 'Inchiri', 'MR'),
(2620, 139, 'Nouakchott-Nord', 'MR'),
(2621, 139, 'Nouakchott-Ouest', 'MR'),
(2622, 139, 'Nouakchott-Sud', 'MR'),
(2623, 139, 'Tagant', 'MR'),
(2624, 139, 'Tiris Zemmour', 'MR'),
(2625, 139, 'Trarza', 'MR'),
(2626, 140, 'Agalega Islands', 'MU'),
(2627, 140, 'Black River', 'MU'),
(2628, 140, 'Flacq', 'MU'),
(2629, 140, 'Grand Port', 'MU'),
(2630, 140, 'Moka', 'MU'),
(2631, 140, 'Pamplemousses', 'MU'),
(2632, 140, 'Plaines Wilhems', 'MU'),
(2633, 140, 'Port Louis', 'MU'),
(2634, 140, 'Rivière du Rempart', 'MU'),
(2635, 140, 'Rodrigues Island', 'MU'),
(2636, 140, 'Saint Brandon Islands', 'MU'),
(2637, 140, 'Savanne', 'MU'),
(2638, 142, 'Aguascalientes', 'MX'),
(2639, 142, 'Baja California', 'MX'),
(2640, 142, 'Baja California Sur', 'MX'),
(2641, 142, 'Campeche', 'MX'),
(2642, 142, 'Chiapas', 'MX'),
(2643, 142, 'Chihuahua', 'MX'),
(2644, 142, 'Ciudad de México', 'MX'),
(2645, 142, 'Coahuila de Zaragoza', 'MX'),
(2646, 142, 'Colima', 'MX'),
(2647, 142, 'Durango', 'MX'),
(2648, 142, 'Estado de México', 'MX'),
(2649, 142, 'Guanajuato', 'MX'),
(2650, 142, 'Guerrero', 'MX'),
(2651, 142, 'Hidalgo', 'MX'),
(2652, 142, 'Jalisco', 'MX'),
(2653, 142, 'Michoacán de Ocampo', 'MX'),
(2654, 142, 'Morelos', 'MX'),
(2655, 142, 'Nayarit', 'MX'),
(2656, 142, 'Nuevo León', 'MX'),
(2657, 142, 'Oaxaca', 'MX'),
(2658, 142, 'Puebla', 'MX'),
(2659, 142, 'Querétaro', 'MX'),
(2660, 142, 'Quintana Roo', 'MX'),
(2661, 142, 'San Luis Potosí', 'MX'),
(2662, 142, 'Sinaloa', 'MX'),
(2663, 142, 'Sonora', 'MX'),
(2664, 142, 'Tabasco', 'MX'),
(2665, 142, 'Tamaulipas', 'MX'),
(2666, 142, 'Tlaxcala', 'MX'),
(2667, 142, 'Veracruz de Ignacio de la Llave', 'MX'),
(2668, 142, 'Yucatán', 'MX'),
(2669, 142, 'Zacatecas', 'MX'),
(2670, 143, 'Chuuk State', 'FM'),
(2671, 143, 'Kosrae State', 'FM'),
(2672, 143, 'Pohnpei State', 'FM'),
(2673, 143, 'Yap State', 'FM'),
(2674, 144, 'Anenii Noi District', 'MD'),
(2675, 144, 'Bălți Municipality', 'MD'),
(2676, 144, 'Basarabeasca District', 'MD'),
(2677, 144, 'Bender Municipality', 'MD'),
(2678, 144, 'Briceni District', 'MD'),
(2679, 144, 'Cahul District', 'MD'),
(2680, 144, 'Călărași District', 'MD'),
(2681, 144, 'Cantemir District', 'MD'),
(2682, 144, 'Căușeni District', 'MD'),
(2683, 144, 'Chișinău Municipality', 'MD'),
(2684, 144, 'Cimișlia District', 'MD'),
(2685, 144, 'Criuleni District', 'MD'),
(2686, 144, 'Dondușeni District', 'MD'),
(2687, 144, 'Drochia District', 'MD'),
(2688, 144, 'Dubăsari District', 'MD'),
(2689, 144, 'Edineț District', 'MD'),
(2690, 144, 'Fălești District', 'MD'),
(2691, 144, 'Florești District', 'MD'),
(2692, 144, 'Gagauzia', 'MD'),
(2693, 144, 'Glodeni District', 'MD'),
(2694, 144, 'Hîncești District', 'MD'),
(2695, 144, 'Ialoveni District', 'MD'),
(2696, 144, 'Nisporeni District', 'MD'),
(2697, 144, 'Ocnița District', 'MD'),
(2698, 144, 'Orhei District', 'MD'),
(2699, 144, 'Rezina District', 'MD'),
(2700, 144, 'Rîșcani District', 'MD'),
(2701, 144, 'Sîngerei District', 'MD'),
(2702, 144, 'Șoldănești District', 'MD'),
(2703, 144, 'Soroca District', 'MD'),
(2704, 144, 'Ștefan Vodă District', 'MD'),
(2705, 144, 'Strășeni District', 'MD'),
(2706, 144, 'Taraclia District', 'MD'),
(2707, 144, 'Telenești District', 'MD'),
(2708, 144, 'Transnistria autonomous territorial unit', 'MD'),
(2709, 144, 'Ungheni District', 'MD'),
(2710, 145, 'La Colle', 'MC'),
(2711, 145, 'La Condamine', 'MC'),
(2712, 145, 'Moneghetti', 'MC'),
(2713, 146, 'Arkhangai Province', 'MN'),
(2714, 146, 'Bayan-Ölgii Province', 'MN'),
(2715, 146, 'Bayankhongor Province', 'MN'),
(2716, 146, 'Bulgan Province', 'MN'),
(2717, 146, 'Darkhan-Uul Province', 'MN'),
(2718, 146, 'Dornod Province', 'MN'),
(2719, 146, 'Dornogovi Province', 'MN'),
(2720, 146, 'Dundgovi Province', 'MN'),
(2721, 146, 'Govi-Altai Province', 'MN'),
(2722, 146, 'Govisümber Province', 'MN'),
(2723, 146, 'Khentii Province', 'MN'),
(2724, 146, 'Khovd Province', 'MN'),
(2725, 146, 'Khövsgöl Province', 'MN'),
(2726, 146, 'Ömnögovi Province', 'MN'),
(2727, 146, 'Orkhon Province', 'MN'),
(2728, 146, 'Övörkhangai Province', 'MN'),
(2729, 146, 'Selenge Province', 'MN'),
(2730, 146, 'Sükhbaatar Province', 'MN'),
(2731, 146, 'Töv Province', 'MN'),
(2732, 146, 'Uvs Province', 'MN'),
(2733, 146, 'Zavkhan Province', 'MN'),
(2734, 147, 'Andrijevica Municipality', 'ME'),
(2735, 147, 'Bar Municipality', 'ME'),
(2736, 147, 'Berane Municipality', 'ME'),
(2737, 147, 'Bijelo Polje Municipality', 'ME'),
(2738, 147, 'Budva Municipality', 'ME'),
(2739, 147, 'Danilovgrad Municipality', 'ME'),
(2740, 147, 'Gusinje Municipality', 'ME'),
(2741, 147, 'Kolašin Municipality', 'ME'),
(2742, 147, 'Kotor Municipality', 'ME'),
(2743, 147, 'Mojkovac Municipality', 'ME'),
(2744, 147, 'Nikšić Municipality', 'ME'),
(2745, 147, 'Old Royal Capital Cetinje', 'ME'),
(2746, 147, 'Petnjica Municipality', 'ME'),
(2747, 147, 'Plav Municipality', 'ME'),
(2748, 147, 'Pljevlja Municipality', 'ME'),
(2749, 147, 'Plužine Municipality', 'ME'),
(2750, 147, 'Podgorica Municipality', 'ME'),
(2751, 147, 'Rožaje Municipality', 'ME'),
(2752, 147, 'Šavnik Municipality', 'ME'),
(2753, 147, 'Tivat Municipality', 'ME'),
(2754, 147, 'Ulcinj Municipality', 'ME'),
(2755, 147, 'Žabljak Municipality', 'ME'),
(2756, 149, 'Agadir-Ida-Ou-Tanane', 'MA'),
(2757, 149, 'Al Haouz', 'MA'),
(2758, 149, 'Al Hoceïma', 'MA'),
(2759, 149, 'Aousserd (EH)', 'MA'),
(2760, 149, 'Assa-Zag (EH-partial)', 'MA'),
(2761, 149, 'Azilal', 'MA'),
(2762, 149, 'Béni Mellal', 'MA'),
(2763, 149, 'Béni Mellal-Khénifra', 'MA'),
(2764, 149, 'Benslimane', 'MA'),
(2765, 149, 'Berkane', 'MA'),
(2766, 149, 'Berrechid', 'MA'),
(2767, 149, 'Boujdour (EH)', 'MA'),
(2768, 149, 'Boulemane', 'MA'),
(2769, 149, 'Casablanca', 'MA'),
(2770, 149, 'Casablanca-Settat', 'MA'),
(2771, 149, 'Chefchaouen', 'MA'),
(2772, 149, 'Chichaoua', 'MA'),
(2773, 149, 'Chtouka-Ait Baha', 'MA'),
(2774, 149, 'Dakhla-Oued Ed-Dahab (EH)', 'MA'),
(2775, 149, 'Drâa-Tafilalet', 'MA'),
(2776, 149, 'Driouch', 'MA'),
(2777, 149, 'El Hajeb', 'MA'),
(2778, 149, 'El Jadida', 'MA'),
(2779, 149, 'El Kelâa des Sraghna', 'MA'),
(2780, 149, 'Errachidia', 'MA'),
(2781, 149, 'Es-Semara (EH-partial)', 'MA'),
(2782, 149, 'Essaouira', 'MA'),
(2783, 149, 'Fahs-Anjra', 'MA'),
(2784, 149, 'Fès', 'MA'),
(2785, 149, 'Fès-Meknès', 'MA'),
(2786, 149, 'Figuig', 'MA'),
(2787, 149, 'Fquih Ben Salah', 'MA'),
(2788, 149, 'Guelmim', 'MA'),
(2789, 149, 'Guelmim-Oued Noun (EH-partial)', 'MA'),
(2790, 149, 'Guercif', 'MA'),
(2791, 149, 'Ifrane', 'MA'),
(2792, 149, 'Inezgane-Ait Melloul', 'MA'),
(2793, 149, 'Jerada', 'MA'),
(2794, 149, 'Kénitra', 'MA'),
(2795, 149, 'Khémisset', 'MA'),
(2796, 149, 'Khénifra', 'MA'),
(2797, 149, 'Khouribga', 'MA'),
(2798, 149, 'L\'Oriental', 'MA'),
(2799, 149, 'Laâyoune (EH)', 'MA'),
(2800, 149, 'Laâyoune-Sakia El Hamra (EH-partial)', 'MA'),
(2801, 149, 'Larache', 'MA'),
(2802, 149, 'M’diq-Fnideq', 'MA'),
(2803, 149, 'Marrakech', 'MA'),
(2804, 149, 'Marrakesh-Safi', 'MA'),
(2805, 149, 'Médiouna', 'MA'),
(2806, 149, 'Meknès', 'MA'),
(2807, 149, 'Midelt', 'MA'),
(2808, 149, 'Mohammadia', 'MA'),
(2809, 149, 'Moulay Yacoub', 'MA'),
(2810, 149, 'Nador', 'MA'),
(2811, 149, 'Nouaceur', 'MA'),
(2812, 149, 'Ouarzazate', 'MA'),
(2813, 149, 'Oued Ed-Dahab (EH)', 'MA'),
(2814, 149, 'Ouezzane', 'MA'),
(2815, 149, 'Oujda-Angad', 'MA'),
(2816, 149, 'Rabat', 'MA'),
(2817, 149, 'Rabat-Salé-Kénitra', 'MA'),
(2818, 149, 'Rehamna', 'MA'),
(2819, 149, 'Safi', 'MA'),
(2820, 149, 'Salé', 'MA'),
(2821, 149, 'Sefrou', 'MA'),
(2822, 149, 'Settat', 'MA'),
(2823, 149, 'Sidi Bennour', 'MA'),
(2824, 149, 'Sidi Ifni', 'MA'),
(2825, 149, 'Sidi Kacem', 'MA'),
(2826, 149, 'Sidi Slimane', 'MA'),
(2827, 149, 'Skhirate-Témara', 'MA'),
(2828, 149, 'Souss-Massa', 'MA'),
(2829, 149, 'Tan-Tan (EH-partial)', 'MA'),
(2830, 149, 'Tanger-Assilah', 'MA'),
(2831, 149, 'Tanger-Tétouan-Al Hoceïma', 'MA'),
(2832, 149, 'Taounate', 'MA'),
(2833, 149, 'Taourirt', 'MA'),
(2834, 149, 'Tarfaya (EH-partial)', 'MA'),
(2835, 149, 'Taroudannt', 'MA'),
(2836, 149, 'Tata', 'MA'),
(2837, 149, 'Taza', 'MA'),
(2838, 149, 'Tétouan', 'MA'),
(2839, 149, 'Tinghir', 'MA'),
(2840, 149, 'Tiznit', 'MA'),
(2841, 149, 'Youssoufia', 'MA'),
(2842, 149, 'Zagora', 'MA'),
(2843, 150, 'Cabo Delgado Province', 'MZ'),
(2844, 150, 'Gaza Province', 'MZ'),
(2845, 150, 'Inhambane Province', 'MZ'),
(2846, 150, 'Manica Province', 'MZ'),
(2847, 150, 'Maputo', 'MZ'),
(2848, 150, 'Maputo Province', 'MZ'),
(2849, 150, 'Nampula Province', 'MZ'),
(2850, 150, 'Niassa Province', 'MZ'),
(2851, 150, 'Sofala Province', 'MZ'),
(2852, 150, 'Tete Province', 'MZ'),
(2853, 150, 'Zambezia Province', 'MZ'),
(2854, 151, 'Ayeyarwady Region', 'MM'),
(2855, 151, 'Bago', 'MM'),
(2856, 151, 'Chin State', 'MM'),
(2857, 151, 'Kachin State', 'MM'),
(2858, 151, 'Kayah State', 'MM'),
(2859, 151, 'Kayin State', 'MM'),
(2860, 151, 'Magway Region', 'MM'),
(2861, 151, 'Mandalay Region', 'MM'),
(2862, 151, 'Mon State', 'MM'),
(2863, 151, 'Naypyidaw Union Territory', 'MM'),
(2864, 151, 'Rakhine State', 'MM'),
(2865, 151, 'Sagaing Region', 'MM'),
(2866, 151, 'Shan State', 'MM'),
(2867, 151, 'Tanintharyi Region', 'MM'),
(2868, 151, 'Yangon Region', 'MM'),
(2869, 152, 'Erongo Region', 'NA'),
(2870, 152, 'Hardap Region', 'NA'),
(2871, 152, 'Karas Region', 'NA'),
(2872, 152, 'Kavango East Region', 'NA'),
(2873, 152, 'Kavango West Region', 'NA'),
(2874, 152, 'Khomas Region', 'NA'),
(2875, 152, 'Kunene Region', 'NA'),
(2876, 152, 'Ohangwena Region', 'NA'),
(2877, 152, 'Omaheke Region', 'NA'),
(2878, 152, 'Omusati Region', 'NA'),
(2879, 152, 'Oshana Region', 'NA'),
(2880, 152, 'Oshikoto Region', 'NA'),
(2881, 152, 'Otjozondjupa Region', 'NA'),
(2882, 152, 'Zambezi Region', 'NA'),
(2883, 153, 'Aiwo District', 'NR'),
(2884, 153, 'Anabar District', 'NR'),
(2885, 153, 'Anetan District', 'NR'),
(2886, 153, 'Anibare District', 'NR'),
(2887, 153, 'Baiti District', 'NR'),
(2888, 153, 'Boe District', 'NR'),
(2889, 153, 'Buada District', 'NR'),
(2890, 153, 'Denigomodu District', 'NR'),
(2891, 153, 'Ewa District', 'NR'),
(2892, 153, 'Ijuw District', 'NR'),
(2893, 153, 'Meneng District', 'NR'),
(2894, 153, 'Nibok District', 'NR'),
(2895, 153, 'Uaboe District', 'NR'),
(2896, 153, 'Yaren District', 'NR'),
(2897, 154, 'Bagmati Zone', 'NP'),
(2898, 154, 'Bheri Zone', 'NP'),
(2899, 154, 'Central Region', 'NP'),
(2900, 154, 'Dhaulagiri Zone', 'NP'),
(2901, 154, 'Eastern Development Region', 'NP'),
(2902, 154, 'Far-Western Development Region', 'NP'),
(2903, 154, 'Gandaki Zone', 'NP'),
(2904, 154, 'Janakpur Zone', 'NP'),
(2905, 154, 'Karnali Zone', 'NP'),
(2906, 154, 'Kosi Zone', 'NP'),
(2907, 154, 'Lumbini Zone', 'NP'),
(2908, 154, 'Mahakali Zone', 'NP'),
(2909, 154, 'Mechi Zone', 'NP'),
(2910, 154, 'Mid-Western Region', 'NP'),
(2911, 154, 'Narayani Zone', 'NP'),
(2912, 154, 'Rapti Zone', 'NP'),
(2913, 154, 'Sagarmatha Zone', 'NP'),
(2914, 154, 'Seti Zone', 'NP'),
(2915, 154, 'Western Region', 'NP'),
(2916, 155, 'Bonaire', 'NL'),
(2917, 155, 'Drenthe', 'NL'),
(2918, 155, 'Flevoland', 'NL'),
(2919, 155, 'Friesland', 'NL'),
(2920, 155, 'Gelderland', 'NL'),
(2921, 155, 'Groningen', 'NL'),
(2922, 155, 'Limburg', 'NL'),
(2923, 155, 'North Brabant', 'NL'),
(2924, 155, 'North Holland', 'NL'),
(2925, 155, 'Overijssel', 'NL'),
(2926, 155, 'Saba', 'NL'),
(2927, 155, 'Sint Eustatius', 'NL'),
(2928, 155, 'South Holland', 'NL'),
(2929, 155, 'Utrecht', 'NL'),
(2930, 155, 'Zeeland', 'NL'),
(2931, 157, 'Auckland Region', 'NZ'),
(2932, 157, 'Bay of Plenty Region', 'NZ'),
(2933, 157, 'Canterbury Region', 'NZ'),
(2934, 157, 'Chatham Islands', 'NZ'),
(2935, 157, 'Gisborne District', 'NZ'),
(2936, 157, 'Hawke\'s Bay Region', 'NZ'),
(2937, 157, 'Manawatu-Wanganui Region', 'NZ'),
(2938, 157, 'Marlborough Region', 'NZ'),
(2939, 157, 'Nelson Region', 'NZ'),
(2940, 157, 'Northland Region', 'NZ'),
(2941, 157, 'Otago Region', 'NZ'),
(2942, 157, 'Southland Region', 'NZ'),
(2943, 157, 'Taranaki Region', 'NZ'),
(2944, 157, 'Tasman District', 'NZ'),
(2945, 157, 'Waikato Region', 'NZ'),
(2946, 157, 'Wellington Region', 'NZ'),
(2947, 157, 'West Coast Region', 'NZ'),
(2948, 158, 'Boaco', 'NI'),
(2949, 158, 'Carazo', 'NI'),
(2950, 158, 'Chinandega', 'NI'),
(2951, 158, 'Chontales', 'NI'),
(2952, 158, 'Estelí', 'NI'),
(2953, 158, 'Granada', 'NI'),
(2954, 158, 'Jinotega', 'NI'),
(2955, 158, 'León', 'NI'),
(2956, 158, 'Madriz', 'NI'),
(2957, 158, 'Managua', 'NI'),
(2958, 158, 'Masaya', 'NI'),
(2959, 158, 'Matagalpa', 'NI'),
(2960, 158, 'North Caribbean Coast', 'NI'),
(2961, 158, 'Nueva Segovia', 'NI'),
(2962, 158, 'Río San Juan', 'NI'),
(2963, 158, 'Rivas', 'NI'),
(2964, 158, 'South Caribbean Coast', 'NI'),
(2965, 159, 'Agadez Region', 'NE'),
(2966, 159, 'Diffa Region', 'NE'),
(2967, 159, 'Dosso Region', 'NE'),
(2968, 159, 'Maradi Region', 'NE'),
(2969, 159, 'Tahoua Region', 'NE'),
(2970, 159, 'Tillabéri Region', 'NE'),
(2971, 159, 'Zinder Region', 'NE'),
(2972, 160, 'Abia', 'NG'),
(2973, 160, 'Abuja Federal Capital Territory', 'NG'),
(2974, 160, 'Adamawa', 'NG'),
(2975, 160, 'Akwa Ibom', 'NG');
INSERT INTO `states` (`id`, `country_id`, `name`, `country_code`) VALUES
(2976, 160, 'Anambra', 'NG'),
(2977, 160, 'Bauchi', 'NG'),
(2978, 160, 'Bayelsa', 'NG'),
(2979, 160, 'Benue', 'NG'),
(2980, 160, 'Borno', 'NG'),
(2981, 160, 'Cross River', 'NG'),
(2982, 160, 'Delta', 'NG'),
(2983, 160, 'Ebonyi', 'NG'),
(2984, 160, 'Edo', 'NG'),
(2985, 160, 'Ekiti', 'NG'),
(2986, 160, 'Enugu', 'NG'),
(2987, 160, 'Gombe', 'NG'),
(2988, 160, 'Imo', 'NG'),
(2989, 160, 'Jigawa', 'NG'),
(2990, 160, 'Kaduna', 'NG'),
(2991, 160, 'Kano', 'NG'),
(2992, 160, 'Katsina', 'NG'),
(2993, 160, 'Kebbi', 'NG'),
(2994, 160, 'Kogi', 'NG'),
(2995, 160, 'Kwara', 'NG'),
(2996, 160, 'Lagos', 'NG'),
(2997, 160, 'Nasarawa', 'NG'),
(2998, 160, 'Niger', 'NG'),
(2999, 160, 'Ogun', 'NG'),
(3000, 160, 'Ondo', 'NG'),
(3001, 160, 'Osun', 'NG'),
(3002, 160, 'Oyo', 'NG'),
(3003, 160, 'Plateau', 'NG'),
(3004, 160, 'Rivers', 'NG'),
(3005, 160, 'Sokoto', 'NG'),
(3006, 160, 'Taraba', 'NG'),
(3007, 160, 'Yobe', 'NG'),
(3008, 160, 'Zamfara', 'NG'),
(3009, 163, 'Chagang Province', 'KP'),
(3010, 163, 'Kangwon Province', 'KP'),
(3011, 163, 'North Hamgyong Province', 'KP'),
(3012, 163, 'North Hwanghae Province', 'KP'),
(3013, 163, 'North Pyongan Province', 'KP'),
(3014, 163, 'Pyongyang', 'KP'),
(3015, 163, 'Rason', 'KP'),
(3016, 163, 'Ryanggang Province', 'KP'),
(3017, 163, 'South Hamgyong Province', 'KP'),
(3018, 163, 'South Hwanghae Province', 'KP'),
(3019, 163, 'South Pyongan Province', 'KP'),
(3020, 165, 'Agder', 'NO'),
(3021, 165, 'Innlandet', 'NO'),
(3022, 165, 'Jan Mayen', 'NO'),
(3023, 165, 'Møre og Romsdal', 'NO'),
(3024, 165, 'Nordland', 'NO'),
(3025, 165, 'Oslo', 'NO'),
(3026, 165, 'Rogaland', 'NO'),
(3027, 165, 'Svalbard', 'NO'),
(3028, 165, 'Troms og Finnmark', 'NO'),
(3029, 165, 'Trøndelag', 'NO'),
(3030, 165, 'Vestfold og Telemark', 'NO'),
(3031, 165, 'Vestland', 'NO'),
(3032, 165, 'Viken', 'NO'),
(3033, 166, 'Ad Dakhiliyah', 'OM'),
(3034, 166, 'Ad Dhahirah', 'OM'),
(3035, 166, 'Al Batinah North', 'OM'),
(3036, 166, 'Al Batinah Region', 'OM'),
(3037, 166, 'Al Batinah South', 'OM'),
(3038, 166, 'Al Buraimi', 'OM'),
(3039, 166, 'Al Wusta', 'OM'),
(3040, 166, 'Ash Sharqiyah North', 'OM'),
(3041, 166, 'Ash Sharqiyah Region', 'OM'),
(3042, 166, 'Ash Sharqiyah South', 'OM'),
(3043, 166, 'Dhofar', 'OM'),
(3044, 166, 'Musandam', 'OM'),
(3045, 166, 'Muscat', 'OM'),
(3046, 167, 'Azad Kashmir', 'PK'),
(3047, 167, 'Balochistan', 'PK'),
(3048, 167, 'Federally Administered Tribal Areas', 'PK'),
(3049, 167, 'Gilgit-Baltistan', 'PK'),
(3050, 167, 'Islamabad Capital Territory', 'PK'),
(3051, 167, 'Khyber Pakhtunkhwa', 'PK'),
(3052, 167, 'Punjab', 'PK'),
(3053, 167, 'Sindh', 'PK'),
(3054, 168, 'Aimeliik', 'PW'),
(3055, 168, 'Airai', 'PW'),
(3056, 168, 'Angaur', 'PW'),
(3057, 168, 'Hatohobei', 'PW'),
(3058, 168, 'Kayangel', 'PW'),
(3059, 168, 'Koror', 'PW'),
(3060, 168, 'Melekeok', 'PW'),
(3061, 168, 'Ngaraard', 'PW'),
(3062, 168, 'Ngarchelong', 'PW'),
(3063, 168, 'Ngardmau', 'PW'),
(3064, 168, 'Ngatpang', 'PW'),
(3065, 168, 'Ngchesar', 'PW'),
(3066, 168, 'Ngeremlengui', 'PW'),
(3067, 168, 'Ngiwal', 'PW'),
(3068, 168, 'Peleliu', 'PW'),
(3069, 168, 'Sonsorol', 'PW'),
(3070, 169, 'Bethlehem', 'PS'),
(3071, 169, 'Deir El Balah', 'PS'),
(3072, 169, 'Gaza', 'PS'),
(3073, 169, 'Hebron', 'PS'),
(3074, 169, 'Jenin', 'PS'),
(3075, 169, 'Jericho and Al Aghwar', 'PS'),
(3076, 169, 'Jerusalem', 'PS'),
(3077, 169, 'Khan Yunis', 'PS'),
(3078, 169, 'Nablus', 'PS'),
(3079, 169, 'North Gaza', 'PS'),
(3080, 169, 'Qalqilya', 'PS'),
(3081, 169, 'Rafah', 'PS'),
(3082, 169, 'Ramallah', 'PS'),
(3083, 169, 'Salfit', 'PS'),
(3084, 169, 'Tubas', 'PS'),
(3085, 169, 'Tulkarm', 'PS'),
(3086, 170, 'Bocas del Toro Province', 'PA'),
(3087, 170, 'Chiriquí Province', 'PA'),
(3088, 170, 'Coclé Province', 'PA'),
(3089, 170, 'Colón Province', 'PA'),
(3090, 170, 'Darién Province', 'PA'),
(3091, 170, 'Emberá-Wounaan Comarca', 'PA'),
(3092, 170, 'Guna Yala', 'PA'),
(3093, 170, 'Herrera Province', 'PA'),
(3094, 170, 'Los Santos Province', 'PA'),
(3095, 170, 'Ngöbe-Buglé Comarca', 'PA'),
(3096, 170, 'Panamá Oeste Province', 'PA'),
(3097, 170, 'Panamá Province', 'PA'),
(3098, 170, 'Veraguas Province', 'PA'),
(3099, 171, 'Bougainville', 'PG'),
(3100, 171, 'Central Province', 'PG'),
(3101, 171, 'Chimbu Province', 'PG'),
(3102, 171, 'East New Britain', 'PG'),
(3103, 171, 'Eastern Highlands Province', 'PG'),
(3104, 171, 'Enga Province', 'PG'),
(3105, 171, 'Gulf', 'PG'),
(3106, 171, 'Hela', 'PG'),
(3107, 171, 'Jiwaka Province', 'PG'),
(3108, 171, 'Madang Province', 'PG'),
(3109, 171, 'Manus Province', 'PG'),
(3110, 171, 'Milne Bay Province', 'PG'),
(3111, 171, 'Morobe Province', 'PG'),
(3112, 171, 'New Ireland Province', 'PG'),
(3113, 171, 'Oro Province', 'PG'),
(3114, 171, 'Port Moresby', 'PG'),
(3115, 171, 'Sandaun Province', 'PG'),
(3116, 171, 'Southern Highlands Province', 'PG'),
(3117, 171, 'West New Britain Province', 'PG'),
(3118, 171, 'Western Highlands Province', 'PG'),
(3119, 171, 'Western Province', 'PG'),
(3120, 172, 'Alto Paraguay Department', 'PY'),
(3121, 172, 'Alto Paraná Department', 'PY'),
(3122, 172, 'Amambay Department', 'PY'),
(3123, 172, 'Boquerón Department', 'PY'),
(3124, 172, 'Caaguazú', 'PY'),
(3125, 172, 'Caazapá', 'PY'),
(3126, 172, 'Canindeyú', 'PY'),
(3127, 172, 'Central Department', 'PY'),
(3128, 172, 'Concepción Department', 'PY'),
(3129, 172, 'Cordillera Department', 'PY'),
(3130, 172, 'Guairá Department', 'PY'),
(3131, 172, 'Itapúa', 'PY'),
(3132, 172, 'Misiones Department', 'PY'),
(3133, 172, 'Ñeembucú Department', 'PY'),
(3134, 172, 'Paraguarí Department', 'PY'),
(3135, 172, 'Presidente Hayes Department', 'PY'),
(3136, 172, 'San Pedro Department', 'PY'),
(3137, 173, 'Amazonas', 'PE'),
(3138, 173, 'Áncash', 'PE'),
(3139, 173, 'Apurímac', 'PE'),
(3140, 173, 'Arequipa', 'PE'),
(3141, 173, 'Ayacucho', 'PE'),
(3142, 173, 'Cajamarca', 'PE'),
(3143, 173, 'Callao', 'PE'),
(3144, 173, 'Cusco', 'PE'),
(3145, 173, 'Huancavelica', 'PE'),
(3146, 173, 'Huanuco', 'PE'),
(3147, 173, 'Ica', 'PE'),
(3148, 173, 'Junín', 'PE'),
(3149, 173, 'La Libertad', 'PE'),
(3150, 173, 'Lambayeque', 'PE'),
(3151, 173, 'Lima', 'PE'),
(3152, 173, 'Loreto', 'PE'),
(3153, 173, 'Madre de Dios', 'PE'),
(3154, 173, 'Moquegua', 'PE'),
(3155, 173, 'Pasco', 'PE'),
(3156, 173, 'Piura', 'PE'),
(3157, 173, 'Puno', 'PE'),
(3158, 173, 'San Martín', 'PE'),
(3159, 173, 'Tacna', 'PE'),
(3160, 173, 'Tumbes', 'PE'),
(3161, 173, 'Ucayali', 'PE'),
(3162, 174, 'Abra', 'PH'),
(3163, 174, 'Agusan del Norte', 'PH'),
(3164, 174, 'Agusan del Sur', 'PH'),
(3165, 174, 'Aklan', 'PH'),
(3166, 174, 'Albay', 'PH'),
(3167, 174, 'Antique', 'PH'),
(3168, 174, 'Apayao', 'PH'),
(3169, 174, 'Aurora', 'PH'),
(3170, 174, 'Autonomous Region in Muslim Mindanao', 'PH'),
(3171, 174, 'Basilan', 'PH'),
(3172, 174, 'Bataan', 'PH'),
(3173, 174, 'Batanes', 'PH'),
(3174, 174, 'Batangas', 'PH'),
(3175, 174, 'Benguet', 'PH'),
(3176, 174, 'Bicol', 'PH'),
(3177, 174, 'Biliran', 'PH'),
(3178, 174, 'Bohol', 'PH'),
(3179, 174, 'Bukidnon', 'PH'),
(3180, 174, 'Bulacan', 'PH'),
(3181, 174, 'Cagayan', 'PH'),
(3182, 174, 'Cagayan Valley', 'PH'),
(3183, 174, 'Calabarzon', 'PH'),
(3184, 174, 'Camarines Norte', 'PH'),
(3185, 174, 'Camarines Sur', 'PH'),
(3186, 174, 'Camiguin', 'PH'),
(3187, 174, 'Capiz', 'PH'),
(3188, 174, 'Caraga', 'PH'),
(3189, 174, 'Catanduanes', 'PH'),
(3190, 174, 'Cavite', 'PH'),
(3191, 174, 'Cebu', 'PH'),
(3192, 174, 'Central Luzon', 'PH'),
(3193, 174, 'Central Visayas', 'PH'),
(3194, 174, 'Compostela Valley', 'PH'),
(3195, 174, 'Cordillera Administrative', 'PH'),
(3196, 174, 'Cotabato', 'PH'),
(3197, 174, 'Davao', 'PH'),
(3198, 174, 'Davao del Norte', 'PH'),
(3199, 174, 'Davao del Sur', 'PH'),
(3200, 174, 'Davao Occidental', 'PH'),
(3201, 174, 'Davao Oriental', 'PH'),
(3202, 174, 'Dinagat Islands', 'PH'),
(3203, 174, 'Eastern Samar', 'PH'),
(3204, 174, 'Eastern Visayas', 'PH'),
(3205, 174, 'Guimaras', 'PH'),
(3206, 174, 'Ifugao', 'PH'),
(3207, 174, 'Ilocos', 'PH'),
(3208, 174, 'Ilocos Norte', 'PH'),
(3209, 174, 'Ilocos Sur', 'PH'),
(3210, 174, 'Iloilo', 'PH'),
(3211, 174, 'Isabela', 'PH'),
(3212, 174, 'Kalinga', 'PH'),
(3213, 174, 'La Union', 'PH'),
(3214, 174, 'Laguna', 'PH'),
(3215, 174, 'Lanao del Norte', 'PH'),
(3216, 174, 'Lanao del Sur', 'PH'),
(3217, 174, 'Leyte', 'PH'),
(3218, 174, 'Maguindanao', 'PH'),
(3219, 174, 'Marinduque', 'PH'),
(3220, 174, 'Masbate', 'PH'),
(3221, 174, 'Metro Manila', 'PH'),
(3222, 174, 'Mimaropa', 'PH'),
(3223, 174, 'Misamis Occidental', 'PH'),
(3224, 174, 'Misamis Oriental', 'PH'),
(3225, 174, 'Mountain Province', 'PH'),
(3226, 174, 'Negros Occidental', 'PH'),
(3227, 174, 'Negros Oriental', 'PH'),
(3228, 174, 'Northern Mindanao', 'PH'),
(3229, 174, 'Northern Samar', 'PH'),
(3230, 174, 'Nueva Ecija', 'PH'),
(3231, 174, 'Nueva Vizcaya', 'PH'),
(3232, 174, 'Occidental Mindoro', 'PH'),
(3233, 174, 'Oriental Mindoro', 'PH'),
(3234, 174, 'Palawan', 'PH'),
(3235, 174, 'Pampanga', 'PH'),
(3236, 174, 'Pangasinan', 'PH'),
(3237, 174, 'Quezon', 'PH'),
(3238, 174, 'Quirino', 'PH'),
(3239, 174, 'Rizal', 'PH'),
(3240, 174, 'Romblon', 'PH'),
(3241, 174, 'Sarangani', 'PH'),
(3242, 174, 'Siquijor', 'PH'),
(3243, 174, 'Soccsksargen', 'PH'),
(3244, 174, 'Sorsogon', 'PH'),
(3245, 174, 'South Cotabato', 'PH'),
(3246, 174, 'Southern Leyte', 'PH'),
(3247, 174, 'Sultan Kudarat', 'PH'),
(3248, 174, 'Sulu', 'PH'),
(3249, 174, 'Surigao del Norte', 'PH'),
(3250, 174, 'Surigao del Sur', 'PH'),
(3251, 174, 'Tarlac', 'PH'),
(3252, 174, 'Tawi-Tawi', 'PH'),
(3253, 174, 'Western Samar', 'PH'),
(3254, 174, 'Western Visayas', 'PH'),
(3255, 174, 'Zambales', 'PH'),
(3256, 174, 'Zamboanga del Norte', 'PH'),
(3257, 174, 'Zamboanga del Sur', 'PH'),
(3258, 174, 'Zamboanga Peninsula', 'PH'),
(3259, 174, 'Zamboanga Sibugay', 'PH'),
(3260, 176, 'Greater Poland Voivodeship', 'PL'),
(3261, 176, 'Kuyavian-Pomeranian Voivodeship', 'PL'),
(3262, 176, 'Lesser Poland Voivodeship', 'PL'),
(3263, 176, 'Lower Silesian Voivodeship', 'PL'),
(3264, 176, 'Lublin Voivodeship', 'PL'),
(3265, 176, 'Lubusz Voivodeship', 'PL'),
(3266, 176, 'Łódź Voivodeship', 'PL'),
(3267, 176, 'Masovian Voivodeship', 'PL'),
(3268, 176, 'Opole Voivodeship', 'PL'),
(3269, 176, 'Podkarpackie Voivodeship', 'PL'),
(3270, 176, 'Podlaskie Voivodeship', 'PL'),
(3271, 176, 'Pomeranian Voivodeship', 'PL'),
(3272, 176, 'Silesian Voivodeship', 'PL'),
(3273, 176, 'Świętokrzyskie Voivodeship', 'PL'),
(3274, 176, 'Warmian-Masurian Voivodeship', 'PL'),
(3275, 176, 'West Pomeranian Voivodeship', 'PL'),
(3276, 177, 'Açores', 'PT'),
(3277, 177, 'Aveiro', 'PT'),
(3278, 177, 'Beja', 'PT'),
(3279, 177, 'Braga', 'PT'),
(3280, 177, 'Bragança', 'PT'),
(3281, 177, 'Castelo Branco', 'PT'),
(3282, 177, 'Coimbra', 'PT'),
(3283, 177, 'Évora', 'PT'),
(3284, 177, 'Faro', 'PT'),
(3285, 177, 'Guarda', 'PT'),
(3286, 177, 'Leiria', 'PT'),
(3287, 177, 'Lisbon', 'PT'),
(3288, 177, 'Madeira', 'PT'),
(3289, 177, 'Portalegre', 'PT'),
(3290, 177, 'Porto', 'PT'),
(3291, 177, 'Santarém', 'PT'),
(3292, 177, 'Setúbal', 'PT'),
(3293, 177, 'Viana do Castelo', 'PT'),
(3294, 177, 'Vila Real', 'PT'),
(3295, 177, 'Viseu', 'PT'),
(3296, 178, 'Arecibo', 'PR'),
(3297, 178, 'Bayamon', 'PR'),
(3298, 178, 'Caguas', 'PR'),
(3299, 178, 'Carolina', 'PR'),
(3300, 178, 'Guaynabo', 'PR'),
(3301, 178, 'Mayagüez', 'PR'),
(3302, 178, 'Ponce', 'PR'),
(3303, 178, 'San Juan', 'PR'),
(3304, 178, 'Toa Baja', 'PR'),
(3305, 178, 'Trujillo Alto', 'PR'),
(3306, 179, 'Al Daayen', 'QA'),
(3307, 179, 'Al Khor', 'QA'),
(3308, 179, 'Al Rayyan Municipality', 'QA'),
(3309, 179, 'Al Wakrah', 'QA'),
(3310, 179, 'Al-Shahaniya', 'QA'),
(3311, 179, 'Doha', 'QA'),
(3312, 179, 'Madinat ash Shamal', 'QA'),
(3313, 179, 'Umm Salal Municipality', 'QA'),
(3314, 181, 'Alba', 'RO'),
(3315, 181, 'Arad County', 'RO'),
(3316, 181, 'Arges', 'RO'),
(3317, 181, 'Bacău County', 'RO'),
(3318, 181, 'Bihor County', 'RO'),
(3319, 181, 'Bistrița-Năsăud County', 'RO'),
(3320, 181, 'Botoșani County', 'RO'),
(3321, 181, 'Braila', 'RO'),
(3322, 181, 'Brașov County', 'RO'),
(3323, 181, 'Bucharest', 'RO'),
(3324, 181, 'Buzău County', 'RO'),
(3325, 181, 'Călărași County', 'RO'),
(3326, 181, 'Caraș-Severin County', 'RO'),
(3327, 181, 'Cluj County', 'RO'),
(3328, 181, 'Constanța County', 'RO'),
(3329, 181, 'Covasna County', 'RO'),
(3330, 181, 'Dâmbovița County', 'RO'),
(3331, 181, 'Dolj County', 'RO'),
(3332, 181, 'Galați County', 'RO'),
(3333, 181, 'Giurgiu County', 'RO'),
(3334, 181, 'Gorj County', 'RO'),
(3335, 181, 'Harghita County', 'RO'),
(3336, 181, 'Hunedoara County', 'RO'),
(3337, 181, 'Ialomița County', 'RO'),
(3338, 181, 'Iași County', 'RO'),
(3339, 181, 'Ilfov County', 'RO'),
(3340, 181, 'Maramureș County', 'RO'),
(3341, 181, 'Mehedinți County', 'RO'),
(3342, 181, 'Mureș County', 'RO'),
(3343, 181, 'Neamț County', 'RO'),
(3344, 181, 'Olt County', 'RO'),
(3345, 181, 'Prahova County', 'RO'),
(3346, 181, 'Sălaj County', 'RO'),
(3347, 181, 'Satu Mare County', 'RO'),
(3348, 181, 'Sibiu County', 'RO'),
(3349, 181, 'Suceava County', 'RO'),
(3350, 181, 'Teleorman County', 'RO'),
(3351, 181, 'Timiș County', 'RO'),
(3352, 181, 'Tulcea County', 'RO'),
(3353, 181, 'Vâlcea County', 'RO'),
(3354, 181, 'Vaslui County', 'RO'),
(3355, 181, 'Vrancea County', 'RO'),
(3356, 182, 'Altai Krai', 'RU'),
(3357, 182, 'Altai Republic', 'RU'),
(3358, 182, 'Amur Oblast', 'RU'),
(3359, 182, 'Arkhangelsk', 'RU'),
(3360, 182, 'Astrakhan Oblast', 'RU'),
(3361, 182, 'Belgorod Oblast', 'RU'),
(3362, 182, 'Bryansk Oblast', 'RU'),
(3363, 182, 'Chechen Republic', 'RU'),
(3364, 182, 'Chelyabinsk Oblast', 'RU'),
(3365, 182, 'Chukotka Autonomous Okrug', 'RU'),
(3366, 182, 'Chuvash Republic', 'RU'),
(3367, 182, 'Irkutsk', 'RU'),
(3368, 182, 'Ivanovo Oblast', 'RU'),
(3369, 182, 'Jewish Autonomous Oblast', 'RU'),
(3370, 182, 'Kabardino-Balkar Republic', 'RU'),
(3371, 182, 'Kaliningrad', 'RU'),
(3372, 182, 'Kaluga Oblast', 'RU'),
(3373, 182, 'Kamchatka Krai', 'RU'),
(3374, 182, 'Karachay-Cherkess Republic', 'RU'),
(3375, 182, 'Kemerovo Oblast', 'RU'),
(3376, 182, 'Khabarovsk Krai', 'RU'),
(3377, 182, 'Khanty-Mansi Autonomous Okrug', 'RU'),
(3378, 182, 'Kirov Oblast', 'RU'),
(3379, 182, 'Komi Republic', 'RU'),
(3380, 182, 'Kostroma Oblast', 'RU'),
(3381, 182, 'Krasnodar Krai', 'RU'),
(3382, 182, 'Krasnoyarsk Krai', 'RU'),
(3383, 182, 'Kurgan Oblast', 'RU'),
(3384, 182, 'Kursk Oblast', 'RU'),
(3385, 182, 'Leningrad Oblast', 'RU'),
(3386, 182, 'Lipetsk Oblast', 'RU'),
(3387, 182, 'Magadan Oblast', 'RU'),
(3388, 182, 'Mari El Republic', 'RU'),
(3389, 182, 'Moscow', 'RU'),
(3390, 182, 'Moscow Oblast', 'RU'),
(3391, 182, 'Murmansk Oblast', 'RU'),
(3392, 182, 'Nenets Autonomous Okrug', 'RU'),
(3393, 182, 'Nizhny Novgorod Oblast', 'RU'),
(3394, 182, 'Novgorod Oblast', 'RU'),
(3395, 182, 'Novosibirsk', 'RU'),
(3396, 182, 'Omsk Oblast', 'RU'),
(3397, 182, 'Orenburg Oblast', 'RU'),
(3398, 182, 'Oryol Oblast', 'RU'),
(3399, 182, 'Penza Oblast', 'RU'),
(3400, 182, 'Perm Krai', 'RU'),
(3401, 182, 'Primorsky Krai', 'RU'),
(3402, 182, 'Pskov Oblast', 'RU'),
(3403, 182, 'Republic of Adygea', 'RU'),
(3404, 182, 'Republic of Bashkortostan', 'RU'),
(3405, 182, 'Republic of Buryatia', 'RU'),
(3406, 182, 'Republic of Dagestan', 'RU'),
(3407, 182, 'Republic of Ingushetia', 'RU'),
(3408, 182, 'Republic of Kalmykia', 'RU'),
(3409, 182, 'Republic of Karelia', 'RU'),
(3410, 182, 'Republic of Khakassia', 'RU'),
(3411, 182, 'Republic of Mordovia', 'RU'),
(3412, 182, 'Republic of North Ossetia-Alania', 'RU'),
(3413, 182, 'Republic of Tatarstan', 'RU'),
(3414, 182, 'Rostov Oblast', 'RU'),
(3415, 182, 'Ryazan Oblast', 'RU'),
(3416, 182, 'Saint Petersburg', 'RU'),
(3417, 182, 'Sakha Republic', 'RU'),
(3418, 182, 'Sakhalin', 'RU'),
(3419, 182, 'Samara Oblast', 'RU'),
(3420, 182, 'Saratov Oblast', 'RU'),
(3421, 182, 'Sevastopol', 'RU'),
(3422, 182, 'Smolensk Oblast', 'RU'),
(3423, 182, 'Stavropol Krai', 'RU'),
(3424, 182, 'Sverdlovsk', 'RU'),
(3425, 182, 'Tambov Oblast', 'RU'),
(3426, 182, 'Tomsk Oblast', 'RU'),
(3427, 182, 'Tula Oblast', 'RU'),
(3428, 182, 'Tuva Republic', 'RU'),
(3429, 182, 'Tver Oblast', 'RU'),
(3430, 182, 'Tyumen Oblast', 'RU'),
(3431, 182, 'Udmurt Republic', 'RU'),
(3432, 182, 'Ulyanovsk Oblast', 'RU'),
(3433, 182, 'Vladimir Oblast', 'RU'),
(3434, 182, 'Volgograd Oblast', 'RU'),
(3435, 182, 'Vologda Oblast', 'RU'),
(3436, 182, 'Voronezh Oblast', 'RU'),
(3437, 182, 'Yamalo-Nenets Autonomous Okrug', 'RU'),
(3438, 182, 'Yaroslavl Oblast', 'RU'),
(3439, 182, 'Zabaykalsky Krai', 'RU'),
(3440, 183, 'Eastern Province', 'RW'),
(3441, 183, 'Kigali district', 'RW'),
(3442, 183, 'Northern Province', 'RW'),
(3443, 183, 'Southern Province', 'RW'),
(3444, 183, 'Western Province', 'RW'),
(3445, 185, 'Christ Church Nichola Town Parish', 'KN'),
(3446, 185, 'Nevis', 'KN'),
(3447, 185, 'Saint Anne Sandy Point Parish', 'KN'),
(3448, 185, 'Saint George Gingerland Parish', 'KN'),
(3449, 185, 'Saint James Windward Parish', 'KN'),
(3450, 185, 'Saint John Capisterre Parish', 'KN'),
(3451, 185, 'Saint John Figtree Parish', 'KN'),
(3452, 185, 'Saint Kitts', 'KN'),
(3453, 185, 'Saint Mary Cayon Parish', 'KN'),
(3454, 185, 'Saint Paul Capisterre Parish', 'KN'),
(3455, 185, 'Saint Paul Charlestown Parish', 'KN'),
(3456, 185, 'Saint Peter Basseterre Parish', 'KN'),
(3457, 185, 'Saint Thomas Lowland Parish', 'KN'),
(3458, 185, 'Saint Thomas Middle Island Parish', 'KN'),
(3459, 185, 'Trinity Palmetto Point Parish', 'KN'),
(3460, 186, 'Anse la Raye Quarter', 'LC'),
(3461, 186, 'Canaries', 'LC'),
(3462, 186, 'Castries Quarter', 'LC'),
(3463, 186, 'Choiseul Quarter', 'LC'),
(3464, 186, 'Dauphin Quarter', 'LC'),
(3465, 186, 'Dennery Quarter', 'LC'),
(3466, 186, 'Gros Islet Quarter', 'LC'),
(3467, 186, 'Laborie Quarter', 'LC'),
(3468, 186, 'Micoud Quarter', 'LC'),
(3469, 186, 'Praslin Quarter', 'LC'),
(3470, 186, 'Soufrière Quarter', 'LC'),
(3471, 186, 'Vieux Fort Quarter', 'LC'),
(3472, 188, 'Charlotte Parish', 'VC'),
(3473, 188, 'Grenadines Parish', 'VC'),
(3474, 188, 'Saint Andrew Parish', 'VC'),
(3475, 188, 'Saint David Parish', 'VC'),
(3476, 188, 'Saint George Parish', 'VC'),
(3477, 188, 'Saint Patrick Parish', 'VC'),
(3478, 191, 'A\'ana', 'WS'),
(3479, 191, 'Aiga-i-le-Tai', 'WS'),
(3480, 191, 'Atua', 'WS'),
(3481, 191, 'Fa\'asaleleaga', 'WS'),
(3482, 191, 'Gaga\'emauga', 'WS'),
(3483, 191, 'Gaga\'ifomauga', 'WS'),
(3484, 191, 'Palauli', 'WS'),
(3485, 191, 'Satupa\'itea', 'WS'),
(3486, 191, 'Tuamasaga', 'WS'),
(3487, 191, 'Va\'a-o-Fonoti', 'WS'),
(3488, 191, 'Vaisigano', 'WS'),
(3489, 192, 'Acquaviva', 'SM'),
(3490, 192, 'Borgo Maggiore', 'SM'),
(3491, 192, 'Chiesanuova', 'SM'),
(3492, 192, 'Domagnano', 'SM'),
(3493, 192, 'Faetano', 'SM'),
(3494, 192, 'Fiorentino', 'SM'),
(3495, 192, 'Montegiardino', 'SM'),
(3496, 192, 'San Marino', 'SM'),
(3497, 192, 'Serravalle', 'SM'),
(3498, 193, 'Príncipe Province', 'ST'),
(3499, 193, 'São Tomé Province', 'ST'),
(3500, 194, '\'Asir', 'SA'),
(3501, 194, 'Al Bahah', 'SA'),
(3502, 194, 'Al Jawf', 'SA'),
(3503, 194, 'Al Madinah', 'SA'),
(3504, 194, 'Al-Qassim', 'SA'),
(3505, 194, 'Eastern Province', 'SA'),
(3506, 194, 'Ha\'il', 'SA'),
(3507, 194, 'Jizan', 'SA'),
(3508, 194, 'Makkah', 'SA'),
(3509, 194, 'Najran', 'SA'),
(3510, 194, 'Northern Borders', 'SA'),
(3511, 194, 'Riyadh', 'SA'),
(3512, 194, 'Tabuk', 'SA'),
(3513, 195, 'Dakar', 'SN'),
(3514, 195, 'Diourbel Region', 'SN'),
(3515, 195, 'Fatick', 'SN'),
(3516, 195, 'Kaffrine', 'SN'),
(3517, 195, 'Kaolack', 'SN'),
(3518, 195, 'Kédougou', 'SN'),
(3519, 195, 'Kolda', 'SN'),
(3520, 195, 'Louga', 'SN'),
(3521, 195, 'Matam', 'SN'),
(3522, 195, 'Saint-Louis', 'SN'),
(3523, 195, 'Sédhiou', 'SN'),
(3524, 195, 'Tambacounda Region', 'SN'),
(3525, 195, 'Thiès Region', 'SN'),
(3526, 195, 'Ziguinchor', 'SN'),
(3527, 196, 'Belgrade', 'RS'),
(3528, 196, 'Bor District', 'RS'),
(3529, 196, 'Braničevo District', 'RS'),
(3530, 196, 'Central Banat District', 'RS'),
(3531, 196, 'Jablanica District', 'RS'),
(3532, 196, 'Kolubara District', 'RS'),
(3533, 196, 'Mačva District', 'RS'),
(3534, 196, 'Moravica District', 'RS'),
(3535, 196, 'Nišava District', 'RS'),
(3536, 196, 'North Bačka District', 'RS'),
(3537, 196, 'North Banat District', 'RS'),
(3538, 196, 'Pčinja District', 'RS'),
(3539, 196, 'Pirot District', 'RS'),
(3540, 196, 'Podunavlje District', 'RS'),
(3541, 196, 'Pomoravlje District', 'RS'),
(3542, 196, 'Rasina District', 'RS'),
(3543, 196, 'Raška District', 'RS'),
(3544, 196, 'South Bačka District', 'RS'),
(3545, 196, 'South Banat District', 'RS'),
(3546, 196, 'Srem District', 'RS'),
(3547, 196, 'Šumadija District', 'RS'),
(3548, 196, 'Toplica District', 'RS'),
(3549, 196, 'Vojvodina', 'RS'),
(3550, 196, 'West Bačka District', 'RS'),
(3551, 196, 'Zaječar District', 'RS'),
(3552, 196, 'Zlatibor District', 'RS'),
(3553, 197, 'Anse Boileau', 'SC'),
(3554, 197, 'Anse Royale', 'SC'),
(3555, 197, 'Anse-aux-Pins', 'SC'),
(3556, 197, 'Au Cap', 'SC'),
(3557, 197, 'Baie Lazare', 'SC'),
(3558, 197, 'Baie Sainte Anne', 'SC'),
(3559, 197, 'Beau Vallon', 'SC'),
(3560, 197, 'Bel Air', 'SC'),
(3561, 197, 'Bel Ombre', 'SC'),
(3562, 197, 'Cascade', 'SC'),
(3563, 197, 'Glacis', 'SC'),
(3564, 197, 'Grand\'Anse Mahé', 'SC'),
(3565, 197, 'Grand\'Anse Praslin', 'SC'),
(3566, 197, 'La Digue', 'SC'),
(3567, 197, 'La Rivière Anglaise', 'SC'),
(3568, 197, 'Les Mamelles', 'SC'),
(3569, 197, 'Mont Buxton', 'SC'),
(3570, 197, 'Mont Fleuri', 'SC'),
(3571, 197, 'Plaisance', 'SC'),
(3572, 197, 'Pointe La Rue', 'SC'),
(3573, 197, 'Port Glaud', 'SC'),
(3574, 197, 'Roche Caiman', 'SC'),
(3575, 197, 'Saint Louis', 'SC'),
(3576, 197, 'Takamaka', 'SC'),
(3577, 198, 'Eastern Province', 'SL'),
(3578, 198, 'Northern Province', 'SL'),
(3579, 198, 'Southern Province', 'SL'),
(3580, 198, 'Western Area', 'SL'),
(3581, 201, 'Banská Bystrica Region', 'SK'),
(3582, 201, 'Bratislava Region', 'SK'),
(3583, 201, 'Košice Region', 'SK'),
(3584, 201, 'Nitra Region', 'SK'),
(3585, 201, 'Prešov Region', 'SK'),
(3586, 201, 'Trenčín Region', 'SK'),
(3587, 201, 'Trnava Region', 'SK'),
(3588, 201, 'Žilina Region', 'SK'),
(3589, 202, 'Ajdovščina Municipality', 'SI'),
(3590, 202, 'Ankaran Municipality', 'SI'),
(3591, 202, 'Beltinci Municipality', 'SI'),
(3592, 202, 'Benedikt Municipality', 'SI'),
(3593, 202, 'Bistrica ob Sotli Municipality', 'SI'),
(3594, 202, 'Bled Municipality', 'SI'),
(3595, 202, 'Bloke Municipality', 'SI'),
(3596, 202, 'Bohinj Municipality', 'SI'),
(3597, 202, 'Borovnica Municipality', 'SI'),
(3598, 202, 'Bovec Municipality', 'SI'),
(3599, 202, 'Braslovče Municipality', 'SI'),
(3600, 202, 'Brda Municipality', 'SI'),
(3601, 202, 'Brežice Municipality', 'SI'),
(3602, 202, 'Brezovica Municipality', 'SI'),
(3603, 202, 'Cankova Municipality', 'SI'),
(3604, 202, 'Cerklje na Gorenjskem Municipality', 'SI'),
(3605, 202, 'Cerknica Municipality', 'SI'),
(3606, 202, 'Cerkno Municipality', 'SI'),
(3607, 202, 'Cerkvenjak Municipality', 'SI'),
(3608, 202, 'City Municipality of Celje', 'SI'),
(3609, 202, 'City Municipality of Novo Mesto', 'SI'),
(3610, 202, 'Črenšovci Municipality', 'SI'),
(3611, 202, 'Črna na Koroškem Municipality', 'SI'),
(3612, 202, 'Črnomelj Municipality', 'SI'),
(3613, 202, 'Destrnik Municipality', 'SI'),
(3614, 202, 'Divača Municipality', 'SI'),
(3615, 202, 'Dobje Municipality', 'SI'),
(3616, 202, 'Dobrepolje Municipality', 'SI'),
(3617, 202, 'Dobrna Municipality', 'SI'),
(3618, 202, 'Dobrova–Polhov Gradec Municipality', 'SI'),
(3619, 202, 'Dobrovnik Municipality', 'SI'),
(3620, 202, 'Dol pri Ljubljani Municipality', 'SI'),
(3621, 202, 'Dolenjske Toplice Municipality', 'SI'),
(3622, 202, 'Domžale Municipality', 'SI'),
(3623, 202, 'Dornava Municipality', 'SI'),
(3624, 202, 'Dravograd Municipality', 'SI'),
(3625, 202, 'Duplek Municipality', 'SI'),
(3626, 202, 'Gorenja Vas–Poljane Municipality', 'SI'),
(3627, 202, 'Gorišnica Municipality', 'SI'),
(3628, 202, 'Gorje Municipality', 'SI'),
(3629, 202, 'Gornja Radgona Municipality', 'SI'),
(3630, 202, 'Gornji Grad Municipality', 'SI'),
(3631, 202, 'Gornji Petrovci Municipality', 'SI'),
(3632, 202, 'Grad Municipality', 'SI'),
(3633, 202, 'Grosuplje Municipality', 'SI'),
(3634, 202, 'Hajdina Municipality', 'SI'),
(3635, 202, 'Hoče–Slivnica Municipality', 'SI'),
(3636, 202, 'Hodoš Municipality', 'SI'),
(3637, 202, 'Horjul Municipality', 'SI'),
(3638, 202, 'Hrastnik Municipality', 'SI'),
(3639, 202, 'Hrpelje–Kozina Municipality', 'SI'),
(3640, 202, 'Idrija Municipality', 'SI'),
(3641, 202, 'Ig Municipality', 'SI'),
(3642, 202, 'Ivančna Gorica Municipality', 'SI'),
(3643, 202, 'Izola Municipality', 'SI'),
(3644, 202, 'Jesenice Municipality', 'SI'),
(3645, 202, 'Jezersko Municipality', 'SI'),
(3646, 202, 'Juršinci Municipality', 'SI'),
(3647, 202, 'Kamnik Municipality', 'SI'),
(3648, 202, 'Kanal ob Soči Municipality', 'SI'),
(3649, 202, 'Kidričevo Municipality', 'SI'),
(3650, 202, 'Kobarid Municipality', 'SI'),
(3651, 202, 'Kobilje Municipality', 'SI'),
(3652, 202, 'Kočevje Municipality', 'SI'),
(3653, 202, 'Komen Municipality', 'SI'),
(3654, 202, 'Komenda Municipality', 'SI'),
(3655, 202, 'Koper City Municipality', 'SI'),
(3656, 202, 'Kostanjevica na Krki Municipality', 'SI'),
(3657, 202, 'Kostel Municipality', 'SI'),
(3658, 202, 'Kozje Municipality', 'SI'),
(3659, 202, 'Kranj City Municipality', 'SI'),
(3660, 202, 'Kranjska Gora Municipality', 'SI'),
(3661, 202, 'Križevci Municipality', 'SI'),
(3662, 202, 'Kungota', 'SI'),
(3663, 202, 'Kuzma Municipality', 'SI'),
(3664, 202, 'Laško Municipality', 'SI'),
(3665, 202, 'Lenart Municipality', 'SI'),
(3666, 202, 'Lendava Municipality', 'SI'),
(3667, 202, 'Litija Municipality', 'SI'),
(3668, 202, 'Ljubljana City Municipality', 'SI'),
(3669, 202, 'Ljubno Municipality', 'SI'),
(3670, 202, 'Ljutomer Municipality', 'SI'),
(3671, 202, 'Log–Dragomer Municipality', 'SI'),
(3672, 202, 'Logatec Municipality', 'SI'),
(3673, 202, 'Loška Dolina Municipality', 'SI'),
(3674, 202, 'Loški Potok Municipality', 'SI'),
(3675, 202, 'Lovrenc na Pohorju Municipality', 'SI'),
(3676, 202, 'Luče Municipality', 'SI'),
(3677, 202, 'Lukovica Municipality', 'SI'),
(3678, 202, 'Majšperk Municipality', 'SI'),
(3679, 202, 'Makole Municipality', 'SI'),
(3680, 202, 'Maribor City Municipality', 'SI'),
(3681, 202, 'Markovci Municipality', 'SI'),
(3682, 202, 'Medvode Municipality', 'SI'),
(3683, 202, 'Mengeš Municipality', 'SI'),
(3684, 202, 'Metlika Municipality', 'SI'),
(3685, 202, 'Mežica Municipality', 'SI'),
(3686, 202, 'Miklavž na Dravskem Polju Municipality', 'SI'),
(3687, 202, 'Miren–Kostanjevica Municipality', 'SI'),
(3688, 202, 'Mirna Municipality', 'SI'),
(3689, 202, 'Mirna Peč Municipality', 'SI'),
(3690, 202, 'Mislinja Municipality', 'SI'),
(3691, 202, 'Mokronog–Trebelno Municipality', 'SI'),
(3692, 202, 'Moravče Municipality', 'SI'),
(3693, 202, 'Moravske Toplice Municipality', 'SI'),
(3694, 202, 'Mozirje Municipality', 'SI'),
(3695, 202, 'Municipality of Apače', 'SI'),
(3696, 202, 'Municipality of Cirkulane', 'SI'),
(3697, 202, 'Municipality of Ilirska Bistrica', 'SI'),
(3698, 202, 'Municipality of Krško', 'SI'),
(3699, 202, 'Municipality of Škofljica', 'SI'),
(3700, 202, 'Murska Sobota City Municipality', 'SI'),
(3701, 202, 'Muta Municipality', 'SI'),
(3702, 202, 'Naklo Municipality', 'SI'),
(3703, 202, 'Nazarje Municipality', 'SI'),
(3704, 202, 'Nova Gorica City Municipality', 'SI'),
(3705, 202, 'Odranci Municipality', 'SI'),
(3706, 202, 'Oplotnica', 'SI'),
(3707, 202, 'Ormož Municipality', 'SI'),
(3708, 202, 'Osilnica Municipality', 'SI'),
(3709, 202, 'Pesnica Municipality', 'SI'),
(3710, 202, 'Piran Municipality', 'SI'),
(3711, 202, 'Pivka Municipality', 'SI'),
(3712, 202, 'Podčetrtek Municipality', 'SI'),
(3713, 202, 'Podlehnik Municipality', 'SI'),
(3714, 202, 'Podvelka Municipality', 'SI'),
(3715, 202, 'Poljčane Municipality', 'SI'),
(3716, 202, 'Polzela Municipality', 'SI'),
(3717, 202, 'Postojna Municipality', 'SI'),
(3718, 202, 'Prebold Municipality', 'SI'),
(3719, 202, 'Preddvor Municipality', 'SI'),
(3720, 202, 'Prevalje Municipality', 'SI'),
(3721, 202, 'Ptuj City Municipality', 'SI'),
(3722, 202, 'Puconci Municipality', 'SI'),
(3723, 202, 'Rače–Fram Municipality', 'SI'),
(3724, 202, 'Radeče Municipality', 'SI'),
(3725, 202, 'Radenci Municipality', 'SI'),
(3726, 202, 'Radlje ob Dravi Municipality', 'SI'),
(3727, 202, 'Radovljica Municipality', 'SI'),
(3728, 202, 'Ravne na Koroškem Municipality', 'SI'),
(3729, 202, 'Razkrižje Municipality', 'SI'),
(3730, 202, 'Rečica ob Savinji Municipality', 'SI'),
(3731, 202, 'Renče–Vogrsko Municipality', 'SI'),
(3732, 202, 'Ribnica Municipality', 'SI'),
(3733, 202, 'Ribnica na Pohorju Municipality', 'SI'),
(3734, 202, 'Rogaška Slatina Municipality', 'SI'),
(3735, 202, 'Rogašovci Municipality', 'SI'),
(3736, 202, 'Rogatec Municipality', 'SI'),
(3737, 202, 'Ruše Municipality', 'SI'),
(3738, 202, 'Šalovci Municipality', 'SI'),
(3739, 202, 'Selnica ob Dravi Municipality', 'SI'),
(3740, 202, 'Semič Municipality', 'SI'),
(3741, 202, 'Šempeter–Vrtojba Municipality', 'SI'),
(3742, 202, 'Šenčur Municipality', 'SI'),
(3743, 202, 'Šentilj Municipality', 'SI'),
(3744, 202, 'Šentjernej Municipality', 'SI'),
(3745, 202, 'Šentjur Municipality', 'SI'),
(3746, 202, 'Šentrupert Municipality', 'SI'),
(3747, 202, 'Sevnica Municipality', 'SI'),
(3748, 202, 'Sežana Municipality', 'SI'),
(3749, 202, 'Škocjan Municipality', 'SI'),
(3750, 202, 'Škofja Loka Municipality', 'SI'),
(3751, 202, 'Slovenj Gradec City Municipality', 'SI'),
(3752, 202, 'Slovenska Bistrica Municipality', 'SI'),
(3753, 202, 'Slovenske Konjice Municipality', 'SI'),
(3754, 202, 'Šmarje pri Jelšah Municipality', 'SI'),
(3755, 202, 'Šmarješke Toplice Municipality', 'SI'),
(3756, 202, 'Šmartno ob Paki Municipality', 'SI'),
(3757, 202, 'Šmartno pri Litiji Municipality', 'SI'),
(3758, 202, 'Sodražica Municipality', 'SI'),
(3759, 202, 'Solčava Municipality', 'SI'),
(3760, 202, 'Šoštanj Municipality', 'SI'),
(3761, 202, 'Središče ob Dravi', 'SI'),
(3762, 202, 'Starše Municipality', 'SI'),
(3763, 202, 'Štore Municipality', 'SI'),
(3764, 202, 'Straža Municipality', 'SI'),
(3765, 202, 'Sveta Ana Municipality', 'SI'),
(3766, 202, 'Sveta Trojica v Slovenskih Goricah Municipality', 'SI'),
(3767, 202, 'Sveti Andraž v Slovenskih Goricah Municipality', 'SI'),
(3768, 202, 'Sveti Jurij ob Ščavnici Municipality', 'SI'),
(3769, 202, 'Sveti Jurij v Slovenskih Goricah Municipality', 'SI'),
(3770, 202, 'Sveti Tomaž Municipality', 'SI'),
(3771, 202, 'Tabor Municipality', 'SI'),
(3772, 202, 'Tišina Municipality', 'SI'),
(3773, 202, 'Tolmin Municipality', 'SI'),
(3774, 202, 'Trbovlje Municipality', 'SI'),
(3775, 202, 'Trebnje Municipality', 'SI'),
(3776, 202, 'Trnovska Vas Municipality', 'SI'),
(3777, 202, 'Tržič Municipality', 'SI'),
(3778, 202, 'Trzin Municipality', 'SI'),
(3779, 202, 'Turnišče Municipality', 'SI'),
(3780, 202, 'Velika Polana Municipality', 'SI'),
(3781, 202, 'Velike Lašče Municipality', 'SI'),
(3782, 202, 'Veržej Municipality', 'SI'),
(3783, 202, 'Videm Municipality', 'SI'),
(3784, 202, 'Vipava Municipality', 'SI'),
(3785, 202, 'Vitanje Municipality', 'SI'),
(3786, 202, 'Vodice Municipality', 'SI'),
(3787, 202, 'Vojnik Municipality', 'SI'),
(3788, 202, 'Vransko Municipality', 'SI'),
(3789, 202, 'Vrhnika Municipality', 'SI'),
(3790, 202, 'Vuzenica Municipality', 'SI'),
(3791, 202, 'Zagorje ob Savi Municipality', 'SI'),
(3792, 202, 'Žalec Municipality', 'SI'),
(3793, 202, 'Zavrč Municipality', 'SI'),
(3794, 202, 'Železniki Municipality', 'SI'),
(3795, 202, 'Žetale Municipality', 'SI'),
(3796, 202, 'Žiri Municipality', 'SI'),
(3797, 202, 'Žirovnica Municipality', 'SI'),
(3798, 202, 'Zreče Municipality', 'SI'),
(3799, 202, 'Žužemberk Municipality', 'SI'),
(3800, 203, 'Central Province', 'SB'),
(3801, 203, 'Choiseul Province', 'SB'),
(3802, 203, 'Guadalcanal Province', 'SB'),
(3803, 203, 'Honiara', 'SB'),
(3804, 203, 'Isabel Province', 'SB'),
(3805, 203, 'Makira-Ulawa Province', 'SB'),
(3806, 203, 'Malaita Province', 'SB'),
(3807, 203, 'Rennell and Bellona Province', 'SB'),
(3808, 203, 'Temotu Province', 'SB'),
(3809, 203, 'Western Province', 'SB'),
(3810, 204, 'Awdal Region', 'SO'),
(3811, 204, 'Bakool', 'SO'),
(3812, 204, 'Banaadir', 'SO'),
(3813, 204, 'Bari', 'SO'),
(3814, 204, 'Bay', 'SO'),
(3815, 204, 'Galguduud', 'SO'),
(3816, 204, 'Gedo', 'SO'),
(3817, 204, 'Hiran', 'SO'),
(3818, 204, 'Lower Juba', 'SO'),
(3819, 204, 'Lower Shebelle', 'SO'),
(3820, 204, 'Middle Juba', 'SO'),
(3821, 204, 'Middle Shebelle', 'SO'),
(3822, 204, 'Mudug', 'SO'),
(3823, 204, 'Nugal', 'SO'),
(3824, 204, 'Sanaag Region', 'SO'),
(3825, 204, 'Togdheer Region', 'SO'),
(3826, 205, 'Eastern Cape', 'ZA'),
(3827, 205, 'Free State', 'ZA'),
(3828, 205, 'Gauteng', 'ZA'),
(3829, 205, 'KwaZulu-Natal', 'ZA'),
(3830, 205, 'Limpopo', 'ZA'),
(3831, 205, 'Mpumalanga', 'ZA'),
(3832, 205, 'North West', 'ZA'),
(3833, 205, 'Northern Cape', 'ZA'),
(3834, 205, 'Western Cape', 'ZA'),
(3835, 207, 'Busan', 'KR'),
(3836, 207, 'Daegu', 'KR'),
(3837, 207, 'Daejeon', 'KR'),
(3838, 207, 'Gangwon Province', 'KR'),
(3839, 207, 'Gwangju', 'KR'),
(3840, 207, 'Gyeonggi Province', 'KR'),
(3841, 207, 'Incheon', 'KR'),
(3842, 207, 'Jeju', 'KR'),
(3843, 207, 'North Chungcheong Province', 'KR'),
(3844, 207, 'North Gyeongsang Province', 'KR'),
(3845, 207, 'North Jeolla Province', 'KR'),
(3846, 207, 'Sejong City', 'KR'),
(3847, 207, 'Seoul', 'KR'),
(3848, 207, 'South Chungcheong Province', 'KR'),
(3849, 207, 'South Gyeongsang Province', 'KR'),
(3850, 207, 'South Jeolla Province', 'KR'),
(3851, 207, 'Ulsan', 'KR'),
(3852, 208, 'Central Equatoria', 'SS'),
(3853, 208, 'Eastern Equatoria', 'SS'),
(3854, 208, 'Jonglei State', 'SS'),
(3855, 208, 'Lakes', 'SS'),
(3856, 208, 'Northern Bahr el Ghazal', 'SS'),
(3857, 208, 'Unity', 'SS'),
(3858, 208, 'Upper Nile', 'SS'),
(3859, 208, 'Warrap', 'SS'),
(3860, 208, 'Western Bahr el Ghazal', 'SS'),
(3861, 208, 'Western Equatoria', 'SS'),
(3862, 209, 'A Coruña', 'ES'),
(3863, 209, 'Albacete', 'ES'),
(3864, 209, 'Alicante', 'ES'),
(3865, 209, 'Almeria', 'ES'),
(3866, 209, 'Araba', 'ES'),
(3867, 209, 'Asturias', 'ES'),
(3868, 209, 'Ávila', 'ES'),
(3869, 209, 'Badajoz', 'ES'),
(3870, 209, 'Barcelona', 'ES'),
(3871, 209, 'Bizkaia', 'ES'),
(3872, 209, 'Burgos', 'ES'),
(3873, 209, 'Caceres', 'ES'),
(3874, 209, 'Cádiz', 'ES'),
(3875, 209, 'Cantabria', 'ES'),
(3876, 209, 'Castellón', 'ES'),
(3877, 209, 'Ciudad Real', 'ES'),
(3878, 209, 'Córdoba', 'ES'),
(3879, 209, 'Cuenca', 'ES'),
(3880, 209, 'Gipuzkoa', 'ES'),
(3881, 209, 'Girona', 'ES'),
(3882, 209, 'Granada', 'ES'),
(3883, 209, 'Guadalajara', 'ES'),
(3884, 209, 'Huelva', 'ES'),
(3885, 209, 'Huesca', 'ES'),
(3886, 209, 'Islas Baleares', 'ES'),
(3887, 209, 'Jaén', 'ES'),
(3888, 209, 'La Rioja', 'ES'),
(3889, 209, 'Las Palmas', 'ES'),
(3890, 209, 'Léon', 'ES'),
(3891, 209, 'Lleida', 'ES'),
(3892, 209, 'Lugo', 'ES'),
(3893, 209, 'Madrid', 'ES'),
(3894, 209, 'Málaga', 'ES'),
(3895, 209, 'Murcia', 'ES'),
(3896, 209, 'Navarra', 'ES'),
(3897, 209, 'Ourense', 'ES'),
(3898, 209, 'Palencia', 'ES'),
(3899, 209, 'Pontevedra', 'ES'),
(3900, 209, 'Salamanca', 'ES'),
(3901, 209, 'Santa Cruz de Tenerife', 'ES'),
(3902, 209, 'Segovia', 'ES'),
(3903, 209, 'Sevilla', 'ES'),
(3904, 209, 'Soria', 'ES'),
(3905, 209, 'Tarragona', 'ES'),
(3906, 209, 'Teruel', 'ES'),
(3907, 209, 'Toledo', 'ES'),
(3908, 209, 'Valencia', 'ES'),
(3909, 209, 'Valladolid', 'ES'),
(3910, 209, 'Zamora', 'ES'),
(3911, 209, 'Zaragoza', 'ES'),
(3912, 210, 'Ampara District', 'LK'),
(3913, 210, 'Anuradhapura District', 'LK'),
(3914, 210, 'Badulla District', 'LK'),
(3915, 210, 'Batticaloa District', 'LK'),
(3916, 210, 'Central Province', 'LK'),
(3917, 210, 'Colombo District', 'LK'),
(3918, 210, 'Eastern Province', 'LK'),
(3919, 210, 'Galle District', 'LK'),
(3920, 210, 'Gampaha District', 'LK'),
(3921, 210, 'Hambantota District', 'LK'),
(3922, 210, 'Jaffna District', 'LK'),
(3923, 210, 'Kalutara District', 'LK'),
(3924, 210, 'Kandy District', 'LK'),
(3925, 210, 'Kegalle District', 'LK'),
(3926, 210, 'Kilinochchi District', 'LK'),
(3927, 210, 'Mannar District', 'LK'),
(3928, 210, 'Matale District', 'LK'),
(3929, 210, 'Matara District', 'LK'),
(3930, 210, 'Monaragala District', 'LK'),
(3931, 210, 'Mullaitivu District', 'LK'),
(3932, 210, 'North Central Province', 'LK'),
(3933, 210, 'North Western Province', 'LK'),
(3934, 210, 'Northern Province', 'LK'),
(3935, 210, 'Nuwara Eliya District', 'LK'),
(3936, 210, 'Polonnaruwa District', 'LK'),
(3937, 210, 'Puttalam District', 'LK'),
(3938, 210, 'Ratnapura district', 'LK'),
(3939, 210, 'Sabaragamuwa Province', 'LK'),
(3940, 210, 'Southern Province', 'LK'),
(3941, 210, 'Trincomalee District', 'LK'),
(3942, 210, 'Uva Province', 'LK'),
(3943, 210, 'Vavuniya District', 'LK'),
(3944, 210, 'Western Province', 'LK'),
(3945, 211, 'Al Jazirah', 'SD'),
(3946, 211, 'Al Qadarif', 'SD'),
(3947, 211, 'Blue Nile', 'SD'),
(3948, 211, 'Central Darfur', 'SD'),
(3949, 211, 'East Darfur', 'SD'),
(3950, 211, 'Kassala', 'SD'),
(3951, 211, 'Khartoum', 'SD'),
(3952, 211, 'North Darfur', 'SD'),
(3953, 211, 'North Kordofan', 'SD'),
(3954, 211, 'Northern', 'SD'),
(3955, 211, 'Red Sea', 'SD'),
(3956, 211, 'River Nile', 'SD'),
(3957, 211, 'Sennar', 'SD'),
(3958, 211, 'South Darfur', 'SD'),
(3959, 211, 'South Kordofan', 'SD'),
(3960, 211, 'West Darfur', 'SD'),
(3961, 211, 'West Kordofan', 'SD'),
(3962, 211, 'White Nile', 'SD'),
(3963, 212, 'Brokopondo District', 'SR'),
(3964, 212, 'Commewijne District', 'SR'),
(3965, 212, 'Coronie District', 'SR'),
(3966, 212, 'Marowijne District', 'SR'),
(3967, 212, 'Nickerie District', 'SR'),
(3968, 212, 'Para District', 'SR'),
(3969, 212, 'Paramaribo District', 'SR'),
(3970, 212, 'Saramacca District', 'SR'),
(3971, 212, 'Sipaliwini District', 'SR'),
(3972, 212, 'Wanica District', 'SR'),
(3973, 214, 'Hhohho District', 'SZ'),
(3974, 214, 'Lubombo District', 'SZ'),
(3975, 214, 'Manzini District', 'SZ'),
(3976, 214, 'Shiselweni District', 'SZ'),
(3977, 215, 'Blekinge', 'SE'),
(3978, 215, 'Dalarna County', 'SE'),
(3979, 215, 'Gävleborg County', 'SE'),
(3980, 215, 'Gotland County', 'SE'),
(3981, 215, 'Halland County', 'SE'),
(3982, 215, 'Jönköping County', 'SE'),
(3983, 215, 'Kalmar County', 'SE'),
(3984, 215, 'Kronoberg County', 'SE'),
(3985, 215, 'Norrbotten County', 'SE'),
(3986, 215, 'Örebro County', 'SE'),
(3987, 215, 'Östergötland County', 'SE'),
(3988, 215, 'Skåne County', 'SE'),
(3989, 215, 'Södermanland County', 'SE'),
(3990, 215, 'Stockholm County', 'SE'),
(3991, 215, 'Uppsala County', 'SE'),
(3992, 215, 'Värmland County', 'SE'),
(3993, 215, 'Västerbotten County', 'SE'),
(3994, 215, 'Västernorrland County', 'SE'),
(3995, 215, 'Västmanland County', 'SE'),
(3996, 215, 'Västra Götaland County', 'SE'),
(3997, 216, 'Aargau', 'CH'),
(3998, 216, 'Appenzell Ausserrhoden', 'CH'),
(3999, 216, 'Appenzell Innerrhoden', 'CH'),
(4000, 216, 'Basel-Land', 'CH'),
(4001, 216, 'Basel-Stadt', 'CH'),
(4002, 216, 'Bern', 'CH'),
(4003, 216, 'Fribourg', 'CH'),
(4004, 216, 'Geneva', 'CH'),
(4005, 216, 'Glarus', 'CH'),
(4006, 216, 'Graubünden', 'CH'),
(4007, 216, 'Jura', 'CH'),
(4008, 216, 'Lucerne', 'CH'),
(4009, 216, 'Neuchâtel', 'CH'),
(4010, 216, 'Nidwalden', 'CH'),
(4011, 216, 'Obwalden', 'CH'),
(4012, 216, 'Schaffhausen', 'CH'),
(4013, 216, 'Schwyz', 'CH'),
(4014, 216, 'Solothurn', 'CH'),
(4015, 216, 'St. Gallen', 'CH'),
(4016, 216, 'Thurgau', 'CH'),
(4017, 216, 'Ticino', 'CH'),
(4018, 216, 'Uri', 'CH'),
(4019, 216, 'Valais', 'CH'),
(4020, 216, 'Vaud', 'CH'),
(4021, 216, 'Zug', 'CH'),
(4022, 216, 'Zürich', 'CH'),
(4023, 217, 'Al-Hasakah', 'SY'),
(4024, 217, 'Al-Raqqah', 'SY'),
(4025, 217, 'Aleppo', 'SY'),
(4026, 217, 'As-Suwayda', 'SY'),
(4027, 217, 'Damascus', 'SY'),
(4028, 217, 'Daraa', 'SY'),
(4029, 217, 'Deir ez-Zor', 'SY'),
(4030, 217, 'Hama', 'SY'),
(4031, 217, 'Homs', 'SY'),
(4032, 217, 'Idlib', 'SY'),
(4033, 217, 'Latakia', 'SY'),
(4034, 217, 'Quneitra', 'SY'),
(4035, 217, 'Rif Dimashq', 'SY'),
(4036, 217, 'Tartus', 'SY'),
(4037, 218, 'Changhua', 'TW'),
(4038, 218, 'Chiayi', 'TW'),
(4039, 218, 'Chiayi', 'TW'),
(4040, 218, 'Hsinchu', 'TW'),
(4041, 218, 'Hsinchu', 'TW'),
(4042, 218, 'Hualien', 'TW'),
(4043, 218, 'Kaohsiung', 'TW'),
(4044, 218, 'Keelung', 'TW'),
(4045, 218, 'Kinmen', 'TW'),
(4046, 218, 'Lienchiang', 'TW'),
(4047, 218, 'Miaoli', 'TW'),
(4048, 218, 'Nantou', 'TW'),
(4049, 218, 'New Taipei', 'TW'),
(4050, 218, 'Penghu', 'TW'),
(4051, 218, 'Pingtung', 'TW'),
(4052, 218, 'Taichung', 'TW'),
(4053, 218, 'Tainan', 'TW'),
(4054, 218, 'Taipei', 'TW'),
(4055, 218, 'Taitung', 'TW'),
(4056, 218, 'Taoyuan', 'TW'),
(4057, 218, 'Yilan', 'TW'),
(4058, 218, 'Yunlin', 'TW'),
(4059, 219, 'districts of Republican Subordination', 'TJ'),
(4060, 219, 'Gorno-Badakhshan Autonomous Province', 'TJ'),
(4061, 219, 'Khatlon Province', 'TJ'),
(4062, 219, 'Sughd Province', 'TJ'),
(4063, 220, 'Arusha', 'TZ'),
(4064, 220, 'Dar es Salaam', 'TZ'),
(4065, 220, 'Dodoma', 'TZ'),
(4066, 220, 'Geita', 'TZ'),
(4067, 220, 'Iringa', 'TZ'),
(4068, 220, 'Kagera', 'TZ'),
(4069, 220, 'Katavi', 'TZ'),
(4070, 220, 'Kigoma', 'TZ'),
(4071, 220, 'Kilimanjaro', 'TZ'),
(4072, 220, 'Lindi', 'TZ'),
(4073, 220, 'Manyara', 'TZ'),
(4074, 220, 'Mara', 'TZ'),
(4075, 220, 'Mbeya', 'TZ'),
(4076, 220, 'Morogoro', 'TZ'),
(4077, 220, 'Mtwara', 'TZ'),
(4078, 220, 'Mwanza', 'TZ'),
(4079, 220, 'Njombe', 'TZ'),
(4080, 220, 'Pemba North', 'TZ'),
(4081, 220, 'Pemba South', 'TZ'),
(4082, 220, 'Pwani', 'TZ'),
(4083, 220, 'Rukwa', 'TZ'),
(4084, 220, 'Ruvuma', 'TZ'),
(4085, 220, 'Shinyanga', 'TZ'),
(4086, 220, 'Simiyu', 'TZ'),
(4087, 220, 'Singida', 'TZ'),
(4088, 220, 'Songwe', 'TZ'),
(4089, 220, 'Tabora', 'TZ'),
(4090, 220, 'Tanga', 'TZ'),
(4091, 220, 'Zanzibar North', 'TZ'),
(4092, 220, 'Zanzibar South', 'TZ'),
(4093, 220, 'Zanzibar West', 'TZ'),
(4094, 221, 'Amnat Charoen', 'TH'),
(4095, 221, 'Ang Thong', 'TH'),
(4096, 221, 'Bangkok', 'TH'),
(4097, 221, 'Bueng Kan', 'TH'),
(4098, 221, 'Buri Ram', 'TH'),
(4099, 221, 'Chachoengsao', 'TH'),
(4100, 221, 'Chai Nat', 'TH'),
(4101, 221, 'Chaiyaphum', 'TH'),
(4102, 221, 'Chanthaburi', 'TH'),
(4103, 221, 'Chiang Mai', 'TH'),
(4104, 221, 'Chiang Rai', 'TH'),
(4105, 221, 'Chon Buri', 'TH'),
(4106, 221, 'Chumphon', 'TH'),
(4107, 221, 'Kalasin', 'TH'),
(4108, 221, 'Kamphaeng Phet', 'TH'),
(4109, 221, 'Kanchanaburi', 'TH'),
(4110, 221, 'Khon Kaen', 'TH'),
(4111, 221, 'Krabi', 'TH'),
(4112, 221, 'Lampang', 'TH'),
(4113, 221, 'Lamphun', 'TH'),
(4114, 221, 'Loei', 'TH'),
(4115, 221, 'Lop Buri', 'TH'),
(4116, 221, 'Mae Hong Son', 'TH'),
(4117, 221, 'Maha Sarakham', 'TH'),
(4118, 221, 'Mukdahan', 'TH'),
(4119, 221, 'Nakhon Nayok', 'TH'),
(4120, 221, 'Nakhon Pathom', 'TH'),
(4121, 221, 'Nakhon Phanom', 'TH'),
(4122, 221, 'Nakhon Ratchasima', 'TH'),
(4123, 221, 'Nakhon Sawan', 'TH'),
(4124, 221, 'Nakhon Si Thammarat', 'TH'),
(4125, 221, 'Nan', 'TH'),
(4126, 221, 'Narathiwat', 'TH'),
(4127, 221, 'Nong Bua Lam Phu', 'TH'),
(4128, 221, 'Nong Khai', 'TH'),
(4129, 221, 'Nonthaburi', 'TH'),
(4130, 221, 'Pathum Thani', 'TH'),
(4131, 221, 'Pattani', 'TH'),
(4132, 221, 'Pattaya', 'TH'),
(4133, 221, 'Phangnga', 'TH'),
(4134, 221, 'Phatthalung', 'TH'),
(4135, 221, 'Phayao', 'TH'),
(4136, 221, 'Phetchabun', 'TH'),
(4137, 221, 'Phetchaburi', 'TH'),
(4138, 221, 'Phichit', 'TH'),
(4139, 221, 'Phitsanulok', 'TH'),
(4140, 221, 'Phra Nakhon Si Ayutthaya', 'TH'),
(4141, 221, 'Phrae', 'TH'),
(4142, 221, 'Phuket', 'TH'),
(4143, 221, 'Prachin Buri', 'TH'),
(4144, 221, 'Prachuap Khiri Khan', 'TH'),
(4145, 221, 'Ranong', 'TH'),
(4146, 221, 'Ratchaburi', 'TH'),
(4147, 221, 'Rayong', 'TH'),
(4148, 221, 'Roi Et', 'TH'),
(4149, 221, 'Sa Kaeo', 'TH'),
(4150, 221, 'Sakon Nakhon', 'TH'),
(4151, 221, 'Samut Prakan', 'TH'),
(4152, 221, 'Samut Sakhon', 'TH'),
(4153, 221, 'Samut Songkhram', 'TH'),
(4154, 221, 'Saraburi', 'TH'),
(4155, 221, 'Satun', 'TH'),
(4156, 221, 'Si Sa Ket', 'TH'),
(4157, 221, 'Sing Buri', 'TH'),
(4158, 221, 'Songkhla', 'TH'),
(4159, 221, 'Sukhothai', 'TH'),
(4160, 221, 'Suphan Buri', 'TH'),
(4161, 221, 'Surat Thani', 'TH'),
(4162, 221, 'Surin', 'TH'),
(4163, 221, 'Tak', 'TH'),
(4164, 221, 'Trang', 'TH'),
(4165, 221, 'Trat', 'TH'),
(4166, 221, 'Ubon Ratchathani', 'TH'),
(4167, 221, 'Udon Thani', 'TH'),
(4168, 221, 'Uthai Thani', 'TH'),
(4169, 221, 'Uttaradit', 'TH'),
(4170, 221, 'Yala', 'TH'),
(4171, 221, 'Yasothon', 'TH'),
(4172, 222, 'Acklins', 'BS'),
(4173, 222, 'Acklins and Crooked Islands', 'BS'),
(4174, 222, 'Berry Islands', 'BS'),
(4175, 222, 'Bimini', 'BS'),
(4176, 222, 'Black Point', 'BS'),
(4177, 222, 'Cat Island', 'BS'),
(4178, 222, 'Central Abaco', 'BS'),
(4179, 222, 'Central Andros', 'BS'),
(4180, 222, 'Central Eleuthera', 'BS'),
(4181, 222, 'Crooked Island', 'BS'),
(4182, 222, 'East Grand Bahama', 'BS'),
(4183, 222, 'Exuma', 'BS'),
(4184, 222, 'Freeport', 'BS'),
(4185, 222, 'Fresh Creek', 'BS'),
(4186, 222, 'Governor\'s Harbour', 'BS'),
(4187, 222, 'Grand Cay', 'BS'),
(4188, 222, 'Green Turtle Cay', 'BS'),
(4189, 222, 'Harbour Island', 'BS'),
(4190, 222, 'High Rock', 'BS'),
(4191, 222, 'Hope Town', 'BS'),
(4192, 222, 'Inagua', 'BS'),
(4193, 222, 'Kemps Bay', 'BS'),
(4194, 222, 'Long Island', 'BS'),
(4195, 222, 'Mangrove Cay', 'BS'),
(4196, 222, 'Marsh Harbour', 'BS'),
(4197, 222, 'Mayaguana District', 'BS'),
(4198, 222, 'New Providence', 'BS'),
(4199, 222, 'Nichollstown and Berry Islands', 'BS'),
(4200, 222, 'North Abaco', 'BS'),
(4201, 222, 'North Andros', 'BS'),
(4202, 222, 'North Eleuthera', 'BS'),
(4203, 222, 'Ragged Island', 'BS'),
(4204, 222, 'Rock Sound', 'BS'),
(4205, 222, 'Rum Cay District', 'BS'),
(4206, 222, 'San Salvador and Rum Cay', 'BS'),
(4207, 222, 'San Salvador Island', 'BS'),
(4208, 222, 'Sandy Point', 'BS'),
(4209, 222, 'South Abaco', 'BS'),
(4210, 222, 'South Andros', 'BS'),
(4211, 222, 'South Eleuthera', 'BS'),
(4212, 222, 'Spanish Wells', 'BS'),
(4213, 222, 'West Grand Bahama', 'BS'),
(4214, 223, 'Centrale Region', 'TG'),
(4215, 223, 'Kara Region', 'TG'),
(4216, 223, 'Maritime', 'TG'),
(4217, 223, 'Plateaux Region', 'TG'),
(4218, 223, 'Savanes Region', 'TG'),
(4219, 225, 'Haʻapai', 'TO'),
(4220, 225, 'ʻEua', 'TO'),
(4221, 225, 'Niuas', 'TO'),
(4222, 225, 'Tongatapu', 'TO'),
(4223, 225, 'Vavaʻu', 'TO'),
(4224, 226, 'Arima', 'TT'),
(4225, 226, 'Chaguanas', 'TT'),
(4226, 226, 'Couva-Tabaquite-Talparo Regional Corporation', 'TT'),
(4227, 226, 'Diego Martin Regional Corporation', 'TT'),
(4228, 226, 'Eastern Tobago', 'TT'),
(4229, 226, 'Penal-Debe Regional Corporation', 'TT'),
(4230, 226, 'Point Fortin', 'TT'),
(4231, 226, 'Port of Spain', 'TT'),
(4232, 226, 'Princes Town Regional Corporation', 'TT'),
(4233, 226, 'Rio Claro-Mayaro Regional Corporation', 'TT'),
(4234, 226, 'San Fernando', 'TT'),
(4235, 226, 'San Juan-Laventille Regional Corporation', 'TT'),
(4236, 226, 'Sangre Grande Regional Corporation', 'TT'),
(4237, 226, 'Siparia Regional Corporation', 'TT'),
(4238, 226, 'Tunapuna-Piarco Regional Corporation', 'TT'),
(4239, 226, 'Western Tobago', 'TT'),
(4240, 227, 'Ariana', 'TN'),
(4241, 227, 'Ben Arous', 'TN'),
(4242, 227, 'Bizerte', 'TN'),
(4243, 227, 'Gabès', 'TN'),
(4244, 227, 'Gafsa', 'TN'),
(4245, 227, 'Jendouba', 'TN'),
(4246, 227, 'Kairouan', 'TN'),
(4247, 227, 'Kasserine', 'TN'),
(4248, 227, 'Kassrine', 'TN'),
(4249, 227, 'Kebili', 'TN'),
(4250, 227, 'Kef', 'TN'),
(4251, 227, 'Mahdia', 'TN'),
(4252, 227, 'Manouba', 'TN'),
(4253, 227, 'Medenine', 'TN'),
(4254, 227, 'Monastir', 'TN'),
(4255, 227, 'Nabeul', 'TN'),
(4256, 227, 'Sfax', 'TN'),
(4257, 227, 'Sidi Bouzid', 'TN'),
(4258, 227, 'Siliana', 'TN'),
(4259, 227, 'Sousse', 'TN'),
(4260, 227, 'Tataouine', 'TN'),
(4261, 227, 'Tozeur', 'TN'),
(4262, 227, 'Tunis', 'TN'),
(4263, 227, 'Zaghouan', 'TN'),
(4264, 228, 'Adana', 'TR'),
(4265, 228, 'Adıyaman', 'TR'),
(4266, 228, 'Afyonkarahisar', 'TR'),
(4267, 228, 'Ağrı', 'TR'),
(4268, 228, 'Aksaray', 'TR'),
(4269, 228, 'Amasya', 'TR'),
(4270, 228, 'Ankara', 'TR'),
(4271, 228, 'Antalya', 'TR'),
(4272, 228, 'Ardahan', 'TR'),
(4273, 228, 'Artvin', 'TR'),
(4274, 228, 'Aydın', 'TR'),
(4275, 228, 'Balıkesir', 'TR'),
(4276, 228, 'Bartın', 'TR'),
(4277, 228, 'Batman', 'TR'),
(4278, 228, 'Bayburt', 'TR'),
(4279, 228, 'Bilecik', 'TR'),
(4280, 228, 'Bingöl', 'TR'),
(4281, 228, 'Bitlis', 'TR'),
(4282, 228, 'Bolu', 'TR'),
(4283, 228, 'Burdur', 'TR'),
(4284, 228, 'Bursa', 'TR'),
(4285, 228, 'Çanakkale', 'TR'),
(4286, 228, 'Çankırı', 'TR'),
(4287, 228, 'Çorum', 'TR'),
(4288, 228, 'Denizli', 'TR'),
(4289, 228, 'Diyarbakır', 'TR'),
(4290, 228, 'Düzce', 'TR'),
(4291, 228, 'Edirne', 'TR'),
(4292, 228, 'Elazığ', 'TR'),
(4293, 228, 'Erzincan', 'TR'),
(4294, 228, 'Erzurum', 'TR'),
(4295, 228, 'Eskişehir', 'TR'),
(4296, 228, 'Gaziantep', 'TR'),
(4297, 228, 'Giresun', 'TR'),
(4298, 228, 'Gümüşhane', 'TR'),
(4299, 228, 'Hakkâri', 'TR'),
(4300, 228, 'Hatay', 'TR'),
(4301, 228, 'Iğdır', 'TR'),
(4302, 228, 'Isparta', 'TR'),
(4303, 228, 'İstanbul', 'TR'),
(4304, 228, 'İzmir', 'TR'),
(4305, 228, 'Kahramanmaraş', 'TR'),
(4306, 228, 'Karabük', 'TR'),
(4307, 228, 'Karaman', 'TR'),
(4308, 228, 'Kars', 'TR'),
(4309, 228, 'Kastamonu', 'TR'),
(4310, 228, 'Kayseri', 'TR'),
(4311, 228, 'Kilis', 'TR'),
(4312, 228, 'Kırıkkale', 'TR'),
(4313, 228, 'Kırklareli', 'TR'),
(4314, 228, 'Kırşehir', 'TR'),
(4315, 228, 'Kocaeli', 'TR'),
(4316, 228, 'Konya', 'TR'),
(4317, 228, 'Kütahya', 'TR'),
(4318, 228, 'Malatya', 'TR'),
(4319, 228, 'Manisa', 'TR'),
(4320, 228, 'Mardin', 'TR'),
(4321, 228, 'Mersin', 'TR'),
(4322, 228, 'Muğla', 'TR'),
(4323, 228, 'Muş', 'TR'),
(4324, 228, 'Nevşehir', 'TR'),
(4325, 228, 'Niğde', 'TR'),
(4326, 228, 'Ordu', 'TR'),
(4327, 228, 'Osmaniye', 'TR'),
(4328, 228, 'Rize', 'TR'),
(4329, 228, 'Sakarya', 'TR'),
(4330, 228, 'Samsun', 'TR'),
(4331, 228, 'Şanlıurfa', 'TR'),
(4332, 228, 'Siirt', 'TR'),
(4333, 228, 'Sinop', 'TR'),
(4334, 228, 'Sivas', 'TR'),
(4335, 228, 'Şırnak', 'TR'),
(4336, 228, 'Tekirdağ', 'TR'),
(4337, 228, 'Tokat', 'TR'),
(4338, 228, 'Trabzon', 'TR'),
(4339, 228, 'Tunceli', 'TR'),
(4340, 228, 'Uşak', 'TR'),
(4341, 228, 'Van', 'TR'),
(4342, 228, 'Yalova', 'TR'),
(4343, 228, 'Yozgat', 'TR'),
(4344, 228, 'Zonguldak', 'TR'),
(4345, 229, 'Ahal Region', 'TM'),
(4346, 229, 'Ashgabat', 'TM'),
(4347, 229, 'Balkan Region', 'TM'),
(4348, 229, 'Daşoguz Region', 'TM'),
(4349, 229, 'Lebap Region', 'TM'),
(4350, 229, 'Mary Region', 'TM'),
(4351, 231, 'Funafuti', 'TV'),
(4352, 231, 'Nanumanga', 'TV'),
(4353, 231, 'Nanumea', 'TV'),
(4354, 231, 'Niutao Island Council', 'TV'),
(4355, 231, 'Nui', 'TV'),
(4356, 231, 'Nukufetau', 'TV'),
(4357, 231, 'Nukulaelae', 'TV'),
(4358, 231, 'Vaitupu', 'TV'),
(4359, 232, 'Abim District', 'UG'),
(4360, 232, 'Adjumani District', 'UG'),
(4361, 232, 'Agago District', 'UG'),
(4362, 232, 'Alebtong District', 'UG'),
(4363, 232, 'Amolatar District', 'UG'),
(4364, 232, 'Amudat District', 'UG'),
(4365, 232, 'Amuria District', 'UG'),
(4366, 232, 'Amuru District', 'UG'),
(4367, 232, 'Apac District', 'UG'),
(4368, 232, 'Arua District', 'UG'),
(4369, 232, 'Budaka District', 'UG'),
(4370, 232, 'Bududa District', 'UG'),
(4371, 232, 'Bugiri District', 'UG'),
(4372, 232, 'Buhweju District', 'UG'),
(4373, 232, 'Buikwe District', 'UG'),
(4374, 232, 'Bukedea District', 'UG'),
(4375, 232, 'Bukomansimbi District', 'UG'),
(4376, 232, 'Bukwo District', 'UG'),
(4377, 232, 'Bulambuli District', 'UG'),
(4378, 232, 'Buliisa District', 'UG'),
(4379, 232, 'Bundibugyo District', 'UG'),
(4380, 232, 'Bunyangabu District', 'UG'),
(4381, 232, 'Bushenyi District', 'UG'),
(4382, 232, 'Busia District', 'UG'),
(4383, 232, 'Butaleja District', 'UG'),
(4384, 232, 'Butambala District', 'UG'),
(4385, 232, 'Butebo District', 'UG'),
(4386, 232, 'Buvuma District', 'UG'),
(4387, 232, 'Buyende District', 'UG'),
(4388, 232, 'Central Region', 'UG'),
(4389, 232, 'Dokolo District', 'UG'),
(4390, 232, 'Eastern Region', 'UG'),
(4391, 232, 'Gomba District', 'UG'),
(4392, 232, 'Gulu District', 'UG'),
(4393, 232, 'Ibanda District', 'UG'),
(4394, 232, 'Iganga District', 'UG'),
(4395, 232, 'Isingiro District', 'UG'),
(4396, 232, 'Jinja District', 'UG'),
(4397, 232, 'Kaabong District', 'UG'),
(4398, 232, 'Kabale District', 'UG'),
(4399, 232, 'Kabarole District', 'UG'),
(4400, 232, 'Kaberamaido District', 'UG'),
(4401, 232, 'Kagadi District', 'UG'),
(4402, 232, 'Kakumiro District', 'UG'),
(4403, 232, 'Kalangala District', 'UG'),
(4404, 232, 'Kaliro District', 'UG'),
(4405, 232, 'Kalungu District', 'UG'),
(4406, 232, 'Kampala District', 'UG'),
(4407, 232, 'Kamuli District', 'UG'),
(4408, 232, 'Kamwenge District', 'UG'),
(4409, 232, 'Kanungu District', 'UG'),
(4410, 232, 'Kapchorwa District', 'UG'),
(4411, 232, 'Kasese District', 'UG'),
(4412, 232, 'Katakwi District', 'UG'),
(4413, 232, 'Kayunga District', 'UG'),
(4414, 232, 'Kibaale District', 'UG'),
(4415, 232, 'Kiboga District', 'UG'),
(4416, 232, 'Kibuku District', 'UG'),
(4417, 232, 'Kiruhura District', 'UG'),
(4418, 232, 'Kiryandongo District', 'UG'),
(4419, 232, 'Kisoro District', 'UG'),
(4420, 232, 'Kitgum District', 'UG'),
(4421, 232, 'Koboko District', 'UG'),
(4422, 232, 'Kole District', 'UG'),
(4423, 232, 'Kotido District', 'UG'),
(4424, 232, 'Kumi District', 'UG');
INSERT INTO `states` (`id`, `country_id`, `name`, `country_code`) VALUES
(4425, 232, 'Kween District', 'UG'),
(4426, 232, 'Kyankwanzi District', 'UG'),
(4427, 232, 'Kyegegwa District', 'UG'),
(4428, 232, 'Kyenjojo District', 'UG'),
(4429, 232, 'Kyotera District', 'UG'),
(4430, 232, 'Lamwo District', 'UG'),
(4431, 232, 'Lira District', 'UG'),
(4432, 232, 'Luuka District', 'UG'),
(4433, 232, 'Luwero District', 'UG'),
(4434, 232, 'Lwengo District', 'UG'),
(4435, 232, 'Lyantonde District', 'UG'),
(4436, 232, 'Manafwa District', 'UG'),
(4437, 232, 'Maracha District', 'UG'),
(4438, 232, 'Masaka District', 'UG'),
(4439, 232, 'Masindi District', 'UG'),
(4440, 232, 'Mayuge District', 'UG'),
(4441, 232, 'Mbale District', 'UG'),
(4442, 232, 'Mbarara District', 'UG'),
(4443, 232, 'Mitooma District', 'UG'),
(4444, 232, 'Mityana District', 'UG'),
(4445, 232, 'Moroto District', 'UG'),
(4446, 232, 'Moyo District', 'UG'),
(4447, 232, 'Mpigi District', 'UG'),
(4448, 232, 'Mubende District', 'UG'),
(4449, 232, 'Mukono District', 'UG'),
(4450, 232, 'Nakapiripirit District', 'UG'),
(4451, 232, 'Nakaseke District', 'UG'),
(4452, 232, 'Nakasongola District', 'UG'),
(4453, 232, 'Namayingo District', 'UG'),
(4454, 232, 'Namisindwa District', 'UG'),
(4455, 232, 'Namutumba District', 'UG'),
(4456, 232, 'Napak District', 'UG'),
(4457, 232, 'Nebbi District', 'UG'),
(4458, 232, 'Ngora District', 'UG'),
(4459, 232, 'Northern Region', 'UG'),
(4460, 232, 'Ntoroko District', 'UG'),
(4461, 232, 'Ntungamo District', 'UG'),
(4462, 232, 'Nwoya District', 'UG'),
(4463, 232, 'Omoro District', 'UG'),
(4464, 232, 'Otuke District', 'UG'),
(4465, 232, 'Oyam District', 'UG'),
(4466, 232, 'Pader District', 'UG'),
(4467, 232, 'Pakwach District', 'UG'),
(4468, 232, 'Pallisa District', 'UG'),
(4469, 232, 'Rakai District', 'UG'),
(4470, 232, 'Rubanda District', 'UG'),
(4471, 232, 'Rubirizi District', 'UG'),
(4472, 232, 'Rukiga District', 'UG'),
(4473, 232, 'Rukungiri District', 'UG'),
(4474, 232, 'Sembabule District', 'UG'),
(4475, 232, 'Serere District', 'UG'),
(4476, 232, 'Sheema District', 'UG'),
(4477, 232, 'Sironko District', 'UG'),
(4478, 232, 'Soroti District', 'UG'),
(4479, 232, 'Tororo District', 'UG'),
(4480, 232, 'Wakiso District', 'UG'),
(4481, 232, 'Western Region', 'UG'),
(4482, 232, 'Yumbe District', 'UG'),
(4483, 232, 'Zombo District', 'UG'),
(4484, 233, 'Autonomous Republic of Crimea', 'UA'),
(4485, 233, 'Cherkaska oblast', 'UA'),
(4486, 233, 'Chernihivska oblast', 'UA'),
(4487, 233, 'Chernivetska oblast', 'UA'),
(4488, 233, 'Dnipropetrovska oblast', 'UA'),
(4489, 233, 'Donetska oblast', 'UA'),
(4490, 233, 'Ivano-Frankivska oblast', 'UA'),
(4491, 233, 'Kharkivska oblast', 'UA'),
(4492, 233, 'Khersonska oblast', 'UA'),
(4493, 233, 'Khmelnytska oblast', 'UA'),
(4494, 233, 'Kirovohradska oblast', 'UA'),
(4495, 233, 'Kyiv', 'UA'),
(4496, 233, 'Kyivska oblast', 'UA'),
(4497, 233, 'Luhanska oblast', 'UA'),
(4498, 233, 'Lvivska oblast', 'UA'),
(4499, 233, 'Mykolaivska oblast', 'UA'),
(4500, 233, 'Odeska oblast', 'UA'),
(4501, 233, 'Poltavska oblast', 'UA'),
(4502, 233, 'Rivnenska oblast', 'UA'),
(4503, 233, 'Sumska oblast', 'UA'),
(4504, 233, 'Ternopilska oblast', 'UA'),
(4505, 233, 'Vinnytska oblast', 'UA'),
(4506, 233, 'Volynska oblast', 'UA'),
(4507, 233, 'Zakarpatska Oblast', 'UA'),
(4508, 233, 'Zaporizka oblast', 'UA'),
(4509, 233, 'Zhytomyrska oblast', 'UA'),
(4510, 234, 'Abu Dhabi Emirate', 'AE'),
(4511, 234, 'Ajman Emirate', 'AE'),
(4512, 234, 'Dubai', 'AE'),
(4513, 234, 'Fujairah', 'AE'),
(4514, 234, 'Ras al-Khaimah', 'AE'),
(4515, 234, 'Sharjah Emirate', 'AE'),
(4516, 234, 'Umm al-Quwain', 'AE'),
(4517, 235, 'Aberdeen', 'GB'),
(4518, 235, 'Aberdeenshire', 'GB'),
(4519, 235, 'Angus', 'GB'),
(4520, 235, 'Antrim', 'GB'),
(4521, 235, 'Antrim and Newtownabbey', 'GB'),
(4522, 235, 'Ards', 'GB'),
(4523, 235, 'Ards and North Down', 'GB'),
(4524, 235, 'Argyll and Bute', 'GB'),
(4525, 235, 'Armagh City and District Council', 'GB'),
(4526, 235, 'Armagh, Banbridge and Craigavon', 'GB'),
(4527, 235, 'Ascension Island', 'GB'),
(4528, 235, 'Ballymena Borough', 'GB'),
(4529, 235, 'Ballymoney', 'GB'),
(4530, 235, 'Banbridge', 'GB'),
(4531, 235, 'Barnsley', 'GB'),
(4532, 235, 'Bath and North East Somerset', 'GB'),
(4533, 235, 'Bedford', 'GB'),
(4534, 235, 'Belfast district', 'GB'),
(4535, 235, 'Birmingham', 'GB'),
(4536, 235, 'Blackburn with Darwen', 'GB'),
(4537, 235, 'Blackpool', 'GB'),
(4538, 235, 'Blaenau Gwent County Borough', 'GB'),
(4539, 235, 'Bolton', 'GB'),
(4540, 235, 'Bournemouth', 'GB'),
(4541, 235, 'Bracknell Forest', 'GB'),
(4542, 235, 'Bradford', 'GB'),
(4543, 235, 'Bridgend County Borough', 'GB'),
(4544, 235, 'Brighton and Hove', 'GB'),
(4545, 235, 'Buckinghamshire', 'GB'),
(4546, 235, 'Bury', 'GB'),
(4547, 235, 'Caerphilly County Borough', 'GB'),
(4548, 235, 'Calderdale', 'GB'),
(4549, 235, 'Cambridgeshire', 'GB'),
(4550, 235, 'Carmarthenshire', 'GB'),
(4551, 235, 'Carrickfergus Borough Council', 'GB'),
(4552, 235, 'Castlereagh', 'GB'),
(4553, 235, 'Causeway Coast and Glens', 'GB'),
(4554, 235, 'Central Bedfordshire', 'GB'),
(4555, 235, 'Ceredigion', 'GB'),
(4556, 235, 'Cheshire East', 'GB'),
(4557, 235, 'Cheshire West and Chester', 'GB'),
(4558, 235, 'City and County of Cardiff', 'GB'),
(4559, 235, 'City and County of Swansea', 'GB'),
(4560, 235, 'City of Bristol', 'GB'),
(4561, 235, 'City of Derby', 'GB'),
(4562, 235, 'City of Kingston upon Hull', 'GB'),
(4563, 235, 'City of Leicester', 'GB'),
(4564, 235, 'City of London', 'GB'),
(4565, 235, 'City of Nottingham', 'GB'),
(4566, 235, 'City of Peterborough', 'GB'),
(4567, 235, 'City of Plymouth', 'GB'),
(4568, 235, 'City of Portsmouth', 'GB'),
(4569, 235, 'City of Southampton', 'GB'),
(4570, 235, 'City of Stoke-on-Trent', 'GB'),
(4571, 235, 'City of Sunderland', 'GB'),
(4572, 235, 'City of Westminster', 'GB'),
(4573, 235, 'City of Wolverhampton', 'GB'),
(4574, 235, 'City of York', 'GB'),
(4575, 235, 'Clackmannanshire', 'GB'),
(4576, 235, 'Coleraine Borough Council', 'GB'),
(4577, 235, 'Conwy County Borough', 'GB'),
(4578, 235, 'Cookstown District Council', 'GB'),
(4579, 235, 'Cornwall', 'GB'),
(4580, 235, 'County Durham', 'GB'),
(4581, 235, 'Coventry', 'GB'),
(4582, 235, 'Craigavon Borough Council', 'GB'),
(4583, 235, 'Cumbria', 'GB'),
(4584, 235, 'Darlington', 'GB'),
(4585, 235, 'Denbighshire', 'GB'),
(4586, 235, 'Derbyshire', 'GB'),
(4587, 235, 'Derry City and Strabane', 'GB'),
(4588, 235, 'Derry City Council', 'GB'),
(4589, 235, 'Devon', 'GB'),
(4590, 235, 'Doncaster', 'GB'),
(4591, 235, 'Dorset', 'GB'),
(4592, 235, 'Down District Council', 'GB'),
(4593, 235, 'Dudley', 'GB'),
(4594, 235, 'Dumfries and Galloway', 'GB'),
(4595, 235, 'Dundee', 'GB'),
(4596, 235, 'Dungannon and South Tyrone Borough Council', 'GB'),
(4597, 235, 'East Ayrshire', 'GB'),
(4598, 235, 'East Dunbartonshire', 'GB'),
(4599, 235, 'East Lothian', 'GB'),
(4600, 235, 'East Renfrewshire', 'GB'),
(4601, 235, 'East Riding of Yorkshire', 'GB'),
(4602, 235, 'East Sussex', 'GB'),
(4603, 235, 'Edinburgh', 'GB'),
(4604, 235, 'England', 'GB'),
(4605, 235, 'Essex', 'GB'),
(4606, 235, 'Falkirk', 'GB'),
(4607, 235, 'Fermanagh and Omagh', 'GB'),
(4608, 235, 'Fermanagh District Council', 'GB'),
(4609, 235, 'Fife', 'GB'),
(4610, 235, 'Flintshire', 'GB'),
(4611, 235, 'Gateshead', 'GB'),
(4612, 235, 'Glasgow', 'GB'),
(4613, 235, 'Gloucestershire', 'GB'),
(4614, 235, 'Gwynedd', 'GB'),
(4615, 235, 'Halton', 'GB'),
(4616, 235, 'Hampshire', 'GB'),
(4617, 235, 'Hartlepool', 'GB'),
(4618, 235, 'Herefordshire', 'GB'),
(4619, 235, 'Hertfordshire', 'GB'),
(4620, 235, 'Highland', 'GB'),
(4621, 235, 'Inverclyde', 'GB'),
(4622, 235, 'Isle of Wight', 'GB'),
(4623, 235, 'Isles of Scilly', 'GB'),
(4624, 235, 'Kent', 'GB'),
(4625, 235, 'Kirklees', 'GB'),
(4626, 235, 'Knowsley', 'GB'),
(4627, 235, 'Lancashire', 'GB'),
(4628, 235, 'Larne Borough Council', 'GB'),
(4629, 235, 'Leeds', 'GB'),
(4630, 235, 'Leicestershire', 'GB'),
(4631, 235, 'Limavady Borough Council', 'GB'),
(4632, 235, 'Lincolnshire', 'GB'),
(4633, 235, 'Lisburn and Castlereagh', 'GB'),
(4634, 235, 'Lisburn City Council', 'GB'),
(4635, 235, 'Liverpool', 'GB'),
(4636, 235, 'London Borough of Barking and Dagenham', 'GB'),
(4637, 235, 'London Borough of Barnet', 'GB'),
(4638, 235, 'London Borough of Bexley', 'GB'),
(4639, 235, 'London Borough of Brent', 'GB'),
(4640, 235, 'London Borough of Bromley', 'GB'),
(4641, 235, 'London Borough of Camden', 'GB'),
(4642, 235, 'London Borough of Croydon', 'GB'),
(4643, 235, 'London Borough of Ealing', 'GB'),
(4644, 235, 'London Borough of Enfield', 'GB'),
(4645, 235, 'London Borough of Hackney', 'GB'),
(4646, 235, 'London Borough of Hammersmith and Fulham', 'GB'),
(4647, 235, 'London Borough of Haringey', 'GB'),
(4648, 235, 'London Borough of Harrow', 'GB'),
(4649, 235, 'London Borough of Havering', 'GB'),
(4650, 235, 'London Borough of Hillingdon', 'GB'),
(4651, 235, 'London Borough of Hounslow', 'GB'),
(4652, 235, 'London Borough of Islington', 'GB'),
(4653, 235, 'London Borough of Lambeth', 'GB'),
(4654, 235, 'London Borough of Lewisham', 'GB'),
(4655, 235, 'London Borough of Merton', 'GB'),
(4656, 235, 'London Borough of Newham', 'GB'),
(4657, 235, 'London Borough of Redbridge', 'GB'),
(4658, 235, 'London Borough of Richmond upon Thames', 'GB'),
(4659, 235, 'London Borough of Southwark', 'GB'),
(4660, 235, 'London Borough of Sutton', 'GB'),
(4661, 235, 'London Borough of Tower Hamlets', 'GB'),
(4662, 235, 'London Borough of Waltham Forest', 'GB'),
(4663, 235, 'London Borough of Wandsworth', 'GB'),
(4664, 235, 'Magherafelt District Council', 'GB'),
(4665, 235, 'Manchester', 'GB'),
(4666, 235, 'Medway', 'GB'),
(4667, 235, 'Merthyr Tydfil County Borough', 'GB'),
(4668, 235, 'Metropolitan Borough of Wigan', 'GB'),
(4669, 235, 'Mid and East Antrim', 'GB'),
(4670, 235, 'Mid Ulster', 'GB'),
(4671, 235, 'Middlesbrough', 'GB'),
(4672, 235, 'Midlothian', 'GB'),
(4673, 235, 'Milton Keynes', 'GB'),
(4674, 235, 'Monmouthshire', 'GB'),
(4675, 235, 'Moray', 'GB'),
(4676, 235, 'Moyle District Council', 'GB'),
(4677, 235, 'Neath Port Talbot County Borough', 'GB'),
(4678, 235, 'Newcastle upon Tyne', 'GB'),
(4679, 235, 'Newport', 'GB'),
(4680, 235, 'Newry and Mourne District Council', 'GB'),
(4681, 235, 'Newry, Mourne and Down', 'GB'),
(4682, 235, 'Newtownabbey Borough Council', 'GB'),
(4683, 235, 'Norfolk', 'GB'),
(4684, 235, 'North Ayrshire', 'GB'),
(4685, 235, 'North Down Borough Council', 'GB'),
(4686, 235, 'North East Lincolnshire', 'GB'),
(4687, 235, 'North Lanarkshire', 'GB'),
(4688, 235, 'North Lincolnshire', 'GB'),
(4689, 235, 'North Somerset', 'GB'),
(4690, 235, 'North Tyneside', 'GB'),
(4691, 235, 'North Yorkshire', 'GB'),
(4692, 235, 'Northamptonshire', 'GB'),
(4693, 235, 'Northern Ireland', 'GB'),
(4694, 235, 'Northumberland', 'GB'),
(4695, 235, 'Nottinghamshire', 'GB'),
(4696, 235, 'Oldham', 'GB'),
(4697, 235, 'Omagh District Council', 'GB'),
(4698, 235, 'Orkney Islands', 'GB'),
(4699, 235, 'Outer Hebrides', 'GB'),
(4700, 235, 'Oxfordshire', 'GB'),
(4701, 235, 'Pembrokeshire', 'GB'),
(4702, 235, 'Perth and Kinross', 'GB'),
(4703, 235, 'Poole', 'GB'),
(4704, 235, 'Powys', 'GB'),
(4705, 235, 'Reading', 'GB'),
(4706, 235, 'Redcar and Cleveland', 'GB'),
(4707, 235, 'Renfrewshire', 'GB'),
(4708, 235, 'Rhondda Cynon Taf', 'GB'),
(4709, 235, 'Rochdale', 'GB'),
(4710, 235, 'Rotherham', 'GB'),
(4711, 235, 'Royal Borough of Greenwich', 'GB'),
(4712, 235, 'Royal Borough of Kensington and Chelsea', 'GB'),
(4713, 235, 'Royal Borough of Kingston upon Thames', 'GB'),
(4714, 235, 'Rutland', 'GB'),
(4715, 235, 'Saint Helena', 'GB'),
(4716, 235, 'Salford', 'GB'),
(4717, 235, 'Sandwell', 'GB'),
(4718, 235, 'Scotland', 'GB'),
(4719, 235, 'Scottish Borders', 'GB'),
(4720, 235, 'Sefton', 'GB'),
(4721, 235, 'Sheffield', 'GB'),
(4722, 235, 'Shetland Islands', 'GB'),
(4723, 235, 'Shropshire', 'GB'),
(4724, 235, 'Slough', 'GB'),
(4725, 235, 'Solihull', 'GB'),
(4726, 235, 'Somerset', 'GB'),
(4727, 235, 'South Ayrshire', 'GB'),
(4728, 235, 'South Gloucestershire', 'GB'),
(4729, 235, 'South Lanarkshire', 'GB'),
(4730, 235, 'South Tyneside', 'GB'),
(4731, 235, 'Southend-on-Sea', 'GB'),
(4732, 235, 'St Helens', 'GB'),
(4733, 235, 'Staffordshire', 'GB'),
(4734, 235, 'Stirling', 'GB'),
(4735, 235, 'Stockport', 'GB'),
(4736, 235, 'Stockton-on-Tees', 'GB'),
(4737, 235, 'Strabane District Council', 'GB'),
(4738, 235, 'Suffolk', 'GB'),
(4739, 235, 'Surrey', 'GB'),
(4740, 235, 'Swindon', 'GB'),
(4741, 235, 'Tameside', 'GB'),
(4742, 235, 'Telford and Wrekin', 'GB'),
(4743, 235, 'Thurrock', 'GB'),
(4744, 235, 'Torbay', 'GB'),
(4745, 235, 'Torfaen', 'GB'),
(4746, 235, 'Trafford', 'GB'),
(4747, 235, 'United Kingdom', 'GB'),
(4748, 235, 'Vale of Glamorgan', 'GB'),
(4749, 235, 'Wakefield', 'GB'),
(4750, 235, 'Wales', 'GB'),
(4751, 235, 'Walsall', 'GB'),
(4752, 235, 'Warrington', 'GB'),
(4753, 235, 'Warwickshire', 'GB'),
(4754, 235, 'West Berkshire', 'GB'),
(4755, 235, 'West Dunbartonshire', 'GB'),
(4756, 235, 'West Lothian', 'GB'),
(4757, 235, 'West Sussex', 'GB'),
(4758, 235, 'Wiltshire', 'GB'),
(4759, 235, 'Windsor and Maidenhead', 'GB'),
(4760, 235, 'Wirral', 'GB'),
(4761, 235, 'Wokingham', 'GB'),
(4762, 235, 'Worcestershire', 'GB'),
(4763, 235, 'Wrexham County Borough', 'GB'),
(4764, 236, 'Alabama', 'US'),
(4765, 236, 'Alaska', 'US'),
(4766, 236, 'American Samoa', 'US'),
(4767, 236, 'Arizona', 'US'),
(4768, 236, 'Arkansas', 'US'),
(4769, 236, 'Baker Island', 'US'),
(4770, 236, 'California', 'US'),
(4771, 236, 'Colorado', 'US'),
(4772, 236, 'Connecticut', 'US'),
(4773, 236, 'Delaware', 'US'),
(4774, 236, 'District of Columbia', 'US'),
(4775, 236, 'Florida', 'US'),
(4776, 236, 'Georgia', 'US'),
(4777, 236, 'Guam', 'US'),
(4778, 236, 'Hawaii', 'US'),
(4779, 236, 'Howland Island', 'US'),
(4780, 236, 'Idaho', 'US'),
(4781, 236, 'Illinois', 'US'),
(4782, 236, 'Indiana', 'US'),
(4783, 236, 'Iowa', 'US'),
(4784, 236, 'Jarvis Island', 'US'),
(4785, 236, 'Johnston Atoll', 'US'),
(4786, 236, 'Kansas', 'US'),
(4787, 236, 'Kentucky', 'US'),
(4788, 236, 'Kingman Reef', 'US'),
(4789, 236, 'Louisiana', 'US'),
(4790, 236, 'Maine', 'US'),
(4791, 236, 'Maryland', 'US'),
(4792, 236, 'Massachusetts', 'US'),
(4793, 236, 'Michigan', 'US'),
(4794, 236, 'Midway Atoll', 'US'),
(4795, 236, 'Minnesota', 'US'),
(4796, 236, 'Mississippi', 'US'),
(4797, 236, 'Missouri', 'US'),
(4798, 236, 'Montana', 'US'),
(4799, 236, 'Navassa Island', 'US'),
(4800, 236, 'Nebraska', 'US'),
(4801, 236, 'Nevada', 'US'),
(4802, 236, 'New Hampshire', 'US'),
(4803, 236, 'New Jersey', 'US'),
(4804, 236, 'New Mexico', 'US'),
(4805, 236, 'New York', 'US'),
(4806, 236, 'North Carolina', 'US'),
(4807, 236, 'North Dakota', 'US'),
(4808, 236, 'Northern Mariana Islands', 'US'),
(4809, 236, 'Ohio', 'US'),
(4810, 236, 'Oklahoma', 'US'),
(4811, 236, 'Oregon', 'US'),
(4812, 236, 'Palmyra Atoll', 'US'),
(4813, 236, 'Pennsylvania', 'US'),
(4814, 236, 'Puerto Rico', 'US'),
(4815, 236, 'Rhode Island', 'US'),
(4816, 236, 'South Carolina', 'US'),
(4817, 236, 'South Dakota', 'US'),
(4818, 236, 'Tennessee', 'US'),
(4819, 236, 'Texas', 'US'),
(4820, 236, 'United States Minor Outlying Islands', 'US'),
(4821, 236, 'United States Virgin Islands', 'US'),
(4822, 236, 'Utah', 'US'),
(4823, 236, 'Vermont', 'US'),
(4824, 236, 'Virginia', 'US'),
(4825, 236, 'Wake Island', 'US'),
(4826, 236, 'Washington', 'US'),
(4827, 236, 'West Virginia', 'US'),
(4828, 236, 'Wisconsin', 'US'),
(4829, 236, 'Wyoming', 'US'),
(4830, 238, 'Artigas Department', 'UY'),
(4831, 238, 'Canelones Department', 'UY'),
(4832, 238, 'Cerro Largo Department', 'UY'),
(4833, 238, 'Colonia Department', 'UY'),
(4834, 238, 'Durazno Department', 'UY'),
(4835, 238, 'Flores Department', 'UY'),
(4836, 238, 'Florida Department', 'UY'),
(4837, 238, 'Lavalleja Department', 'UY'),
(4838, 238, 'Maldonado Department', 'UY'),
(4839, 238, 'Montevideo Department', 'UY'),
(4840, 238, 'Paysandú Department', 'UY'),
(4841, 238, 'Río Negro Department', 'UY'),
(4842, 238, 'Rivera Department', 'UY'),
(4843, 238, 'Rocha Department', 'UY'),
(4844, 238, 'Salto Department', 'UY'),
(4845, 238, 'San José Department', 'UY'),
(4846, 238, 'Soriano Department', 'UY'),
(4847, 238, 'Tacuarembó Department', 'UY'),
(4848, 238, 'Treinta y Tres Department', 'UY'),
(4849, 239, 'Andijan Region', 'UZ'),
(4850, 239, 'Bukhara Region', 'UZ'),
(4851, 239, 'Fergana Region', 'UZ'),
(4852, 239, 'Jizzakh Region', 'UZ'),
(4853, 239, 'Karakalpakstan', 'UZ'),
(4854, 239, 'Namangan Region', 'UZ'),
(4855, 239, 'Navoiy Region', 'UZ'),
(4856, 239, 'Qashqadaryo Region', 'UZ'),
(4857, 239, 'Samarqand Region', 'UZ'),
(4858, 239, 'Sirdaryo Region', 'UZ'),
(4859, 239, 'Surxondaryo Region', 'UZ'),
(4860, 239, 'Tashkent', 'UZ'),
(4861, 239, 'Tashkent Region', 'UZ'),
(4862, 239, 'Xorazm Region', 'UZ'),
(4863, 240, 'Malampa', 'VU'),
(4864, 240, 'Penama', 'VU'),
(4865, 240, 'Sanma', 'VU'),
(4866, 240, 'Shefa', 'VU'),
(4867, 240, 'Tafea', 'VU'),
(4868, 240, 'Torba', 'VU'),
(4869, 242, 'Amazonas', 'VE'),
(4870, 242, 'Anzoátegui', 'VE'),
(4871, 242, 'Apure', 'VE'),
(4872, 242, 'Aragua', 'VE'),
(4873, 242, 'Barinas', 'VE'),
(4874, 242, 'Bolívar', 'VE'),
(4875, 242, 'Carabobo', 'VE'),
(4876, 242, 'Cojedes', 'VE'),
(4877, 242, 'Delta Amacuro', 'VE'),
(4878, 242, 'Distrito Capital', 'VE'),
(4879, 242, 'Falcón', 'VE'),
(4880, 242, 'Federal Dependencies of Venezuela', 'VE'),
(4881, 242, 'Guárico', 'VE'),
(4882, 242, 'La Guaira', 'VE'),
(4883, 242, 'Lara', 'VE'),
(4884, 242, 'Mérida', 'VE'),
(4885, 242, 'Miranda', 'VE'),
(4886, 242, 'Monagas', 'VE'),
(4887, 242, 'Nueva Esparta', 'VE'),
(4888, 242, 'Portuguesa', 'VE'),
(4889, 242, 'Sucre', 'VE'),
(4890, 242, 'Táchira', 'VE'),
(4891, 242, 'Trujillo', 'VE'),
(4892, 242, 'Yaracuy', 'VE'),
(4893, 242, 'Zulia', 'VE'),
(4894, 243, 'An Giang', 'VN'),
(4895, 243, 'Bà Rịa-Vũng Tàu', 'VN'),
(4896, 243, 'Bắc Giang', 'VN'),
(4897, 243, 'Bắc Kạn', 'VN'),
(4898, 243, 'Bạc Liêu', 'VN'),
(4899, 243, 'Bắc Ninh', 'VN'),
(4900, 243, 'Bến Tre', 'VN'),
(4901, 243, 'Bình Dương', 'VN'),
(4902, 243, 'Bình Định', 'VN'),
(4903, 243, 'Bình Phước', 'VN'),
(4904, 243, 'Bình Thuận', 'VN'),
(4905, 243, 'Cà Mau', 'VN'),
(4906, 243, 'Cần Thơ', 'VN'),
(4907, 243, 'Cao Bằng', 'VN'),
(4908, 243, 'Đà Nẵng', 'VN'),
(4909, 243, 'Đắk Lắk', 'VN'),
(4910, 243, 'Đắk Nông', 'VN'),
(4911, 243, 'Điện Biên', 'VN'),
(4912, 243, 'Đồng Nai', 'VN'),
(4913, 243, 'Đồng Tháp', 'VN'),
(4914, 243, 'Gia Lai', 'VN'),
(4915, 243, 'Hà Giang', 'VN'),
(4916, 243, 'Hà Nam', 'VN'),
(4917, 243, 'Hà Nội', 'VN'),
(4918, 243, 'Hà Tĩnh', 'VN'),
(4919, 243, 'Hải Dương', 'VN'),
(4920, 243, 'Hải Phòng', 'VN'),
(4921, 243, 'Hậu Giang', 'VN'),
(4922, 243, 'Hồ Chí Minh', 'VN'),
(4923, 243, 'Hòa Bình', 'VN'),
(4924, 243, 'Hưng Yên', 'VN'),
(4925, 243, 'Khánh Hòa', 'VN'),
(4926, 243, 'Kiên Giang', 'VN'),
(4927, 243, 'Kon Tum', 'VN'),
(4928, 243, 'Lai Châu', 'VN'),
(4929, 243, 'Lâm Đồng', 'VN'),
(4930, 243, 'Lạng Sơn', 'VN'),
(4931, 243, 'Lào Cai', 'VN'),
(4932, 243, 'Long An', 'VN'),
(4933, 243, 'Nam Định', 'VN'),
(4934, 243, 'Nghệ An', 'VN'),
(4935, 243, 'Ninh Bình', 'VN'),
(4936, 243, 'Ninh Thuận', 'VN'),
(4937, 243, 'Phú Thọ', 'VN'),
(4938, 243, 'Phú Yên', 'VN'),
(4939, 243, 'Quảng Bình', 'VN'),
(4940, 243, 'Quảng Nam', 'VN'),
(4941, 243, 'Quảng Ngãi', 'VN'),
(4942, 243, 'Quảng Ninh', 'VN'),
(4943, 243, 'Quảng Trị', 'VN'),
(4944, 243, 'Sóc Trăng', 'VN'),
(4945, 243, 'Sơn La', 'VN'),
(4946, 243, 'Tây Ninh', 'VN'),
(4947, 243, 'Thái Bình', 'VN'),
(4948, 243, 'Thái Nguyên', 'VN'),
(4949, 243, 'Thanh Hóa', 'VN'),
(4950, 243, 'Thừa Thiên-Huế', 'VN'),
(4951, 243, 'Tiền Giang', 'VN'),
(4952, 243, 'Trà Vinh', 'VN'),
(4953, 243, 'Tuyên Quang', 'VN'),
(4954, 243, 'Vĩnh Long', 'VN'),
(4955, 243, 'Vĩnh Phúc', 'VN'),
(4956, 243, 'Yên Bái', 'VN'),
(4957, 245, 'Saint Croix', 'VI'),
(4958, 245, 'Saint John', 'VI'),
(4959, 245, 'Saint Thomas', 'VI'),
(4960, 248, '\'Adan', 'YE'),
(4961, 248, '\'Amran', 'YE'),
(4962, 248, 'Abyan', 'YE'),
(4963, 248, 'Al Bayda\'', 'YE'),
(4964, 248, 'Al Hudaydah', 'YE'),
(4965, 248, 'Al Jawf', 'YE'),
(4966, 248, 'Al Mahrah', 'YE'),
(4967, 248, 'Al Mahwit', 'YE'),
(4968, 248, 'Dhamar', 'YE'),
(4969, 248, 'Hadhramaut', 'YE'),
(4970, 248, 'Hajjah', 'YE'),
(4971, 248, 'Ibb', 'YE'),
(4972, 248, 'Lahij', 'YE'),
(4973, 248, 'Ma\'rib', 'YE'),
(4974, 248, 'Raymah', 'YE'),
(4975, 248, 'Saada', 'YE'),
(4976, 248, 'Sana\'a', 'YE'),
(4977, 248, 'Sana\'a', 'YE'),
(4978, 248, 'Shabwah', 'YE'),
(4979, 248, 'Socotra', 'YE'),
(4980, 248, 'Ta\'izz', 'YE'),
(4981, 249, 'Central Province', 'ZM'),
(4982, 249, 'Copperbelt Province', 'ZM'),
(4983, 249, 'Eastern Province', 'ZM'),
(4984, 249, 'Luapula Province', 'ZM'),
(4985, 249, 'Lusaka Province', 'ZM'),
(4986, 249, 'Muchinga Province', 'ZM'),
(4987, 249, 'Northern Province', 'ZM'),
(4988, 249, 'Northwestern Province', 'ZM'),
(4989, 249, 'Southern Province', 'ZM'),
(4990, 249, 'Western Province', 'ZM'),
(4991, 250, 'Bulawayo Province', 'ZW'),
(4992, 250, 'Harare Province', 'ZW'),
(4993, 250, 'Manicaland', 'ZW'),
(4994, 250, 'Mashonaland Central Province', 'ZW'),
(4995, 250, 'Mashonaland East Province', 'ZW'),
(4996, 250, 'Mashonaland West Province', 'ZW'),
(4997, 250, 'Masvingo Province', 'ZW'),
(4998, 250, 'Matabeleland North Province', 'ZW'),
(4999, 250, 'Matabeleland South Province', 'ZW'),
(5000, 250, 'Midlands Province', 'ZW');

-- --------------------------------------------------------

--
-- Estructura de tabla para la tabla `timezones`
--

CREATE TABLE `timezones` (
  `id` bigint(20) UNSIGNED NOT NULL,
  `country_id` bigint(20) UNSIGNED NOT NULL,
  `name` varchar(255) NOT NULL
) ENGINE=InnoDB DEFAULT CHARSET=utf8 COLLATE=utf8_spanish2_ci;

--
-- Volcado de datos para la tabla `timezones`
--

INSERT INTO `timezones` (`id`, `country_id`, `name`) VALUES
(1, 1, 'Asia/Kabul'),
(2, 2, 'Europe/Mariehamn'),
(3, 3, 'Europe/Tirane'),
(4, 4, 'Africa/Algiers'),
(5, 5, 'Pacific/Pago_Pago'),
(6, 6, 'Europe/Andorra'),
(7, 7, 'Africa/Luanda'),
(8, 8, 'America/Anguilla'),
(9, 9, 'Antarctica/Casey'),
(10, 9, 'Antarctica/Davis'),
(11, 9, 'Antarctica/DumontDUrville'),
(12, 9, 'Antarctica/Mawson'),
(13, 9, 'Antarctica/McMurdo'),
(14, 9, 'Antarctica/Palmer'),
(15, 9, 'Antarctica/Rothera'),
(16, 9, 'Antarctica/Syowa'),
(17, 9, 'Antarctica/Troll'),
(18, 9, 'Antarctica/Vostok'),
(19, 10, 'America/Antigua'),
(20, 11, 'America/Argentina/Buenos_Aires'),
(21, 11, 'America/Argentina/Catamarca'),
(22, 11, 'America/Argentina/Cordoba'),
(23, 11, 'America/Argentina/Jujuy'),
(24, 11, 'America/Argentina/La_Rioja'),
(25, 11, 'America/Argentina/Mendoza'),
(26, 11, 'America/Argentina/Rio_Gallegos'),
(27, 11, 'America/Argentina/Salta'),
(28, 11, 'America/Argentina/San_Juan'),
(29, 11, 'America/Argentina/San_Luis'),
(30, 11, 'America/Argentina/Tucuman'),
(31, 11, 'America/Argentina/Ushuaia'),
(32, 12, 'Asia/Yerevan'),
(33, 13, 'America/Aruba'),
(34, 14, 'Antarctica/Macquarie'),
(35, 14, 'Australia/Adelaide'),
(36, 14, 'Australia/Brisbane'),
(37, 14, 'Australia/Broken_Hill'),
(38, 14, 'Australia/Currie'),
(39, 14, 'Australia/Darwin'),
(40, 14, 'Australia/Eucla'),
(41, 14, 'Australia/Hobart'),
(42, 14, 'Australia/Lindeman'),
(43, 14, 'Australia/Lord_Howe'),
(44, 14, 'Australia/Melbourne'),
(45, 14, 'Australia/Perth'),
(46, 14, 'Australia/Sydney'),
(47, 15, 'Europe/Vienna'),
(48, 16, 'Asia/Baku'),
(49, 17, 'Asia/Bahrain'),
(50, 18, 'Asia/Dhaka'),
(51, 19, 'America/Barbados'),
(52, 20, 'Europe/Minsk'),
(53, 21, 'Europe/Brussels'),
(54, 22, 'America/Belize'),
(55, 23, 'Africa/Porto-Novo'),
(56, 24, 'Atlantic/Bermuda'),
(57, 25, 'Asia/Thimphu'),
(58, 26, 'America/La_Paz'),
(59, 27, 'America/Anguilla'),
(60, 28, 'Europe/Sarajevo'),
(61, 29, 'Africa/Gaborone'),
(62, 30, 'Europe/Oslo'),
(63, 31, 'America/Araguaina'),
(64, 31, 'America/Bahia'),
(65, 31, 'America/Belem'),
(66, 31, 'America/Boa_Vista'),
(67, 31, 'America/Campo_Grande'),
(68, 31, 'America/Cuiaba'),
(69, 31, 'America/Eirunepe'),
(70, 31, 'America/Fortaleza'),
(71, 31, 'America/Maceio'),
(72, 31, 'America/Manaus'),
(73, 31, 'America/Noronha'),
(74, 31, 'America/Porto_Velho'),
(75, 31, 'America/Recife'),
(76, 31, 'America/Rio_Branco'),
(77, 31, 'America/Santarem'),
(78, 31, 'America/Sao_Paulo'),
(79, 32, 'Indian/Chagos'),
(80, 33, 'Asia/Brunei'),
(81, 34, 'Europe/Sofia'),
(82, 35, 'Africa/Ouagadougou'),
(83, 36, 'Africa/Bujumbura'),
(84, 37, 'Asia/Phnom_Penh'),
(85, 38, 'Africa/Douala'),
(86, 39, 'America/Atikokan'),
(87, 39, 'America/Blanc-Sablon'),
(88, 39, 'America/Cambridge_Bay'),
(89, 39, 'America/Creston'),
(90, 39, 'America/Dawson'),
(91, 39, 'America/Dawson_Creek'),
(92, 39, 'America/Edmonton'),
(93, 39, 'America/Fort_Nelson'),
(94, 39, 'America/Glace_Bay'),
(95, 39, 'America/Goose_Bay'),
(96, 39, 'America/Halifax'),
(97, 39, 'America/Inuvik'),
(98, 39, 'America/Iqaluit'),
(99, 39, 'America/Moncton'),
(100, 39, 'America/Nipigon'),
(101, 39, 'America/Pangnirtung'),
(102, 39, 'America/Rainy_River'),
(103, 39, 'America/Rankin_Inlet'),
(104, 39, 'America/Regina'),
(105, 39, 'America/Resolute'),
(106, 39, 'America/St_Johns'),
(107, 39, 'America/Swift_Current'),
(108, 39, 'America/Thunder_Bay'),
(109, 39, 'America/Toronto'),
(110, 39, 'America/Vancouver'),
(111, 39, 'America/Whitehorse'),
(112, 39, 'America/Winnipeg'),
(113, 39, 'America/Yellowknife'),
(114, 40, 'Atlantic/Cape_Verde'),
(115, 41, 'America/Cayman'),
(116, 42, 'Africa/Bangui'),
(117, 43, 'Africa/Ndjamena'),
(118, 44, 'America/Punta_Arenas'),
(119, 44, 'America/Santiago'),
(120, 44, 'Pacific/Easter'),
(121, 45, 'Asia/Shanghai'),
(122, 45, 'Asia/Urumqi'),
(123, 46, 'Indian/Christmas'),
(124, 47, 'Indian/Cocos'),
(125, 48, 'America/Bogota'),
(126, 49, 'Indian/Comoro'),
(127, 50, 'Africa/Brazzaville'),
(128, 51, 'Pacific/Rarotonga'),
(129, 52, 'America/Costa_Rica'),
(130, 53, 'Africa/Abidjan'),
(131, 54, 'Europe/Zagreb'),
(132, 55, 'America/Havana'),
(133, 56, 'America/Curacao'),
(134, 57, 'Asia/Famagusta'),
(135, 57, 'Asia/Nicosia'),
(136, 58, 'Europe/Prague'),
(137, 59, 'Africa/Kinshasa'),
(138, 59, 'Africa/Lubumbashi'),
(139, 60, 'Europe/Copenhagen'),
(140, 61, 'Africa/Djibouti'),
(141, 62, 'America/Dominica'),
(142, 63, 'America/Santo_Domingo'),
(143, 64, 'Asia/Dili'),
(144, 65, 'America/Guayaquil'),
(145, 65, 'Pacific/Galapagos'),
(146, 66, 'Africa/Cairo'),
(147, 67, 'America/El_Salvador'),
(148, 68, 'Africa/Malabo'),
(149, 69, 'Africa/Asmara'),
(150, 70, 'Europe/Tallinn'),
(151, 71, 'Africa/Addis_Ababa'),
(152, 72, 'Atlantic/Stanley'),
(153, 73, 'Atlantic/Faroe'),
(154, 74, 'Pacific/Fiji'),
(155, 75, 'Europe/Helsinki'),
(156, 76, 'Europe/Paris'),
(157, 77, 'America/Cayenne'),
(158, 78, 'Pacific/Gambier'),
(159, 78, 'Pacific/Marquesas'),
(160, 78, 'Pacific/Tahiti'),
(161, 79, 'Indian/Kerguelen'),
(162, 80, 'Africa/Libreville'),
(163, 81, 'Africa/Banjul'),
(164, 82, 'Asia/Tbilisi'),
(165, 83, 'Europe/Berlin'),
(166, 83, 'Europe/Busingen'),
(167, 84, 'Africa/Accra'),
(168, 85, 'Europe/Gibraltar'),
(169, 86, 'Europe/Athens'),
(170, 87, 'America/Danmarkshavn'),
(171, 87, 'America/Nuuk'),
(172, 87, 'America/Scoresbysund'),
(173, 87, 'America/Thule'),
(174, 88, 'America/Grenada'),
(175, 89, 'America/Guadeloupe'),
(176, 90, 'Pacific/Guam'),
(177, 91, 'America/Guatemala'),
(178, 92, 'Europe/Guernsey'),
(179, 93, 'Africa/Conakry'),
(180, 94, 'Africa/Bissau'),
(181, 95, 'America/Guyana'),
(182, 96, 'America/Port-au-Prince'),
(183, 97, 'Indian/Kerguelen'),
(184, 98, 'America/Tegucigalpa'),
(185, 99, 'Asia/Hong_Kong'),
(186, 100, 'Europe/Budapest'),
(187, 101, 'Atlantic/Reykjavik'),
(188, 102, 'Asia/Kolkata'),
(189, 103, 'Asia/Jakarta'),
(190, 103, 'Asia/Jayapura'),
(191, 103, 'Asia/Makassar'),
(192, 103, 'Asia/Pontianak'),
(193, 104, 'Asia/Tehran'),
(194, 105, 'Asia/Baghdad'),
(195, 106, 'Europe/Dublin'),
(196, 107, 'Asia/Jerusalem'),
(197, 108, 'Europe/Rome'),
(198, 109, 'America/Jamaica'),
(199, 110, 'Asia/Tokyo'),
(200, 111, 'Europe/Jersey'),
(201, 112, 'Asia/Amman'),
(202, 113, 'Asia/Almaty'),
(203, 113, 'Asia/Aqtau'),
(204, 113, 'Asia/Aqtobe'),
(205, 113, 'Asia/Atyrau'),
(206, 113, 'Asia/Oral'),
(207, 113, 'Asia/Qostanay'),
(208, 113, 'Asia/Qyzylorda'),
(209, 114, 'Africa/Nairobi'),
(210, 115, 'Pacific/Enderbury'),
(211, 115, 'Pacific/Kiritimati'),
(212, 115, 'Pacific/Tarawa'),
(213, 116, 'Europe/Belgrade'),
(214, 117, 'Asia/Kuwait'),
(215, 118, 'Asia/Bishkek'),
(216, 119, 'Asia/Vientiane'),
(217, 120, 'Europe/Riga'),
(218, 121, 'Asia/Beirut'),
(219, 122, 'Africa/Maseru'),
(220, 123, 'Africa/Monrovia'),
(221, 124, 'Africa/Tripoli'),
(222, 125, 'Europe/Vaduz'),
(223, 126, 'Europe/Vilnius'),
(224, 127, 'Europe/Luxembourg'),
(225, 128, 'Asia/Macau'),
(226, 129, 'Europe/Skopje'),
(227, 130, 'Indian/Antananarivo'),
(228, 131, 'Africa/Blantyre'),
(229, 132, 'Asia/Kuala_Lumpur'),
(230, 132, 'Asia/Kuching'),
(231, 133, 'Indian/Maldives'),
(232, 134, 'Africa/Bamako'),
(233, 135, 'Europe/Malta'),
(234, 136, 'Europe/Isle_of_Man'),
(235, 137, 'Pacific/Kwajalein'),
(236, 137, 'Pacific/Majuro'),
(237, 138, 'America/Martinique'),
(238, 139, 'Africa/Nouakchott'),
(239, 140, 'Indian/Mauritius'),
(240, 141, 'Indian/Mayotte'),
(241, 142, 'America/Bahia_Banderas'),
(242, 142, 'America/Cancun'),
(243, 142, 'America/Chihuahua'),
(244, 142, 'America/Hermosillo'),
(245, 142, 'America/Matamoros'),
(246, 142, 'America/Mazatlan'),
(247, 142, 'America/Merida'),
(248, 142, 'America/Mexico_City'),
(249, 142, 'America/Monterrey'),
(250, 142, 'America/Ojinaga'),
(251, 142, 'America/Tijuana'),
(252, 143, 'Pacific/Chuuk'),
(253, 143, 'Pacific/Kosrae'),
(254, 143, 'Pacific/Pohnpei'),
(255, 144, 'Europe/Chisinau'),
(256, 145, 'Europe/Monaco'),
(257, 146, 'Asia/Choibalsan'),
(258, 146, 'Asia/Hovd'),
(259, 146, 'Asia/Ulaanbaatar'),
(260, 147, 'Europe/Podgorica'),
(261, 148, 'America/Montserrat'),
(262, 149, 'Africa/Casablanca'),
(263, 150, 'Africa/Maputo'),
(264, 151, 'Asia/Yangon'),
(265, 152, 'Africa/Windhoek'),
(266, 153, 'Pacific/Nauru'),
(267, 154, 'Asia/Kathmandu'),
(268, 155, 'Europe/Amsterdam'),
(269, 156, 'Pacific/Noumea'),
(270, 157, 'Pacific/Auckland'),
(271, 157, 'Pacific/Chatham'),
(272, 158, 'America/Managua'),
(273, 159, 'Africa/Niamey'),
(274, 160, 'Africa/Lagos'),
(275, 161, 'Pacific/Niue'),
(276, 162, 'Pacific/Norfolk'),
(277, 163, 'Asia/Pyongyang'),
(278, 164, 'Pacific/Saipan'),
(279, 165, 'Europe/Oslo'),
(280, 166, 'Asia/Muscat'),
(281, 167, 'Asia/Karachi'),
(282, 168, 'Pacific/Palau'),
(283, 169, 'Asia/Gaza'),
(284, 169, 'Asia/Hebron'),
(285, 170, 'America/Panama'),
(286, 171, 'Pacific/Bougainville'),
(287, 171, 'Pacific/Port_Moresby'),
(288, 172, 'America/Asuncion'),
(289, 173, 'America/Lima'),
(290, 174, 'Asia/Manila'),
(291, 175, 'Pacific/Pitcairn'),
(292, 176, 'Europe/Warsaw'),
(293, 177, 'Atlantic/Azores'),
(294, 177, 'Atlantic/Madeira'),
(295, 177, 'Europe/Lisbon'),
(296, 178, 'America/Puerto_Rico'),
(297, 179, 'Asia/Qatar'),
(298, 180, 'Indian/Reunion'),
(299, 181, 'Europe/Bucharest'),
(300, 182, 'Asia/Anadyr'),
(301, 182, 'Asia/Barnaul'),
(302, 182, 'Asia/Chita'),
(303, 182, 'Asia/Irkutsk'),
(304, 182, 'Asia/Kamchatka'),
(305, 182, 'Asia/Khandyga'),
(306, 182, 'Asia/Krasnoyarsk'),
(307, 182, 'Asia/Magadan'),
(308, 182, 'Asia/Novokuznetsk'),
(309, 182, 'Asia/Novosibirsk'),
(310, 182, 'Asia/Omsk'),
(311, 182, 'Asia/Sakhalin'),
(312, 182, 'Asia/Srednekolymsk'),
(313, 182, 'Asia/Tomsk'),
(314, 182, 'Asia/Ust-Nera'),
(315, 182, 'Asia/Vladivostok'),
(316, 182, 'Asia/Yakutsk'),
(317, 182, 'Asia/Yekaterinburg'),
(318, 182, 'Europe/Astrakhan'),
(319, 182, 'Europe/Kaliningrad'),
(320, 182, 'Europe/Kirov'),
(321, 182, 'Europe/Moscow'),
(322, 182, 'Europe/Samara'),
(323, 182, 'Europe/Saratov'),
(324, 182, 'Europe/Ulyanovsk'),
(325, 182, 'Europe/Volgograd'),
(326, 183, 'Africa/Kigali'),
(327, 184, 'Atlantic/St_Helena'),
(328, 185, 'America/St_Kitts'),
(329, 186, 'America/St_Lucia'),
(330, 187, 'America/Miquelon'),
(331, 188, 'America/St_Vincent'),
(332, 189, 'America/St_Barthelemy'),
(333, 190, 'America/Marigot'),
(334, 191, 'Pacific/Apia'),
(335, 192, 'Europe/San_Marino'),
(336, 193, 'Africa/Sao_Tome'),
(337, 194, 'Asia/Riyadh'),
(338, 195, 'Africa/Dakar'),
(339, 196, 'Europe/Belgrade'),
(340, 197, 'Indian/Mahe'),
(341, 198, 'Africa/Freetown'),
(342, 199, 'Asia/Singapore'),
(343, 200, 'America/Anguilla'),
(344, 201, 'Europe/Bratislava'),
(345, 202, 'Europe/Ljubljana'),
(346, 203, 'Pacific/Guadalcanal'),
(347, 204, 'Africa/Mogadishu'),
(348, 205, 'Africa/Johannesburg'),
(349, 206, 'Atlantic/South_Georgia'),
(350, 207, 'Asia/Seoul'),
(351, 208, 'Africa/Juba'),
(352, 209, 'Africa/Ceuta'),
(353, 209, 'Atlantic/Canary'),
(354, 209, 'Europe/Madrid'),
(355, 210, 'Asia/Colombo'),
(356, 211, 'Africa/Khartoum'),
(357, 212, 'America/Paramaribo'),
(358, 213, 'Arctic/Longyearbyen'),
(359, 214, 'Africa/Mbabane'),
(360, 215, 'Europe/Stockholm'),
(361, 216, 'Europe/Zurich'),
(362, 217, 'Asia/Damascus'),
(363, 218, 'Asia/Taipei'),
(364, 219, 'Asia/Dushanbe'),
(365, 220, 'Africa/Dar_es_Salaam'),
(366, 221, 'Asia/Bangkok'),
(367, 222, 'America/Nassau'),
(368, 223, 'Africa/Lome'),
(369, 224, 'Pacific/Fakaofo'),
(370, 225, 'Pacific/Tongatapu'),
(371, 226, 'America/Port_of_Spain'),
(372, 227, 'Africa/Tunis'),
(373, 228, 'Europe/Istanbul'),
(374, 229, 'Asia/Ashgabat'),
(375, 230, 'America/Grand_Turk'),
(376, 231, 'Pacific/Funafuti'),
(377, 232, 'Africa/Kampala'),
(378, 233, 'Europe/Kiev'),
(379, 233, 'Europe/Simferopol'),
(380, 233, 'Europe/Uzhgorod'),
(381, 233, 'Europe/Zaporozhye'),
(382, 234, 'Asia/Dubai'),
(383, 235, 'Europe/London'),
(384, 236, 'America/Adak'),
(385, 236, 'America/Anchorage'),
(386, 236, 'America/Boise'),
(387, 236, 'America/Chicago'),
(388, 236, 'America/Denver'),
(389, 236, 'America/Detroit'),
(390, 236, 'America/Indiana/Indianapolis'),
(391, 236, 'America/Indiana/Knox'),
(392, 236, 'America/Indiana/Marengo'),
(393, 236, 'America/Indiana/Petersburg'),
(394, 236, 'America/Indiana/Tell_City'),
(395, 236, 'America/Indiana/Vevay'),
(396, 236, 'America/Indiana/Vincennes'),
(397, 236, 'America/Indiana/Winamac'),
(398, 236, 'America/Juneau'),
(399, 236, 'America/Kentucky/Louisville'),
(400, 236, 'America/Kentucky/Monticello'),
(401, 236, 'America/Los_Angeles'),
(402, 236, 'America/Menominee'),
(403, 236, 'America/Metlakatla'),
(404, 236, 'America/New_York'),
(405, 236, 'America/Nome'),
(406, 236, 'America/North_Dakota/Beulah'),
(407, 236, 'America/North_Dakota/Center'),
(408, 236, 'America/North_Dakota/New_Salem'),
(409, 236, 'America/Phoenix'),
(410, 236, 'America/Sitka'),
(411, 236, 'America/Yakutat'),
(412, 236, 'Pacific/Honolulu'),
(413, 237, 'Pacific/Midway'),
(414, 237, 'Pacific/Wake'),
(415, 238, 'America/Montevideo'),
(416, 239, 'Asia/Samarkand'),
(417, 239, 'Asia/Tashkent'),
(418, 240, 'Pacific/Efate'),
(419, 241, 'Europe/Vatican'),
(420, 242, 'America/Caracas'),
(421, 243, 'Asia/Ho_Chi_Minh'),
(422, 244, 'America/Tortola'),
(423, 245, 'America/St_Thomas'),
(424, 246, 'Pacific/Wallis'),
(425, 247, 'Africa/El_Aaiun'),
(426, 248, 'Asia/Aden'),
(427, 249, 'Africa/Lusaka'),
(428, 250, 'Africa/Harare');

-- --------------------------------------------------------

--
-- Estructura de tabla para la tabla `tmpconsuentregas`
--

CREATE TABLE `tmpconsuentregas` (
  `id` bigint(20) UNSIGNED NOT NULL,
  `consumibles_id` bigint(20) UNSIGNED NOT NULL,
  `cantidad` bigint(20) NOT NULL,
  `fecha_final` date DEFAULT NULL,
  `condicion` varchar(120) DEFAULT NULL,
  `sesion_id` varchar(255) NOT NULL,
  `estado` int(11) NOT NULL DEFAULT 1,
  `created_at` timestamp NULL DEFAULT NULL,
  `updated_at` timestamp NULL DEFAULT NULL
) ENGINE=InnoDB DEFAULT CHARSET=utf8 COLLATE=utf8_spanish2_ci;

-- --------------------------------------------------------

--
-- Estructura de tabla para la tabla `tmpelementregas`
--

CREATE TABLE `tmpelementregas` (
  `id` bigint(20) UNSIGNED NOT NULL,
  `elementos_id` bigint(20) UNSIGNED NOT NULL,
  `cantidad` bigint(20) NOT NULL,
  `fecha_final` date DEFAULT NULL,
  `condicion` varchar(120) DEFAULT NULL,
  `sesion_id` varchar(255) NOT NULL,
  `estado` int(11) NOT NULL DEFAULT 1,
  `created_at` timestamp NULL DEFAULT NULL,
  `updated_at` timestamp NULL DEFAULT NULL
) ENGINE=InnoDB DEFAULT CHARSET=utf8 COLLATE=utf8_spanish2_ci;

-- --------------------------------------------------------

--
-- Estructura de tabla para la tabla `tmphtaentregas`
--

CREATE TABLE `tmphtaentregas` (
  `id` bigint(20) UNSIGNED NOT NULL,
  `herramienta_id` bigint(20) UNSIGNED NOT NULL,
  `cantidad` bigint(20) NOT NULL,
  `fecha_final` date DEFAULT NULL,
  `condicion` varchar(120) DEFAULT NULL,
  `sesion_id` varchar(255) NOT NULL,
  `estado` int(11) NOT NULL DEFAULT 1,
  `created_at` timestamp NULL DEFAULT NULL,
  `updated_at` timestamp NULL DEFAULT NULL
) ENGINE=InnoDB DEFAULT CHARSET=utf8 COLLATE=utf8_spanish2_ci;

-- --------------------------------------------------------

--
-- Estructura de tabla para la tabla `tmpmatentregas`
--

CREATE TABLE `tmpmatentregas` (
  `id` bigint(20) UNSIGNED NOT NULL,
  `materiales_id` bigint(20) UNSIGNED NOT NULL,
  `cantidad` bigint(20) NOT NULL,
  `fecha_final` date DEFAULT NULL,
  `condicion` varchar(120) DEFAULT NULL,
  `sesion_id` varchar(255) NOT NULL,
  `estado` int(11) NOT NULL DEFAULT 1,
  `created_at` timestamp NULL DEFAULT NULL,
  `updated_at` timestamp NULL DEFAULT NULL
) ENGINE=InnoDB DEFAULT CHARSET=utf8 COLLATE=utf8_spanish2_ci;

-- --------------------------------------------------------

--
-- Estructura de tabla para la tabla `tpocombustible`
--

CREATE TABLE `tpocombustible` (
  `id` bigint(20) UNSIGNED NOT NULL,
  `nombre` varchar(20) NOT NULL,
  `estado` int(11) NOT NULL DEFAULT 1,
  `created_at` timestamp NULL DEFAULT NULL,
  `updated_at` timestamp NULL DEFAULT NULL
) ENGINE=InnoDB DEFAULT CHARSET=utf8 COLLATE=utf8_spanish2_ci;

--
-- Volcado de datos para la tabla `tpocombustible`
--

INSERT INTO `tpocombustible` (`id`, `nombre`, `estado`, `created_at`, `updated_at`) VALUES
(1, 'Petroleo', 1, '2025-08-21 03:49:57', NULL),
(2, 'Bencina 93', 1, '2025-08-21 03:49:57', NULL),
(3, 'Bencina 95', 1, '2025-08-21 03:50:44', NULL),
(4, 'Bencina 97', 1, '2025-08-21 03:50:44', NULL);

-- --------------------------------------------------------

--
-- Estructura de tabla para la tabla `tpomes`
--

CREATE TABLE `tpomes` (
  `id` bigint(20) UNSIGNED NOT NULL,
  `nombre` varchar(20) NOT NULL,
  `nombre_corto` varchar(5) NOT NULL,
  `patente` int(11) DEFAULT NULL,
  `estado` int(11) NOT NULL DEFAULT 1,
  `created_at` timestamp NULL DEFAULT NULL,
  `updated_at` timestamp NULL DEFAULT NULL
) ENGINE=InnoDB DEFAULT CHARSET=utf8 COLLATE=utf8_spanish2_ci;

--
-- Volcado de datos para la tabla `tpomes`
--

INSERT INTO `tpomes` (`id`, `nombre`, `nombre_corto`, `patente`, `estado`, `created_at`, `updated_at`) VALUES
(1, 'Enero', 'ENE', 9, 1, '2025-08-21 03:51:27', NULL),
(2, 'Febrero', 'FEB', 0, 1, '2025-08-21 03:51:27', NULL),
(3, 'Marzo', 'MAR', NULL, 1, '2025-08-21 03:53:09', NULL),
(4, 'Abril', 'ABR', 1, 1, '2025-08-21 03:53:09', NULL),
(5, 'Mayo', 'MAY', 2, 1, '2025-08-21 03:53:44', NULL),
(6, 'Junio', 'JUN', 3, 1, '2025-08-21 03:53:44', NULL),
(7, 'Julio', 'JUL', 4, 1, '2025-08-21 03:54:34', NULL),
(8, 'Agosto', 'AGO', 5, 1, '2025-08-21 03:54:34', NULL),
(9, 'Septiembre', 'SEP', 6, 1, '2025-08-21 03:55:26', NULL),
(10, 'Octubre', 'OCT', 7, 1, '2025-08-21 03:55:26', NULL),
(11, 'Noviembre', 'NOV', 8, 1, '2025-08-21 03:56:29', NULL),
(12, 'Diciembre', 'DIC', NULL, 1, '2025-08-21 03:56:29', NULL);

-- --------------------------------------------------------

--
-- Estructura de tabla para la tabla `trabajadors`
--

CREATE TABLE `trabajadors` (
  `id` bigint(20) UNSIGNED NOT NULL,
  `nombres` varchar(40) NOT NULL,
  `apellidos` varchar(40) NOT NULL,
  `empresa` bigint(20) UNSIGNED NOT NULL,
  `rut` varchar(15) NOT NULL,
  `telefono` varchar(30) NOT NULL,
  `email` varchar(40) NOT NULL,
  `fecha_baja` date DEFAULT NULL,
  `depto` varchar(30) DEFAULT NULL,
  `cargo` varchar(40) DEFAULT NULL,
  `ingresado_por` bigint(20) UNSIGNED NOT NULL,
  `baja_por` varchar(60) DEFAULT NULL,
  `estado` int(11) NOT NULL DEFAULT 1,
  `created_at` timestamp NULL DEFAULT NULL,
  `updated_at` timestamp NULL DEFAULT NULL
) ENGINE=InnoDB DEFAULT CHARSET=utf8 COLLATE=utf8_spanish2_ci;

--
-- Volcado de datos para la tabla `trabajadors`
--

INSERT INTO `trabajadors` (`id`, `nombres`, `apellidos`, `empresa`, `rut`, `telefono`, `email`, `fecha_baja`, `depto`, `cargo`, `ingresado_por`, `baja_por`, `estado`, `created_at`, `updated_at`) VALUES
(1, 'Héctor', 'Cedillo', 1, '16.605.218-0', '900-72-4115', 'esther.altamirano@example.org', NULL, 'Pintura', NULL, 1, NULL, 1, '2025-04-30 20:09:44', '2025-04-30 20:09:44'),
(2, 'Ander', 'Alfonso', 1, '18.838.803-4', '998029415', 'abril04@example.com', NULL, 'Administracion', NULL, 1, NULL, 1, '2025-04-30 20:09:44', '2025-04-30 20:09:44'),
(3, 'Juana', 'Toro', 1, '17.496.549-3', '+34 957 95 5191', 'pons.sara@example.net', NULL, 'Soldadura', NULL, 1, NULL, 1, '2025-04-30 20:09:44', '2025-04-30 20:09:44'),
(4, 'Alejandro', 'Campos', 1, '10.669.124-1', '936-72-9537', 'izan06@example.org', NULL, 'Montaje', NULL, 1, NULL, 1, '2025-04-30 20:09:44', '2025-04-30 20:09:44'),
(5, 'Sofía', 'Vásquez', 1, '18.349.891-8', '919 238281', 'rosamaria61@example.com', NULL, 'Administracion', NULL, 1, NULL, 1, '2025-04-30 20:09:44', '2025-04-30 20:09:44'),
(6, 'Álvaro', 'Santamaría', 1, '11.057.805-3', '+34 900643256', 'ayala.david@example.net', NULL, 'Pintura', NULL, 1, NULL, 1, '2025-04-30 20:09:44', '2025-04-30 20:09:44'),
(7, 'Unai', 'Gálvez', 1, '18.448.829-0', '904104156', 'villasenor.biel@example.org', NULL, 'Montaje', NULL, 1, NULL, 1, '2025-04-30 20:09:44', '2025-04-30 20:09:44'),
(8, 'Unai', 'Campos', 1, '17.421.566-3', '971 13 6580', 'ander.moral@example.com', NULL, 'Administracion', NULL, 1, NULL, 1, '2025-04-30 20:09:44', '2025-04-30 20:09:44'),
(9, 'Carolina', 'Vallejo', 1, '12.807.251-7', '912 948573', 'nora.reyes@example.net', NULL, 'Administracion', NULL, 1, NULL, 1, '2025-04-30 20:09:44', '2025-04-30 20:09:44'),
(10, 'Elena', 'Cornejo', 1, '14.694.247-1', '+34 963 65 8994', 'tijerina.clara@example.net', NULL, 'Pintura', NULL, 1, NULL, 1, '2025-04-30 20:09:44', '2025-04-30 20:09:44'),
(11, 'Amparo', 'Balderas', 1, '12.325.855-5', '+34 964456559', 'rcalvo@example.org', NULL, 'Montaje', NULL, 1, NULL, 1, '2025-04-30 20:09:44', '2025-04-30 20:09:44'),
(12, 'Aaron', 'Saiz', 1, '19.575.805-7', '994-29-7673', 'ainhoa.naranjo@example.org', NULL, 'Bodega', NULL, 1, NULL, 1, '2025-04-30 20:09:44', '2025-04-30 20:09:44'),
(13, 'Jesús', 'Romo', 1, '18.056.563-2', '910-65-0600', 'amparo.zamora@example.com', NULL, 'Administracion', NULL, 1, NULL, 1, '2025-04-30 20:09:44', '2025-04-30 20:09:44'),
(14, 'Ángela', 'Armendáriz', 1, '19.238.643-1', '924-013583', 'qcaballero@example.com', NULL, 'Montaje', NULL, 1, NULL, 1, '2025-04-30 20:09:44', '2025-04-30 20:09:44'),
(15, 'Martina', 'Guzmán', 1, '19.429.485-7', '916 553955', 'david.correa@example.net', NULL, 'Administracion', NULL, 1, NULL, 1, '2025-04-30 20:09:44', '2025-04-30 20:09:44'),
(16, 'Elsa', 'Bustos', 1, '16.927.369-4', '+34 909 385671', 'carbajal.iker@example.com', NULL, 'Soldadura', NULL, 1, NULL, 1, '2025-04-30 20:09:44', '2025-04-30 20:09:44'),
(17, 'Jon', 'Archuleta', 1, '18.880.038-6', '+34 953 696407', 'ccobo@example.net', NULL, 'Pintura', NULL, 1, NULL, 1, '2025-04-30 20:09:44', '2025-04-30 20:09:44'),
(18, 'Rosa', 'Perales', 1, '18.492.054-9', '929 44 4268', 'santiago.gonzalo@example.org', NULL, 'Pintura', NULL, 1, NULL, 1, '2025-04-30 20:09:45', '2025-04-30 20:09:45'),
(19, 'Elena', 'Mejía', 1, '14.178.316-1', '992 684116', 'alvaro76@example.org', NULL, 'Soldadura', NULL, 1, NULL, 1, '2025-04-30 20:09:45', '2025-04-30 20:09:45'),
(20, 'Ana María', 'Camacho', 1, '15.666.386-0', '+34 923 26 7893', 'onunez@example.net', NULL, 'Bodega', NULL, 1, NULL, 1, '2025-04-30 20:09:45', '2025-04-30 20:09:45'),
(21, 'María Carmen', 'Carmona', 1, '13.388.440-5', '+34 992 41 0938', 'alfaro.encarnacion@example.org', NULL, 'Pintura', NULL, 1, NULL, 1, '2025-04-30 20:09:45', '2025-04-30 20:09:45'),
(22, 'Patricia', 'Raya', 1, '12.499.485-7', '+34 951509372', 'lcaballero@example.net', NULL, 'Soldadura', NULL, 1, NULL, 1, '2025-04-30 20:09:45', '2025-04-30 20:09:45'),
(23, 'Gael', 'Peres', 1, '15.139.661-5', '+34 943-523107', 'tsancho@example.org', NULL, 'Bodega', NULL, 1, NULL, 1, '2025-04-30 20:09:45', '2025-04-30 20:09:45'),
(24, 'Luisa', 'Vera', 1, '13.747.077-9', '+34 996-264316', 'ona.galarza@example.com', NULL, 'Soldadura', NULL, 1, NULL, 1, '2025-04-30 20:09:45', '2025-04-30 20:09:45'),
(25, 'Ana', 'Mateos', 1, '13.049.661-5', '999924621', 'robles.leo@example.net', NULL, 'Montaje', NULL, 1, NULL, 1, '2025-04-30 20:09:45', '2025-04-30 20:09:45'),
(26, 'Lucía', 'Esteve', 1, '12.417.859-7', '+34 947 827833', 'josemanuel60@example.net', NULL, 'Transporte', NULL, 1, NULL, 1, '2025-04-30 20:09:45', '2025-04-30 20:09:45'),
(27, 'Aurora', 'Olivas', 1, '11.417.978-8', '972840032', 'leyva.marco@example.org', NULL, 'Montaje', NULL, 1, NULL, 1, '2025-04-30 20:09:45', '2025-04-30 20:09:45'),
(28, 'Rubén', 'Cazares', 1, '19.948.786-1', '+34 963-20-7494', 'joseantonio.ramirez@example.org', NULL, 'Montaje', NULL, 1, NULL, 1, '2025-04-30 20:09:45', '2025-04-30 20:09:45'),
(29, 'Carla', 'Armas', 1, '14.966.976-9', '+34 917-69-4390', 'aros@example.com', NULL, 'Montaje', NULL, 1, NULL, 1, '2025-04-30 20:09:45', '2025-04-30 20:09:45'),
(30, 'Marta', 'Benito', 1, '18.404.630-1', '+34 971-424505', 'diez.cristina@example.com', NULL, 'Bodega', NULL, 1, NULL, 1, '2025-04-30 20:09:45', '2025-04-30 20:09:45'),
(31, 'Miguel Ángel', 'Henríquez', 1, '17.934.160-1', '937324967', 'miriam56@example.com', NULL, 'Administracion', NULL, 1, NULL, 1, '2025-04-30 20:09:45', '2025-04-30 20:09:45'),
(32, 'Álvaro', 'Tejeda', 1, '13.011.254-3', '921950439', 'gabriel78@example.com', NULL, 'Administracion', NULL, 1, NULL, 1, '2025-04-30 20:09:45', '2025-04-30 20:09:45'),
(33, 'Aitana', 'Medrano', 1, '10.102.154-5', '+34 904-52-6387', 'martina.pereira@example.net', NULL, 'Administracion', NULL, 1, NULL, 1, '2025-04-30 20:09:45', '2025-04-30 20:09:45'),
(34, 'Nora', 'Abad', 1, '11.135.597-4', '923 634066', 'ecano@example.net', NULL, 'Pintura', NULL, 1, NULL, 1, '2025-04-30 20:09:45', '2025-04-30 20:09:45'),
(35, 'Arnau', 'Galván', 1, '16.734.989-0', '968 68 5153', 'gael64@example.net', NULL, 'Transporte', NULL, 1, NULL, 1, '2025-04-30 20:09:45', '2025-04-30 20:09:45'),
(36, 'Mar', 'Reina', 1, '17.751.363-1', '+34 961 316350', 'manzanares.amparo@example.org', NULL, 'Transporte', NULL, 1, NULL, 1, '2025-04-30 20:09:45', '2025-04-30 20:09:45'),
(37, 'Rosa María', 'Simón', 1, '10.533.710-9', '910-695335', 'escobedo.aitana@example.net', NULL, 'Administracion', NULL, 1, NULL, 1, '2025-04-30 20:09:45', '2025-04-30 20:09:45'),
(38, 'Beatriz', 'Chavarría', 1, '17.663.280-5', '+34 900-933749', 'ainara.villanueva@example.net', NULL, 'Soldadura', NULL, 1, NULL, 1, '2025-04-30 20:09:45', '2025-04-30 20:09:45'),
(39, 'Iker', 'Navarrete', 1, '14.332.175-6', '967 16 3399', 'ialanis@example.org', NULL, 'Pintura', NULL, 1, NULL, 1, '2025-04-30 20:09:45', '2025-04-30 20:09:45'),
(40, 'Rafael', 'Delgado', 1, '17.162.108-5', '+34 916-818195', 'vnunez@example.com', NULL, 'Soldadura', NULL, 1, NULL, 1, '2025-04-30 20:09:45', '2025-04-30 20:09:45'),
(41, 'Bruno', 'González', 1, '12.495.451-7', '981 303804', 'mojica.carolina@example.com', NULL, 'Administracion', NULL, 1, NULL, 1, '2025-04-30 20:09:45', '2025-04-30 20:09:45'),
(42, 'Elsa', 'Requena', 1, '16.347.084-7', '946-502384', 'nahia66@example.net', NULL, 'Montaje', NULL, 1, NULL, 1, '2025-04-30 20:09:45', '2025-04-30 20:09:45'),
(43, 'Ángeles', 'Cárdenas', 1, '13.029.182-7', '909 271933', 'olga84@example.net', NULL, 'Montaje', NULL, 1, NULL, 1, '2025-04-30 20:09:45', '2025-04-30 20:09:45'),
(44, 'Andrea', 'Ramón', 1, '11.184.774-4', '936-66-1045', 'nunez.pol@example.net', NULL, 'Bodega', NULL, 1, NULL, 1, '2025-04-30 20:09:45', '2025-04-30 20:09:45'),
(45, 'Jorge', 'Ozuna', 1, '14.237.064-4', '+34 993 48 7512', 'rosario.anamaria@example.org', NULL, 'Bodega', NULL, 1, NULL, 1, '2025-04-30 20:09:45', '2025-04-30 20:09:45'),
(46, 'María', 'Cuenca', 1, '19.564.924-7', '+34 928 682186', 'lucas29@example.org', NULL, 'Montaje', NULL, 1, NULL, 1, '2025-04-30 20:09:45', '2025-04-30 20:09:45'),
(47, 'Gloria', 'Adorno', 1, '10.017.876-8', '+34 937-96-6271', 'omares@example.org', NULL, 'Bodega', NULL, 1, NULL, 1, '2025-04-30 20:09:45', '2025-04-30 20:09:45'),
(48, 'Mara', 'De la Fuente', 1, '15.947.797-5', '978247121', 'zoe.pons@example.org', NULL, 'Pintura', NULL, 1, NULL, 1, '2025-04-30 20:09:45', '2025-04-30 20:09:45'),
(49, 'Juana', 'Bermejo', 1, '15.994.977-4', '915-453525', 'sandoval.blanca@example.org', NULL, 'Bodega', NULL, 1, NULL, 1, '2025-04-30 20:09:45', '2025-04-30 20:09:45'),
(50, 'Jon', 'Adame', 1, '13.961.739-1', '925 78 8855', 'isaac.salcido@example.org', NULL, 'Pintura', NULL, 1, NULL, 1, '2025-04-30 20:09:45', '2025-04-30 20:09:45'),
(51, 'Andrés', 'Sedillo', 1, '12.092.663-2', '+34 923 769592', 'sanz.ana@example.net', NULL, 'Pintura', NULL, 1, NULL, 1, '2025-04-30 20:09:46', '2025-04-30 20:09:46'),
(52, 'Julia', 'Santana', 1, '18.912.470-1', '+34 964 56 7963', 'unai79@example.org', NULL, 'Administracion', NULL, 1, NULL, 1, '2025-04-30 20:09:46', '2025-04-30 20:09:46'),
(53, 'Nil', 'Collado', 1, '12.208.475-6', '+34 926980071', 'unai13@example.org', NULL, 'Bodega', NULL, 1, NULL, 1, '2025-04-30 20:09:46', '2025-04-30 20:09:46'),
(54, 'Isabel', 'Maya', 1, '14.625.701-2', '+34 960-42-0454', 'omar39@example.net', NULL, 'Soldadura', NULL, 1, NULL, 1, '2025-04-30 20:09:46', '2025-04-30 20:09:46'),
(55, 'Dario', 'Cabrera', 1, '17.817.811-0', '933421181', 'claudia83@example.net', NULL, 'Transporte', NULL, 1, NULL, 1, '2025-04-30 20:09:46', '2025-04-30 20:09:46'),
(56, 'Ángeles', 'Becerra', 1, '19.648.067-9', '923-00-3980', 'aleix30@example.com', NULL, 'Administracion', NULL, 1, NULL, 1, '2025-04-30 20:09:46', '2025-04-30 20:09:46'),
(57, 'Leo', 'Requena', 1, '15.714.412-4', '944-448606', 'elena.hernandez@example.net', NULL, 'Transporte', NULL, 1, NULL, 1, '2025-04-30 20:09:46', '2025-04-30 20:09:46'),
(58, 'Pilar', 'Quezada', 1, '13.089.420-9', '+34 930 84 2008', 'anaisabel42@example.net', NULL, 'Administracion', NULL, 1, NULL, 1, '2025-04-30 20:09:46', '2025-04-30 20:09:46'),
(59, 'Nora', 'Leiva', 1, '11.025.758-7', '971 144443', 'lsolorzano@example.org', NULL, 'Soldadura', NULL, 1, NULL, 1, '2025-04-30 20:09:46', '2025-04-30 20:09:46'),
(60, 'Valentina', 'Alicea', 1, '10.760.122-2', '978-59-7134', 'alexandra42@example.org', NULL, 'Transporte', NULL, 1, NULL, 1, '2025-04-30 20:09:46', '2025-04-30 20:09:46');

-- --------------------------------------------------------

--
-- Estructura de tabla para la tabla `unidades`
--

CREATE TABLE `unidades` (
  `id` bigint(20) UNSIGNED NOT NULL,
  `nombre` varchar(30) NOT NULL,
  `simbolo` varchar(30) NOT NULL,
  `estado` int(11) NOT NULL DEFAULT 1,
  `created_at` timestamp NULL DEFAULT NULL,
  `updated_at` timestamp NULL DEFAULT NULL
) ENGINE=InnoDB DEFAULT CHARSET=utf8 COLLATE=utf8_spanish2_ci;

--
-- Volcado de datos para la tabla `unidades`
--

INSERT INTO `unidades` (`id`, `nombre`, `simbolo`, `estado`, `created_at`, `updated_at`) VALUES
(1, 'Gramo', 'gr', 1, NULL, NULL),
(2, 'Kilogramo', 'Kg', 1, NULL, NULL),
(3, 'Metro', 'M', 1, NULL, NULL),
(4, 'Metro cuadrado', 'M2', 1, NULL, NULL),
(5, 'Metro cubico', 'M3', 1, NULL, NULL),
(6, 'Centimetro', 'cm', 1, NULL, NULL),
(7, 'Milimetro', 'mm', 1, NULL, NULL),
(8, 'Bolsa', 'bolsas', 1, NULL, NULL),
(9, 'Saco', 'sacos', 1, NULL, NULL),
(10, 'Litro', 'Lt', 1, NULL, NULL),
(11, 'Rollo', 'rollos', 1, NULL, NULL),
(12, 'Galon', 'galones', 1, NULL, NULL),
(13, 'Tineta', 'tinetas', 1, NULL, NULL),
(14, 'Media tineta', 'media tinetas', 1, NULL, NULL),
(15, 'Cuarto de galon', 'cuarto de galones', 1, NULL, NULL),
(16, 'Paquete', 'paquetes', 1, NULL, NULL),
(17, 'Tira', 'tiras', 1, NULL, NULL),
(18, 'Caja', 'cajas', 1, NULL, NULL),
(19, 'Tarro', 'tarros', 1, NULL, NULL),
(20, 'Par', 'pares', 1, NULL, NULL),
(21, 'Dispensador', 'dispensadores', 1, NULL, NULL),
(22, 'Unidades', 'unidades', 1, NULL, NULL);

-- --------------------------------------------------------

--
-- Estructura de tabla para la tabla `vehiculos`
--

CREATE TABLE `vehiculos` (
  `id` bigint(20) UNSIGNED NOT NULL,
  `marca` varchar(20) NOT NULL,
  `modelo` varchar(30) NOT NULL,
  `patente` varchar(10) NOT NULL,
  `anno` bigint(20) NOT NULL,
  `color` varchar(24) NOT NULL,
  `kilometraje` bigint(20) DEFAULT NULL,
  `kilometraje_fecha` date DEFAULT NULL,
  `revision_mes` varchar(10) NOT NULL,
  `revision_anno` bigint(20) NOT NULL,
  `tpocombustible` int(11) NOT NULL,
  `condicion` varchar(120) NOT NULL,
  `aceite_cambio` bigint(20) DEFAULT NULL,
  `municipalidad` varchar(30) NOT NULL,
  `empresa` int(11) NOT NULL,
  `estado` int(11) NOT NULL DEFAULT 1,
  `ingresado_por` int(11) NOT NULL,
  `created_at` timestamp NULL DEFAULT NULL,
  `updated_at` timestamp NULL DEFAULT NULL
) ENGINE=InnoDB DEFAULT CHARSET=utf8 COLLATE=utf8_spanish2_ci;

--
-- Volcado de datos para la tabla `vehiculos`
--

INSERT INTO `vehiculos` (`id`, `marca`, `modelo`, `patente`, `anno`, `color`, `kilometraje`, `kilometraje_fecha`, `revision_mes`, `revision_anno`, `tpocombustible`, `condicion`, `aceite_cambio`, `municipalidad`, `empresa`, `estado`, `ingresado_por`, `created_at`, `updated_at`) VALUES
(1, 'Toyota', 'Hilux 2.8D SRV 4x2', 'HLKJ54', 2018, 'Rojo', 135000, '2025-08-21', 'Julio', 2025, 3, 'Pestillo del Pickup dañado, abolladura en tapabarros trasero derecho', 144000, 'San Pedro de la Paz', 1, 1, 1, '2025-08-20 04:00:30', '2025-08-21 18:57:39'),
(2, 'Mitsubishi', 'Katana L200 CRT 4x4', 'PCXA45', 2015, 'Gris', 218000, '2025-08-20', 'Agosto', 2025, 1, 'Foco delantero derecho con problemas, pierde un poco de aceite', 223000, 'Concepcion', 1, 1, 1, '2025-08-20 04:00:30', NULL),
(3, 'Citroen', 'Berlingo B9 C 16h', 'CCRT97', 2019, 'Blanco', 314600, '2025-08-20', 'Octubre', 2025, 1, 'Logo despegandose, humo mayor al normal por el tubo de escape', 321000, 'Concepcion', 1, 0, 1, '2025-08-20 04:14:10', '2025-08-21 20:52:49'),
(4, 'Isuzu', 'NPR  5.000 kilos', 'KTRV23', 2013, 'Blanco', 245000, '2025-08-20', 'Junio', 2025, 1, 'Neumaticos traseros muy gastados, espejo retrovisor derecho suelto', 249500, 'Concepcion', 1, 1, 1, '2025-08-20 04:14:10', NULL),
(5, 'Jac', 'urban 1040', 'XDFR66', 2018, 'Blanco', 235000, '2025-08-21', 'Septiembre', 2025, 1, 'usado sin detalles', 241000, 'Chiguayante', 1, 1, 1, '2025-08-21 07:13:34', '2025-08-21 07:13:34');

-- --------------------------------------------------------

--
-- Estructura Stand-in para la vista `vtahtaentregas`
-- (Véase abajo para la vista actual)
--
CREATE TABLE `vtahtaentregas` (
`trabanombres` varchar(40)
,`trabapellidos` varchar(40)
,`trabaid` bigint(20) unsigned
,`entregafolio` bigint(20) unsigned
,`entregafecha` timestamp
,`entregaid` bigint(20) unsigned
,`itementregado` bigint(20)
,`itemdevuelto` int(11)
,`itemid` bigint(20) unsigned
,`proyenombre` varchar(120)
,`proyeid` bigint(20) unsigned
,`htanombre` varchar(80)
,`htaid` bigint(20) unsigned
);

-- --------------------------------------------------------

--
-- Estructura para la vista `vtahtaentregas`
--

CREATE ALGORITHM=UNDEFINED DEFINER=`root`@`localhost` SQL SECURITY DEFINER VIEW `vtahtaentregas`  AS SELECT `trabajadors`.`nombres` AS `trabanombres`, `trabajadors`.`apellidos` AS `trabapellidos`, `trabajadors`.`id` AS `trabaid`, `htaentregas`.`folio` AS `entregafolio`, `htaentregas`.`created_at` AS `entregafecha`, `htaentregas`.`id` AS `entregaid`, `htaentregasitems`.`cantidad` AS `itementregado`, `htaentregasitems`.`devuelto` AS `itemdevuelto`, `htaentregasitems`.`id` AS `itemid`, `proyectos`.`nombre` AS `proyenombre`, `proyectos`.`id` AS `proyeid`, `herramientas`.`nombre` AS `htanombre`, `herramientas`.`id` AS `htaid` FROM ((((`herramientas` join `trabajadors`) join `htaentregas`) join `proyectos`) join `htaentregasitems`) WHERE `htaentregasitems`.`cantidad` > `htaentregasitems`.`devuelto` AND `htaentregas`.`trabajador_id` = `trabajadors`.`id` AND `htaentregas`.`proyecto_id` = `proyectos`.`id` AND `htaentregasitems`.`htaentrega_id` = `htaentregas`.`id` AND `htaentregas`.`estado` = 1 AND `htaentregasitems`.`estado` = 1 AND `htaentregasitems`.`herramienta_id` = `herramientas`.`id` ORDER BY `htaentregas`.`folio` DESC ;

--
-- Indices de la tabla `cat_consumibles`
--
ALTER TABLE `cat_consumibles`
  ADD PRIMARY KEY (`id`),
  ADD UNIQUE KEY `cat_consumibles_name_unique` (`name`);

--
-- Indices de la tabla `cat_elementos`
--
ALTER TABLE `cat_elementos`
  ADD PRIMARY KEY (`id`),
  ADD UNIQUE KEY `cat_elementos_name_unique` (`name`);

--
-- Indices de la tabla `cat_herramientas`
--
ALTER TABLE `cat_herramientas`
  ADD PRIMARY KEY (`id`),
  ADD UNIQUE KEY `cat_herramientas_name_unique` (`name`);

--
-- Indices de la tabla `cat_materials`
--
ALTER TABLE `cat_materials`
  ADD PRIMARY KEY (`id`),
  ADD UNIQUE KEY `cat_materials_name_unique` (`name`);

--
-- Indices de la tabla `cities`
--
ALTER TABLE `cities`
  ADD PRIMARY KEY (`id`);

--
-- Indices de la tabla `consudevolucions`
--
ALTER TABLE `consudevolucions`
  ADD PRIMARY KEY (`id`),
  ADD KEY `consudevolucions_consumible_id_foreign` (`consumible_id`),
  ADD KEY `consudevolucions_trabajador_id_foreign` (`trabajador_id`),
  ADD KEY `consudevolucions_recibido_por_foreign` (`recibido_por`);

--
-- Indices de la tabla `consuentregas`
--
ALTER TABLE `consuentregas`
  ADD PRIMARY KEY (`id`),
  ADD KEY `consuentregas_empresa_id_foreign` (`empresa_id`),
  ADD KEY `consuentregas_trabajador_id_foreign` (`trabajador_id`),
  ADD KEY `consuentregas_proyecto_id_foreign` (`proyecto_id`),
  ADD KEY `consuentregas_ingresado_por_foreign` (`ingresado_por`);

--
-- Indices de la tabla `consuentregasitems`
--
ALTER TABLE `consuentregasitems`
  ADD PRIMARY KEY (`id`),
  ADD KEY `consuentregasitems_consuentrega_id_foreign` (`consuentrega_id`),
  ADD KEY `consuentregasitems_consumible_id_foreign` (`consumible_id`);

--
-- Indices de la tabla `consumibles`
--
ALTER TABLE `consumibles`
  ADD PRIMARY KEY (`id`),
  ADD UNIQUE KEY `consumibles_codigo_unique` (`codigo`),
  ADD KEY `consumibles_catconsumible_id_foreign` (`catconsumible_id`),
  ADD KEY `consumibles_ingresado_por_foreign` (`ingresado_por`);

--
-- Indices de la tabla `countries`
--
ALTER TABLE `countries`
  ADD PRIMARY KEY (`id`);

--
-- Indices de la tabla `currencies`
--
ALTER TABLE `currencies`
  ADD PRIMARY KEY (`id`);

--
-- Indices de la tabla `elemendevolucions`
--
ALTER TABLE `elemendevolucions`
  ADD PRIMARY KEY (`id`),
  ADD KEY `elemendevolucions_elemento_id_foreign` (`elemento_id`),
  ADD KEY `elemendevolucions_trabajador_id_foreign` (`trabajador_id`),
  ADD KEY `elemendevolucions_recibido_por_foreign` (`recibido_por`);

--
-- Indices de la tabla `elementos`
--
ALTER TABLE `elementos`
  ADD PRIMARY KEY (`id`),
  ADD UNIQUE KEY `elementos_codigo_unique` (`codigo`),
  ADD KEY `elementos_catelemento_id_foreign` (`catelemento_id`),
  ADD KEY `elementos_ingresado_por_foreign` (`ingresado_por`);

--
-- Indices de la tabla `elementregas`
--
ALTER TABLE `elementregas`
  ADD PRIMARY KEY (`id`),
  ADD KEY `elementregas_empresa_id_foreign` (`empresa_id`),
  ADD KEY `elementregas_trabajador_id_foreign` (`trabajador_id`),
  ADD KEY `elementregas_proyecto_id_foreign` (`proyecto_id`),
  ADD KEY `elementregas_ingresado_por_foreign` (`ingresado_por`);

--
-- Indices de la tabla `elementregasitems`
--
ALTER TABLE `elementregasitems`
  ADD PRIMARY KEY (`id`),
  ADD KEY `elementregasitems_elementrega_id_foreign` (`elementrega_id`),
  ADD KEY `elementregasitems_elemento_id_foreign` (`elemento_id`);

--
-- Indices de la tabla `empresas`
--
ALTER TABLE `empresas`
  ADD PRIMARY KEY (`id`);

--
-- Indices de la tabla `failed_jobs`
--
ALTER TABLE `failed_jobs`
  ADD PRIMARY KEY (`id`),
  ADD UNIQUE KEY `failed_jobs_uuid_unique` (`uuid`);

--
-- Indices de la tabla `herramientas`
--
ALTER TABLE `herramientas`
  ADD PRIMARY KEY (`id`),
  ADD UNIQUE KEY `herramientas_codigo_unique` (`codigo`),
  ADD KEY `herramientas_catherramienta_id_foreign` (`catherramienta_id`),
  ADD KEY `herramientas_ingresado_por_foreign` (`ingresado_por`);

--
-- Indices de la tabla `htadevolucionitems`
--
ALTER TABLE `htadevolucionitems`
  ADD PRIMARY KEY (`id`),
  ADD KEY `htadevolucionitems_htadevolucion_id_foreign` (`htadevolucion_id`),
  ADD KEY `htadevolucionitems_herramienta_id_foreign` (`herramienta_id`),
  ADD KEY `htadevolucionitems_htaentregasitem_id_foreign` (`htaentregasitem_id`);

--
-- Indices de la tabla `htadevolucions`
--
ALTER TABLE `htadevolucions`
  ADD PRIMARY KEY (`id`),
  ADD KEY `htadevolucions_htaentrega_id_foreign` (`htaentrega_id`),
  ADD KEY `htadevolucions_trabajador_id_foreign` (`trabajador_id`),
  ADD KEY `htadevolucions_proyecto_id_foreign` (`proyecto_id`),
  ADD KEY `htadevolucions_ingresado_por_foreign` (`ingresado_por`);

--
-- Indices de la tabla `htaentregas`
--
ALTER TABLE `htaentregas`
  ADD PRIMARY KEY (`id`),
  ADD KEY `htaentregas_trabajador_id_foreign` (`trabajador_id`),
  ADD KEY `htaentregas_empresa_id_foreign` (`empresa_id`),
  ADD KEY `htaentregas_proyecto_id_foreign` (`proyecto_id`),
  ADD KEY `htaentregas_ingresado_por_foreign` (`ingresado_por`);

--
-- Indices de la tabla `htaentregasitems`
--
ALTER TABLE `htaentregasitems`
  ADD PRIMARY KEY (`id`),
  ADD KEY `htaentregasitems_htaentrega_id_foreign` (`htaentrega_id`),
  ADD KEY `htaentregasitems_herramienta_id_foreign` (`herramienta_id`);

--
-- Indices de la tabla `jobs`
--
ALTER TABLE `jobs`
  ADD PRIMARY KEY (`id`),
  ADD KEY `jobs_queue_index` (`queue`);

--
-- Indices de la tabla `job_batches`
--
ALTER TABLE `job_batches`
  ADD PRIMARY KEY (`id`);

--
-- Indices de la tabla `languages`
--
ALTER TABLE `languages`
  ADD PRIMARY KEY (`id`);

--
-- Indices de la tabla `matdevolucions`
--
ALTER TABLE `matdevolucions`
  ADD PRIMARY KEY (`id`),
  ADD KEY `matdevolucions_material_id_foreign` (`material_id`),
  ADD KEY `matdevolucions_trabajador_id_foreign` (`trabajador_id`),
  ADD KEY `matdevolucions_recibido_por_foreign` (`recibido_por`);

--
-- Indices de la tabla `matentregas`
--
ALTER TABLE `matentregas`
  ADD PRIMARY KEY (`id`),
  ADD KEY `matentregas_empresa_id_foreign` (`empresa_id`),
  ADD KEY `matentregas_trabajador_id_foreign` (`trabajador_id`),
  ADD KEY `matentregas_proyecto_id_foreign` (`proyecto_id`),
  ADD KEY `matentregas_ingresado_por_foreign` (`ingresado_por`);

--
-- Indices de la tabla `matentregasitems`
--
ALTER TABLE `matentregasitems`
  ADD PRIMARY KEY (`id`),
  ADD KEY `matentregasitems_matentrega_id_foreign` (`matentrega_id`),
  ADD KEY `matentregasitems_material_id_foreign` (`material_id`);

--
-- Indices de la tabla `materials`
--
ALTER TABLE `materials`
  ADD PRIMARY KEY (`id`),
  ADD UNIQUE KEY `materials_codigo_unique` (`codigo`),
  ADD KEY `materials_catmaterial_id_foreign` (`catmaterial_id`),
  ADD KEY `materials_ingresado_por_foreign` (`ingresado_por`);

--
-- Indices de la tabla `migrations`
--
ALTER TABLE `migrations`
  ADD PRIMARY KEY (`id`);

--
-- Indices de la tabla `model_has_permissions`
--
ALTER TABLE `model_has_permissions`
  ADD PRIMARY KEY (`permission_id`,`model_id`,`model_type`),
  ADD KEY `model_has_permissions_model_id_model_type_index` (`model_id`,`model_type`);

--
-- Indices de la tabla `model_has_roles`
--
ALTER TABLE `model_has_roles`
  ADD PRIMARY KEY (`role_id`,`model_id`,`model_type`),
  ADD KEY `model_has_roles_model_id_model_type_index` (`model_id`,`model_type`);

--
-- Indices de la tabla `permissions`
--
ALTER TABLE `permissions`
  ADD PRIMARY KEY (`id`),
  ADD UNIQUE KEY `permissions_name_guard_name_unique` (`name`,`guard_name`);

--
-- Indices de la tabla `proveedors`
--
ALTER TABLE `proveedors`
  ADD PRIMARY KEY (`id`),
  ADD KEY `proveedors_ingresado_por_foreign` (`ingresado_por`);

--
-- Indices de la tabla `proyectos`
--
ALTER TABLE `proyectos`
  ADD PRIMARY KEY (`id`),
  ADD KEY `proyectos_empresa_id_foreign` (`empresa_id`),
  ADD KEY `proyectos_ingresado_por_foreign` (`ingresado_por`);

--
-- Indices de la tabla `roles`
--
ALTER TABLE `roles`
  ADD PRIMARY KEY (`id`),
  ADD UNIQUE KEY `roles_name_guard_name_unique` (`name`,`guard_name`);

--
-- Indices de la tabla `role_has_permissions`
--
ALTER TABLE `role_has_permissions`
  ADD PRIMARY KEY (`permission_id`,`role_id`),
  ADD KEY `role_has_permissions_role_id_foreign` (`role_id`);

--
-- Indices de la tabla `sessions`
--
ALTER TABLE `sessions`
  ADD PRIMARY KEY (`id`),
  ADD KEY `sessions_user_id_index` (`user_id`),
  ADD KEY `sessions_last_activity_index` (`last_activity`);

--
-- Indices de la tabla `states`
--
ALTER TABLE `states`
  ADD PRIMARY KEY (`id`);

--
-- Indices de la tabla `timezones`
--
ALTER TABLE `timezones`
  ADD PRIMARY KEY (`id`);

--
-- Indices de la tabla `tmpconsuentregas`
--
ALTER TABLE `tmpconsuentregas`
  ADD PRIMARY KEY (`id`),
  ADD KEY `tmpconsuentregas_consumibles_id_foreign` (`consumibles_id`);

--
-- Indices de la tabla `tmpelementregas`
--
ALTER TABLE `tmpelementregas`
  ADD PRIMARY KEY (`id`),
  ADD KEY `tmpelementregas_elementos_id_foreign` (`elementos_id`);

--
-- Indices de la tabla `tmphtaentregas`
--
ALTER TABLE `tmphtaentregas`
  ADD PRIMARY KEY (`id`),
  ADD KEY `tmphtaentregas_herramientas_id_foreign` (`herramienta_id`);

--
-- Indices de la tabla `tmpmatentregas`
--
ALTER TABLE `tmpmatentregas`
  ADD PRIMARY KEY (`id`),
  ADD KEY `tmpmatentregas_materiales_id_foreign` (`materiales_id`);

--
-- Indices de la tabla `tpocombustible`
--
ALTER TABLE `tpocombustible`
  ADD PRIMARY KEY (`id`);

--
-- Indices de la tabla `tpomes`
--
ALTER TABLE `tpomes`
  ADD PRIMARY KEY (`id`);

--
-- Indices de la tabla `trabajadors`
--
ALTER TABLE `trabajadors`
  ADD PRIMARY KEY (`id`),
  ADD KEY `trabajadors_ingresado_por_foreign` (`ingresado_por`);

--
-- Indices de la tabla `unidades`
--
ALTER TABLE `unidades`
  ADD PRIMARY KEY (`id`);

--
-- Indices de la tabla `vehiculos`
--
ALTER TABLE `vehiculos`
  ADD PRIMARY KEY (`id`);

--
-- AUTO_INCREMENT de las tablas volcadas
--

--
-- AUTO_INCREMENT de la tabla `cat_consumibles`
--
ALTER TABLE `cat_consumibles`
  MODIFY `id` bigint(20) UNSIGNED NOT NULL AUTO_INCREMENT, AUTO_INCREMENT=16;

--
-- AUTO_INCREMENT de la tabla `cat_elementos`
--
ALTER TABLE `cat_elementos`
  MODIFY `id` bigint(20) UNSIGNED NOT NULL AUTO_INCREMENT, AUTO_INCREMENT=11;

--
-- AUTO_INCREMENT de la tabla `cat_herramientas`
--
ALTER TABLE `cat_herramientas`
  MODIFY `id` bigint(20) UNSIGNED NOT NULL AUTO_INCREMENT, AUTO_INCREMENT=25;

--
-- AUTO_INCREMENT de la tabla `cat_materials`
--
ALTER TABLE `cat_materials`
  MODIFY `id` bigint(20) UNSIGNED NOT NULL AUTO_INCREMENT, AUTO_INCREMENT=5;

--
-- AUTO_INCREMENT de la tabla `cities`
--
ALTER TABLE `cities`
  MODIFY `id` bigint(20) UNSIGNED NOT NULL AUTO_INCREMENT, AUTO_INCREMENT=150717;

--
-- AUTO_INCREMENT de la tabla `consudevolucions`
--
ALTER TABLE `consudevolucions`
  MODIFY `id` bigint(20) UNSIGNED NOT NULL AUTO_INCREMENT;

--
-- AUTO_INCREMENT de la tabla `consuentregas`
--
ALTER TABLE `consuentregas`
  MODIFY `id` bigint(20) UNSIGNED NOT NULL AUTO_INCREMENT, AUTO_INCREMENT=51;

--
-- AUTO_INCREMENT de la tabla `consuentregasitems`
--
ALTER TABLE `consuentregasitems`
  MODIFY `id` bigint(20) UNSIGNED NOT NULL AUTO_INCREMENT, AUTO_INCREMENT=151;

--
-- AUTO_INCREMENT de la tabla `consumibles`
--
ALTER TABLE `consumibles`
  MODIFY `id` bigint(20) UNSIGNED NOT NULL AUTO_INCREMENT, AUTO_INCREMENT=101;

--
-- AUTO_INCREMENT de la tabla `countries`
--
ALTER TABLE `countries`
  MODIFY `id` bigint(20) UNSIGNED NOT NULL AUTO_INCREMENT, AUTO_INCREMENT=251;

--
-- AUTO_INCREMENT de la tabla `currencies`
--
ALTER TABLE `currencies`
  MODIFY `id` bigint(20) UNSIGNED NOT NULL AUTO_INCREMENT, AUTO_INCREMENT=251;

--
-- AUTO_INCREMENT de la tabla `elemendevolucions`
--
ALTER TABLE `elemendevolucions`
  MODIFY `id` bigint(20) UNSIGNED NOT NULL AUTO_INCREMENT;

--
-- AUTO_INCREMENT de la tabla `elementos`
--
ALTER TABLE `elementos`
  MODIFY `id` bigint(20) UNSIGNED NOT NULL AUTO_INCREMENT, AUTO_INCREMENT=101;

--
-- AUTO_INCREMENT de la tabla `elementregas`
--
ALTER TABLE `elementregas`
  MODIFY `id` bigint(20) UNSIGNED NOT NULL AUTO_INCREMENT, AUTO_INCREMENT=51;

--
-- AUTO_INCREMENT de la tabla `elementregasitems`
--
ALTER TABLE `elementregasitems`
  MODIFY `id` bigint(20) UNSIGNED NOT NULL AUTO_INCREMENT, AUTO_INCREMENT=151;

--
-- AUTO_INCREMENT de la tabla `empresas`
--
ALTER TABLE `empresas`
  MODIFY `id` bigint(20) UNSIGNED NOT NULL AUTO_INCREMENT, AUTO_INCREMENT=2;

--
-- AUTO_INCREMENT de la tabla `failed_jobs`
--
ALTER TABLE `failed_jobs`
  MODIFY `id` bigint(20) UNSIGNED NOT NULL AUTO_INCREMENT;

--
-- AUTO_INCREMENT de la tabla `herramientas`
--
ALTER TABLE `herramientas`
  MODIFY `id` bigint(20) UNSIGNED NOT NULL AUTO_INCREMENT, AUTO_INCREMENT=101;

--
-- AUTO_INCREMENT de la tabla `htadevolucionitems`
--
ALTER TABLE `htadevolucionitems`
  MODIFY `id` bigint(20) UNSIGNED NOT NULL AUTO_INCREMENT, AUTO_INCREMENT=157;

--
-- AUTO_INCREMENT de la tabla `htadevolucions`
--
ALTER TABLE `htadevolucions`
  MODIFY `id` bigint(20) UNSIGNED NOT NULL AUTO_INCREMENT, AUTO_INCREMENT=57;

--
-- AUTO_INCREMENT de la tabla `htaentregas`
--
ALTER TABLE `htaentregas`
  MODIFY `id` bigint(20) UNSIGNED NOT NULL AUTO_INCREMENT, AUTO_INCREMENT=26;

--
-- AUTO_INCREMENT de la tabla `htaentregasitems`
--
ALTER TABLE `htaentregasitems`
  MODIFY `id` bigint(20) UNSIGNED NOT NULL AUTO_INCREMENT, AUTO_INCREMENT=154;

--
-- AUTO_INCREMENT de la tabla `jobs`
--
ALTER TABLE `jobs`
  MODIFY `id` bigint(20) UNSIGNED NOT NULL AUTO_INCREMENT;

--
-- AUTO_INCREMENT de la tabla `languages`
--
ALTER TABLE `languages`
  MODIFY `id` bigint(20) UNSIGNED NOT NULL AUTO_INCREMENT, AUTO_INCREMENT=184;

--
-- AUTO_INCREMENT de la tabla `matdevolucions`
--
ALTER TABLE `matdevolucions`
  MODIFY `id` bigint(20) UNSIGNED NOT NULL AUTO_INCREMENT;

--
-- AUTO_INCREMENT de la tabla `matentregas`
--
ALTER TABLE `matentregas`
  MODIFY `id` bigint(20) UNSIGNED NOT NULL AUTO_INCREMENT, AUTO_INCREMENT=51;

--
-- AUTO_INCREMENT de la tabla `matentregasitems`
--
ALTER TABLE `matentregasitems`
  MODIFY `id` bigint(20) UNSIGNED NOT NULL AUTO_INCREMENT, AUTO_INCREMENT=151;

--
-- AUTO_INCREMENT de la tabla `materials`
--
ALTER TABLE `materials`
  MODIFY `id` bigint(20) UNSIGNED NOT NULL AUTO_INCREMENT, AUTO_INCREMENT=101;

--
-- AUTO_INCREMENT de la tabla `migrations`
--
ALTER TABLE `migrations`
  MODIFY `id` int(10) UNSIGNED NOT NULL AUTO_INCREMENT, AUTO_INCREMENT=79;

--
-- AUTO_INCREMENT de la tabla `permissions`
--
ALTER TABLE `permissions`
  MODIFY `id` bigint(20) UNSIGNED NOT NULL AUTO_INCREMENT, AUTO_INCREMENT=122;

--
-- AUTO_INCREMENT de la tabla `proveedors`
--
ALTER TABLE `proveedors`
  MODIFY `id` bigint(20) UNSIGNED NOT NULL AUTO_INCREMENT, AUTO_INCREMENT=33;

--
-- AUTO_INCREMENT de la tabla `proyectos`
--
ALTER TABLE `proyectos`
  MODIFY `id` bigint(20) UNSIGNED NOT NULL AUTO_INCREMENT, AUTO_INCREMENT=5;

--
-- AUTO_INCREMENT de la tabla `roles`
--
ALTER TABLE `roles`
  MODIFY `id` bigint(20) UNSIGNED NOT NULL AUTO_INCREMENT, AUTO_INCREMENT=7;

--
-- AUTO_INCREMENT de la tabla `states`
--
ALTER TABLE `states`
  MODIFY `id` bigint(20) UNSIGNED NOT NULL AUTO_INCREMENT, AUTO_INCREMENT=5001;

--
-- AUTO_INCREMENT de la tabla `timezones`
--
ALTER TABLE `timezones`
  MODIFY `id` bigint(20) UNSIGNED NOT NULL AUTO_INCREMENT, AUTO_INCREMENT=429;

--
-- AUTO_INCREMENT de la tabla `tmpconsuentregas`
--
ALTER TABLE `tmpconsuentregas`
  MODIFY `id` bigint(20) UNSIGNED NOT NULL AUTO_INCREMENT;

--
-- AUTO_INCREMENT de la tabla `tmpelementregas`
--
ALTER TABLE `tmpelementregas`
  MODIFY `id` bigint(20) UNSIGNED NOT NULL AUTO_INCREMENT;

--
-- AUTO_INCREMENT de la tabla `tmphtaentregas`
--
ALTER TABLE `tmphtaentregas`
  MODIFY `id` bigint(20) UNSIGNED NOT NULL AUTO_INCREMENT, AUTO_INCREMENT=6;

--
-- AUTO_INCREMENT de la tabla `tmpmatentregas`
--
ALTER TABLE `tmpmatentregas`
  MODIFY `id` bigint(20) UNSIGNED NOT NULL AUTO_INCREMENT;

--
-- AUTO_INCREMENT de la tabla `tpocombustible`
--
ALTER TABLE `tpocombustible`
  MODIFY `id` bigint(20) UNSIGNED NOT NULL AUTO_INCREMENT, AUTO_INCREMENT=5;

--
-- AUTO_INCREMENT de la tabla `tpomes`
--
ALTER TABLE `tpomes`
  MODIFY `id` bigint(20) UNSIGNED NOT NULL AUTO_INCREMENT, AUTO_INCREMENT=13;

--
-- AUTO_INCREMENT de la tabla `trabajadors`
--
ALTER TABLE `trabajadors`
  MODIFY `id` bigint(20) UNSIGNED NOT NULL AUTO_INCREMENT, AUTO_INCREMENT=61;

--
-- AUTO_INCREMENT de la tabla `unidades`
--
ALTER TABLE `unidades`
  MODIFY `id` bigint(20) UNSIGNED NOT NULL AUTO_INCREMENT, AUTO_INCREMENT=23;

--
-- AUTO_INCREMENT de la tabla `vehiculos`
--
ALTER TABLE `vehiculos`
  MODIFY `id` bigint(20) UNSIGNED NOT NULL AUTO_INCREMENT, AUTO_INCREMENT=7;

--
-- Restricciones para tablas volcadas
--

--
-- Filtros para la tabla `consudevolucions`
--
ALTER TABLE `consudevolucions`
  ADD CONSTRAINT `consudevolucions_consumible_id_foreign` FOREIGN KEY (`consumible_id`) REFERENCES `consumibles` (`id`),
  ADD CONSTRAINT `consudevolucions_recibido_por_foreign` FOREIGN KEY (`recibido_por`) REFERENCES `users` (`id`),
  ADD CONSTRAINT `consudevolucions_trabajador_id_foreign` FOREIGN KEY (`trabajador_id`) REFERENCES `trabajadors` (`id`);

--
-- Filtros para la tabla `consuentregas`
--
ALTER TABLE `consuentregas`
  ADD CONSTRAINT `consuentregas_empresa_id_foreign` FOREIGN KEY (`empresa_id`) REFERENCES `empresas` (`id`),
  ADD CONSTRAINT `consuentregas_ingresado_por_foreign` FOREIGN KEY (`ingresado_por`) REFERENCES `users` (`id`),
  ADD CONSTRAINT `consuentregas_proyecto_id_foreign` FOREIGN KEY (`proyecto_id`) REFERENCES `proyectos` (`id`),
  ADD CONSTRAINT `consuentregas_trabajador_id_foreign` FOREIGN KEY (`trabajador_id`) REFERENCES `trabajadors` (`id`);

--
-- Filtros para la tabla `consuentregasitems`
--
ALTER TABLE `consuentregasitems`
  ADD CONSTRAINT `consuentregasitems_consuentrega_id_foreign` FOREIGN KEY (`consuentrega_id`) REFERENCES `consuentregas` (`id`),
  ADD CONSTRAINT `consuentregasitems_consumible_id_foreign` FOREIGN KEY (`consumible_id`) REFERENCES `consumibles` (`id`);

--
-- Filtros para la tabla `consumibles`
--
ALTER TABLE `consumibles`
  ADD CONSTRAINT `consumibles_catconsumible_id_foreign` FOREIGN KEY (`catconsumible_id`) REFERENCES `cat_consumibles` (`id`),
  ADD CONSTRAINT `consumibles_ingresado_por_foreign` FOREIGN KEY (`ingresado_por`) REFERENCES `users` (`id`);

--
-- Filtros para la tabla `elemendevolucions`
--
ALTER TABLE `elemendevolucions`
  ADD CONSTRAINT `elemendevolucions_elemento_id_foreign` FOREIGN KEY (`elemento_id`) REFERENCES `elementos` (`id`),
  ADD CONSTRAINT `elemendevolucions_recibido_por_foreign` FOREIGN KEY (`recibido_por`) REFERENCES `users` (`id`),
  ADD CONSTRAINT `elemendevolucions_trabajador_id_foreign` FOREIGN KEY (`trabajador_id`) REFERENCES `trabajadors` (`id`);

--
-- Filtros para la tabla `elementos`
--
ALTER TABLE `elementos`
  ADD CONSTRAINT `elementos_catelemento_id_foreign` FOREIGN KEY (`catelemento_id`) REFERENCES `cat_elementos` (`id`),
  ADD CONSTRAINT `elementos_ingresado_por_foreign` FOREIGN KEY (`ingresado_por`) REFERENCES `users` (`id`);

--
-- Filtros para la tabla `elementregas`
--
ALTER TABLE `elementregas`
  ADD CONSTRAINT `elementregas_empresa_id_foreign` FOREIGN KEY (`empresa_id`) REFERENCES `empresas` (`id`),
  ADD CONSTRAINT `elementregas_ingresado_por_foreign` FOREIGN KEY (`ingresado_por`) REFERENCES `users` (`id`),
  ADD CONSTRAINT `elementregas_proyecto_id_foreign` FOREIGN KEY (`proyecto_id`) REFERENCES `proyectos` (`id`),
  ADD CONSTRAINT `elementregas_trabajador_id_foreign` FOREIGN KEY (`trabajador_id`) REFERENCES `trabajadors` (`id`);

--
-- Filtros para la tabla `elementregasitems`
--
ALTER TABLE `elementregasitems`
  ADD CONSTRAINT `elementregasitems_elemento_id_foreign` FOREIGN KEY (`elemento_id`) REFERENCES `elementos` (`id`),
  ADD CONSTRAINT `elementregasitems_elementrega_id_foreign` FOREIGN KEY (`elementrega_id`) REFERENCES `elementregas` (`id`);

--
-- Filtros para la tabla `herramientas`
--
ALTER TABLE `herramientas`
  ADD CONSTRAINT `herramientas_catherramienta_id_foreign` FOREIGN KEY (`catherramienta_id`) REFERENCES `cat_herramientas` (`id`),
  ADD CONSTRAINT `herramientas_ingresado_por_foreign` FOREIGN KEY (`ingresado_por`) REFERENCES `users` (`id`);

--
-- Filtros para la tabla `htadevolucionitems`
--
ALTER TABLE `htadevolucionitems`
  ADD CONSTRAINT `htadevolucionitems_herramienta_id_foreign` FOREIGN KEY (`herramienta_id`) REFERENCES `herramientas` (`id`),
  ADD CONSTRAINT `htadevolucionitems_htadevolucion_id_foreign` FOREIGN KEY (`htadevolucion_id`) REFERENCES `htadevolucions` (`id`),
  ADD CONSTRAINT `htadevolucionitems_htaentregasitem_id_foreign` FOREIGN KEY (`htaentregasitem_id`) REFERENCES `htaentregasitems` (`id`);

--
-- Filtros para la tabla `htadevolucions`
--
ALTER TABLE `htadevolucions`
  ADD CONSTRAINT `htadevolucions_htaentrega_id_foreign` FOREIGN KEY (`htaentrega_id`) REFERENCES `htaentregas` (`id`),
  ADD CONSTRAINT `htadevolucions_ingresado_por_foreign` FOREIGN KEY (`ingresado_por`) REFERENCES `users` (`id`),
  ADD CONSTRAINT `htadevolucions_proyecto_id_foreign` FOREIGN KEY (`proyecto_id`) REFERENCES `proyectos` (`id`),
  ADD CONSTRAINT `htadevolucions_trabajador_id_foreign` FOREIGN KEY (`trabajador_id`) REFERENCES `trabajadors` (`id`);

--
-- Filtros para la tabla `htaentregas`
--
ALTER TABLE `htaentregas`
  ADD CONSTRAINT `htaentregas_empresa_id_foreign` FOREIGN KEY (`empresa_id`) REFERENCES `empresas` (`id`),
  ADD CONSTRAINT `htaentregas_ingresado_por_foreign` FOREIGN KEY (`ingresado_por`) REFERENCES `users` (`id`),
  ADD CONSTRAINT `htaentregas_proyecto_id_foreign` FOREIGN KEY (`proyecto_id`) REFERENCES `proyectos` (`id`),
  ADD CONSTRAINT `htaentregas_trabajador_id_foreign` FOREIGN KEY (`trabajador_id`) REFERENCES `trabajadors` (`id`);

--
-- Filtros para la tabla `htaentregasitems`
--
ALTER TABLE `htaentregasitems`
  ADD CONSTRAINT `htaentregasitems_herramienta_id_foreign` FOREIGN KEY (`herramienta_id`) REFERENCES `herramientas` (`id`),
  ADD CONSTRAINT `htaentregasitems_htaentrega_id_foreign` FOREIGN KEY (`htaentrega_id`) REFERENCES `htaentregas` (`id`);

--
-- Filtros para la tabla `matdevolucions`
--
ALTER TABLE `matdevolucions`
  ADD CONSTRAINT `matdevolucions_material_id_foreign` FOREIGN KEY (`material_id`) REFERENCES `materials` (`id`),
  ADD CONSTRAINT `matdevolucions_recibido_por_foreign` FOREIGN KEY (`recibido_por`) REFERENCES `users` (`id`),
  ADD CONSTRAINT `matdevolucions_trabajador_id_foreign` FOREIGN KEY (`trabajador_id`) REFERENCES `trabajadors` (`id`);

--
-- Filtros para la tabla `matentregas`
--
ALTER TABLE `matentregas`
  ADD CONSTRAINT `matentregas_empresa_id_foreign` FOREIGN KEY (`empresa_id`) REFERENCES `empresas` (`id`),
  ADD CONSTRAINT `matentregas_ingresado_por_foreign` FOREIGN KEY (`ingresado_por`) REFERENCES `users` (`id`),
  ADD CONSTRAINT `matentregas_proyecto_id_foreign` FOREIGN KEY (`proyecto_id`) REFERENCES `proyectos` (`id`),
  ADD CONSTRAINT `matentregas_trabajador_id_foreign` FOREIGN KEY (`trabajador_id`) REFERENCES `trabajadors` (`id`);

--
-- Filtros para la tabla `matentregasitems`
--
ALTER TABLE `matentregasitems`
  ADD CONSTRAINT `matentregasitems_matentrega_id_foreign` FOREIGN KEY (`matentrega_id`) REFERENCES `matentregas` (`id`),
  ADD CONSTRAINT `matentregasitems_material_id_foreign` FOREIGN KEY (`material_id`) REFERENCES `materials` (`id`);

--
-- Filtros para la tabla `materials`
--
ALTER TABLE `materials`
  ADD CONSTRAINT `materials_catmaterial_id_foreign` FOREIGN KEY (`catmaterial_id`) REFERENCES `cat_materials` (`id`),
  ADD CONSTRAINT `materials_ingresado_por_foreign` FOREIGN KEY (`ingresado_por`) REFERENCES `users` (`id`);

--
-- Filtros para la tabla `model_has_permissions`
--
ALTER TABLE `model_has_permissions`
  ADD CONSTRAINT `model_has_permissions_permission_id_foreign` FOREIGN KEY (`permission_id`) REFERENCES `permissions` (`id`) ON DELETE CASCADE;

--
-- Filtros para la tabla `model_has_roles`
--
ALTER TABLE `model_has_roles`
  ADD CONSTRAINT `model_has_roles_role_id_foreign` FOREIGN KEY (`role_id`) REFERENCES `roles` (`id`) ON DELETE CASCADE;

--
-- Filtros para la tabla `proveedors`
--
ALTER TABLE `proveedors`
  ADD CONSTRAINT `proveedors_ingresado_por_foreign` FOREIGN KEY (`ingresado_por`) REFERENCES `users` (`id`);

--
-- Filtros para la tabla `proyectos`
--
ALTER TABLE `proyectos`
  ADD CONSTRAINT `proyectos_empresa_id_foreign` FOREIGN KEY (`empresa_id`) REFERENCES `empresas` (`id`),
  ADD CONSTRAINT `proyectos_ingresado_por_foreign` FOREIGN KEY (`ingresado_por`) REFERENCES `users` (`id`);

--
-- Filtros para la tabla `role_has_permissions`
--
ALTER TABLE `role_has_permissions`
  ADD CONSTRAINT `role_has_permissions_permission_id_foreign` FOREIGN KEY (`permission_id`) REFERENCES `permissions` (`id`) ON DELETE CASCADE,
  ADD CONSTRAINT `role_has_permissions_role_id_foreign` FOREIGN KEY (`role_id`) REFERENCES `roles` (`id`) ON DELETE CASCADE;

--
-- Filtros para la tabla `tmpconsuentregas`
--
ALTER TABLE `tmpconsuentregas`
  ADD CONSTRAINT `tmpconsuentregas_consumibles_id_foreign` FOREIGN KEY (`consumibles_id`) REFERENCES `consumibles` (`id`);

--
-- Filtros para la tabla `tmpelementregas`
--
ALTER TABLE `tmpelementregas`
  ADD CONSTRAINT `tmpelementregas_elementos_id_foreign` FOREIGN KEY (`elementos_id`) REFERENCES `elementos` (`id`);

--
-- Filtros para la tabla `tmphtaentregas`
--
ALTER TABLE `tmphtaentregas`
  ADD CONSTRAINT `tmphtaentregas_herramientas_id_foreign` FOREIGN KEY (`herramienta_id`) REFERENCES `herramientas` (`id`);

--
-- Filtros para la tabla `tmpmatentregas`
--
ALTER TABLE `tmpmatentregas`
  ADD CONSTRAINT `tmpmatentregas_materiales_id_foreign` FOREIGN KEY (`materiales_id`) REFERENCES `materials` (`id`);

--
-- Filtros para la tabla `trabajadors`
--
ALTER TABLE `trabajadors`
  ADD CONSTRAINT `trabajadors_ingresado_por_foreign` FOREIGN KEY (`ingresado_por`) REFERENCES `users` (`id`);
COMMIT;

